{"id":3012,"date":"2025-03-18T08:21:01","date_gmt":"2025-03-18T07:21:01","guid":{"rendered":"https:\/\/westfach.de\/?page_id=3012"},"modified":"2025-03-18T08:43:02","modified_gmt":"2025-03-18T07:43:02","slug":"thy-tran-pflanzenstil","status":"publish","type":"page","link":"https:\/\/westfach.de\/fr\/thy-tran-pflanzenstil\/","title":{"rendered":"Thy Tran \u2013 \u201ePflanzenStil\u201c"},"content":{"rendered":"<p><a href=\"https:\/\/westfach.de\/wp-content\/uploads\/2025\/03\/Westfach-01.jpg\"><img loading=\"lazy\" decoding=\"async\" class=\"alignnone wp-image-3013\" src=\"https:\/\/westfach.de\/wp-content\/uploads\/2025\/03\/Westfach-01-240x300.jpg\" alt=\"\" width=\"341\" height=\"426\" srcset=\"https:\/\/westfach.de\/wp-content\/uploads\/2025\/03\/Westfach-01-240x300.jpg 240w, https:\/\/westfach.de\/wp-content\/uploads\/2025\/03\/Westfach-01-820x1024.jpg 820w, https:\/\/westfach.de\/wp-content\/uploads\/2025\/03\/Westfach-01-768x960.jpg 768w, https:\/\/westfach.de\/wp-content\/uploads\/2025\/03\/Westfach-01.jpg 914w\" sizes=\"auto, (max-width: 341px) 100vw, 341px\" \/><\/a><\/p>\n<p><span style=\"font-size: large;\">Die geb\u00fcrtige Saigonerin Thy lebt seit 2018 in Leipzig und er\u00f6ffnete 2021 <a href=\"https:\/\/www.pflanzenstil.de\/\">\u201ePflanzenStil\u201c<\/a>, einen kleinen Laden f\u00fcr Pflanzen, im Leipziger Osten. Besonders stolz ist sie auf die Upcycling-Hydropflanzengl\u00e4ser, die sie gemeinsam mit ihrem Mann herstellt.<\/span><\/p>\n<p>&nbsp;<\/p>\n<p><!--more--><\/p>\n<p><a href=\"https:\/\/westfach.de\/wp-content\/uploads\/2025\/03\/Westfach-02.jpg\"><img loading=\"lazy\" decoding=\"async\" class=\"alignnone wp-image-3014\" src=\"https:\/\/westfach.de\/wp-content\/uploads\/2025\/03\/Westfach-02-300x214.jpg\" alt=\"\" width=\"478\" height=\"341\" srcset=\"https:\/\/westfach.de\/wp-content\/uploads\/2025\/03\/Westfach-02-300x214.jpg 300w, https:\/\/westfach.de\/wp-content\/uploads\/2025\/03\/Westfach-02-1024x732.jpg 1024w, https:\/\/westfach.de\/wp-content\/uploads\/2025\/03\/Westfach-02-768x549.jpg 768w, https:\/\/westfach.de\/wp-content\/uploads\/2025\/03\/Westfach-02-1536x1097.jpg 1536w, https:\/\/westfach.de\/wp-content\/uploads\/2025\/03\/Westfach-02.jpg 1600w\" sizes=\"auto, (max-width: 478px) 100vw, 478px\" \/><\/a><\/p>\n<p>&nbsp;<\/p>\n<p><span style=\"font-size: large;\">Diese werden in sorgf\u00e4ltiger Handarbeit aus alten Flaschen gefertigt und dann liebevoll bepflanzt. Jedes Pflanzenglas ist einzigartig, dekorativ und ein kleiner Beitrag f\u00fcr die Umwelt, da das Glas nicht eingeschmolzen werden muss, damit etwas Neues entsteht.<\/span><\/p>\n<p>&nbsp;<\/p>\n<p><a href=\"https:\/\/westfach.de\/wp-content\/uploads\/2025\/03\/Westfach-03.jpg\"><img loading=\"lazy\" decoding=\"async\" class=\"alignnone wp-image-3015\" src=\"https:\/\/westfach.de\/wp-content\/uploads\/2025\/03\/Westfach-03-300x169.jpg\" alt=\"\" width=\"643\" height=\"362\" srcset=\"https:\/\/westfach.de\/wp-content\/uploads\/2025\/03\/Westfach-03-300x169.jpg 300w, https:\/\/westfach.de\/wp-content\/uploads\/2025\/03\/Westfach-03-768x432.jpg 768w, https:\/\/westfach.de\/wp-content\/uploads\/2025\/03\/Westfach-03.jpg 1000w\" sizes=\"auto, (max-width: 643px) 100vw, 643px\" \/><\/a><\/p>\n<p>&nbsp;<\/p>\n<p><span style=\"font-size: large;\">Gern werden die Hydrogl\u00e4ser auch verschenkt. \u201eManchmal kommen Leute in den Laden\u201c, berichtet Thy, \u201eund fragen nach Schnittblumen. Wenn ich denen dann erkl\u00e4re, wie wenig nachhaltig das ist, sind schon viele mit einem Hydroglas und einem guten Gewissen wieder gegangen. Nicht teurer als ein Blumenstrau\u00df, daf\u00fcr ohne Pestizide und ohne gigantischen CO2-Fu\u00dfabdruck, weil nicht um die halbe Welt gereist.\u201c <\/span><\/p>\n<p>&nbsp;<\/p>\n<p><a href=\"https:\/\/westfach.de\/wp-content\/uploads\/2025\/03\/Westfach-04.jpg\"><img loading=\"lazy\" decoding=\"async\" class=\"alignnone wp-image-3016\" src=\"https:\/\/westfach.de\/wp-content\/uploads\/2025\/03\/Westfach-04-178x300.jpg\" alt=\"\" width=\"425\" height=\"716\" srcset=\"https:\/\/westfach.de\/wp-content\/uploads\/2025\/03\/Westfach-04-178x300.jpg 178w, https:\/\/westfach.de\/wp-content\/uploads\/2025\/03\/Westfach-04.jpg 563w\" sizes=\"auto, (max-width: 425px) 100vw, 425px\" \/><\/a><\/p>\n<p>&nbsp;<\/p>\n<p><span style=\"font-size: large;\">Die Gl\u00e4ser sind nicht nur h\u00fcbsch, sondern auch absolut pflegeleicht. Ca. 1X im Monat das Wasser wechseln, ein paar Tropfen D\u00fcnger rein (passende Pipettenfl\u00e4schchen gibt es auch dazu) und fertig <\/span><span style=\"font-size: large;\">. Da kann auch der Urlaub auch etwas l\u00e4nger sein, ohne Angst, den Pflanzen zu Hause geht es nicht gut. <\/span><\/p>\n<p>&nbsp;<\/p>\n<p><span style=\"font-size: large;\">F\u00fcr alle Fragen rund um die Upcycling-Hydropflanzengl\u00e4ser ist Thy auch telefonisch (015904898983) oder per Email (<a href=\"mailto:info@pflanzenstil.de\">info@pflanzenstil.de<\/a>) gern da.<\/span><\/p>\n","protected":false},"excerpt":{"rendered":"<p>Die geb\u00fcrtige Saigonerin Thy lebt seit 2018 in Leipzig und er\u00f6ffnete 2021 \u201ePflanzenStil\u201c, einen kleinen Laden f\u00fcr Pflanzen, im Leipziger Osten. Besonders stolz ist sie auf die Upcycling-Hydropflanzengl\u00e4ser, die sie gemeinsam mit ihrem Mann herstellt. &nbsp;<\/p>\n","protected":false},"author":2,"featured_media":0,"parent":0,"menu_order":0,"comment_status":"closed","ping_status":"closed","template":"","meta":{"_bbp_topic_count":0,"_bbp_reply_count":0,"_bbp_total_topic_count":0,"_bbp_total_reply_count":0,"_bbp_voice_count":0,"_bbp_anonymous_reply_count":0,"_bbp_topic_count_hidden":0,"_bbp_reply_count_hidden":0,"_bbp_forum_subforum_count":0,"_crdt_document":"","footnotes":""},"categories":[3],"tags":[],"class_list":["post-3012","page","type-page","status-publish","hentry","category-kuenstlerinnen-und-herstellerinnen"],"jetpack_sharing_enabled":true,"_links":{"self":[{"href":"https:\/\/westfach.de\/fr\/wp-json\/wp\/v2\/pages\/3012","targetHints":{"allow":["GET"]}}],"collection":[{"href":"https:\/\/westfach.de\/fr\/wp-json\/wp\/v2\/pages"}],"about":[{"href":"https:\/\/westfach.de\/fr\/wp-json\/wp\/v2\/types\/page"}],"author":[{"embeddable":true,"href":"https:\/\/westfach.de\/fr\/wp-json\/wp\/v2\/users\/2"}],"replies":[{"embeddable":true,"href":"https:\/\/westfach.de\/fr\/wp-json\/wp\/v2\/comments?post=3012"}],"version-history":[{"count":5,"href":"https:\/\/westfach.de\/fr\/wp-json\/wp\/v2\/pages\/3012\/revisions"}],"predecessor-version":[{"id":3026,"href":"https:\/\/westfach.de\/fr\/wp-json\/wp\/v2\/pages\/3012\/revisions\/3026"}],"wp:attachment":[{"href":"https:\/\/westfach.de\/fr\/wp-json\/wp\/v2\/media?parent=3012"}],"wp:term":[{"taxonomy":"category","embeddable":true,"href":"https:\/\/westfach.de\/fr\/wp-json\/wp\/v2\/categories?post=3012"},{"taxonomy":"post_tag","embeddable":true,"href":"https:\/\/westfach.de\/fr\/wp-json\/wp\/v2\/tags?post=3012"}],"curies":[{"name":"wp","href":"https:\/\/api.w.org\/{rel}","templated":true}]}}

<p><a href="https://westfach.de/wp-content/uploads/2025/03/Westfach-01.jpg"><img loading="lazy" decoding="async" class="alignnone wp-image-3013" src="https://westfach.de/wp-content/uploads/2025/03/Westfach-01-240x300.jpg" alt="" width="341" height="426" srcset="https://westfach.de/wp-content/uploads/2025/03/Westfach-01-240x300.jpg 240w, https://westfach.de/wp-content/uploads/2025/03/Westfach-01-820x1024.jpg 820w, https://westfach.de/wp-content/uploads/2025/03/Westfach-01-768x960.jpg 768w, https://westfach.de/wp-content/uploads/2025/03/Westfach-01.jpg 914w" sizes="auto, (max-width: 341px) 100vw, 341px" /></a></p>
<p><span style="font-size: large;">Die gebürtige Saigonerin Thy lebt seit 2018 in Leipzig und eröffnete 2021 <a href="https://www.pflanzenstil.de/">„PflanzenStil“</a>, einen kleinen Laden für Pflanzen, im Leipziger Osten. Besonders stolz ist sie auf die Upcycling-Hydropflanzengläser, die sie gemeinsam mit ihrem Mann herstellt.</span></p>
<p>&nbsp;</p>
<p><!--more--></p>
<p><a href="https://westfach.de/wp-content/uploads/2025/03/Westfach-02.jpg"><img loading="lazy" decoding="async" class="alignnone wp-image-3014" src="https://westfach.de/wp-content/uploads/2025/03/Westfach-02-300x214.jpg" alt="" width="478" height="341" srcset="https://westfach.de/wp-content/uploads/2025/03/Westfach-02-300x214.jpg 300w, https://westfach.de/wp-content/uploads/2025/03/Westfach-02-1024x732.jpg 1024w, https://westfach.de/wp-content/uploads/2025/03/Westfach-02-768x549.jpg 768w, https://westfach.de/wp-content/uploads/2025/03/Westfach-02-1536x1097.jpg 1536w, https://westfach.de/wp-content/uploads/2025/03/Westfach-02.jpg 1600w" sizes="auto, (max-width: 478px) 100vw, 478px" /></a></p>
<p>&nbsp;</p>
<p><span style="font-size: large;">Diese werden in sorgfältiger Handarbeit aus alten Flaschen gefertigt und dann liebevoll bepflanzt. Jedes Pflanzenglas ist einzigartig, dekorativ und ein kleiner Beitrag für die Umwelt, da das Glas nicht eingeschmolzen werden muss, damit etwas Neues entsteht.</span></p>
<p>&nbsp;</p>
<p><a href="https://westfach.de/wp-content/uploads/2025/03/Westfach-03.jpg"><img loading="lazy" decoding="async" class="alignnone wp-image-3015" src="https://westfach.de/wp-content/uploads/2025/03/Westfach-03-300x169.jpg" alt="" width="643" height="362" srcset="https://westfach.de/wp-content/uploads/2025/03/Westfach-03-300x169.jpg 300w, https://westfach.de/wp-content/uploads/2025/03/Westfach-03-768x432.jpg 768w, https://westfach.de/wp-content/uploads/2025/03/Westfach-03.jpg 1000w" sizes="auto, (max-width: 643px) 100vw, 643px" /></a></p>
<p>&nbsp;</p>
<p><span style="font-size: large;">Gern werden die Hydrogläser auch verschenkt. „Manchmal kommen Leute in den Laden“, berichtet Thy, „und fragen nach Schnittblumen. Wenn ich denen dann erkläre, wie wenig nachhaltig das ist, sind schon viele mit einem Hydroglas und einem guten Gewissen wieder gegangen. Nicht teurer als ein Blumenstrauß, dafür ohne Pestizide und ohne gigantischen CO2-Fußabdruck, weil nicht um die halbe Welt gereist.“ </span></p>
<p>&nbsp;</p>
<p><a href="https://westfach.de/wp-content/uploads/2025/03/Westfach-04.jpg"><img loading="lazy" decoding="async" class="alignnone wp-image-3016" src="https://westfach.de/wp-content/uploads/2025/03/Westfach-04-178x300.jpg" alt="" width="425" height="716" srcset="https://westfach.de/wp-content/uploads/2025/03/Westfach-04-178x300.jpg 178w, https://westfach.de/wp-content/uploads/2025/03/Westfach-04.jpg 563w" sizes="auto, (max-width: 425px) 100vw, 425px" /></a></p>
<p>&nbsp;</p>
<p><span style="font-size: large;">Die Gläser sind nicht nur hübsch, sondern auch absolut pflegeleicht. Ca. 1X im Monat das Wasser wechseln, ein paar Tropfen Dünger rein (passende Pipettenfläschchen gibt es auch dazu) und fertig </span><span style="font-size: large;">. Da kann auch der Urlaub auch etwas länger sein, ohne Angst, den Pflanzen zu Hause geht es nicht gut. </span></p>
<p>&nbsp;</p>
<p><span style="font-size: large;">Für alle Fragen rund um die Upcycling-Hydropflanzengläser ist Thy auch telefonisch (015904898983) oder per Email (<a href="mailto:info@pflanzenstil.de">info@pflanzenstil.de</a>) gern da.</span></p>

<p>Die gebürtige Saigonerin Thy lebt seit 2018 in Leipzig und eröffnete 2021 „PflanzenStil“, einen kleinen Laden für Pflanzen, im Leipziger Osten. Besonders stolz ist sie auf die Upcycling-Hydropflanzengläser, die sie gemeinsam mit ihrem Mann herstellt. &nbsp;</p>
