{"id":292,"date":"2016-04-27T11:00:20","date_gmt":"2016-04-27T09:00:20","guid":{"rendered":"https:\/\/westfach.de\/?page_id=292"},"modified":"2020-10-28T21:59:35","modified_gmt":"2020-10-28T20:59:35","slug":"sophia-neuhofer","status":"publish","type":"page","link":"https:\/\/westfach.de\/fr\/sophia-neuhofer\/","title":{"rendered":"Sophia Neuhofer"},"content":{"rendered":"<p><a href=\"https:\/\/westfach.de\/wp-content\/uploads\/2016\/04\/DSC_2992.jpg\"><img loading=\"lazy\" decoding=\"async\" class=\"alignnone size-medium wp-image-296\" src=\"https:\/\/westfach.de\/wp-content\/uploads\/2016\/04\/DSC_2992-300x200.jpg\" alt=\"DSC_2992\" width=\"300\" height=\"200\" srcset=\"https:\/\/westfach.de\/wp-content\/uploads\/2016\/04\/DSC_2992-300x200.jpg 300w, https:\/\/westfach.de\/wp-content\/uploads\/2016\/04\/DSC_2992-768x512.jpg 768w, https:\/\/westfach.de\/wp-content\/uploads\/2016\/04\/DSC_2992-1024x683.jpg 1024w, https:\/\/westfach.de\/wp-content\/uploads\/2016\/04\/DSC_2992.jpg 1600w\" sizes=\"auto, (max-width: 300px) 100vw, 300px\" \/><\/a><\/p>\n<p>\u00ab\u00a0Mon <strong>atelier de couture<\/strong> se trouve dans un grenier. C&rsquo;est l\u00e0 que je fabrique \u00e0 partir de tissus neufs et de tissus vieux, des habits pour enfants, des poufs et coussins et des petites pi\u00e8ces uniques.\u00a0\u00bb<br \/>\n<!--more--><\/p>\n<p>Sophia Neuhofer (n\u00e9e en 1988) aime coudre depuis toute petite. Apr\u00e8s avoir \u00e9t\u00e9 pendant deux ans assistante costumi\u00e8re au th\u00e9\u00e2tre \u00ab\u00a0Marienbad\u00a0\u00bb \u00e0 Fribourg elle est venu s&rsquo;installer \u00e0 Leipzig. C&rsquo;est l\u00e0 qu&rsquo;elle a commenc\u00e9 \u00e0 transformer de vieux blousons en cuir en pantalons pour enfants et appronfondi sa connaissance textile. Sa collection va de l&rsquo;upcycling \u00e0 une mode enfant pratique en passant par de petites pi\u00e8ces uniques comme des sacs, des poup\u00e9es ou coussins. Le plus important pour elle est de produire des choses agr\u00e9ables \u00e0 porter avec de belles couleurs.<\/p>\n<p><a href=\"https:\/\/westfach.de\/wp-content\/uploads\/2016\/04\/DSC_3079.jpg\"><img loading=\"lazy\" decoding=\"async\" class=\"alignnone size-medium wp-image-294\" src=\"https:\/\/westfach.de\/wp-content\/uploads\/2016\/04\/DSC_3079-300x200.jpg\" alt=\"DSC_3079\" width=\"300\" height=\"200\" srcset=\"https:\/\/westfach.de\/wp-content\/uploads\/2016\/04\/DSC_3079-300x200.jpg 300w, https:\/\/westfach.de\/wp-content\/uploads\/2016\/04\/DSC_3079-768x512.jpg 768w, https:\/\/westfach.de\/wp-content\/uploads\/2016\/04\/DSC_3079-1024x683.jpg 1024w, https:\/\/westfach.de\/wp-content\/uploads\/2016\/04\/DSC_3079.jpg 1600w\" sizes=\"auto, (max-width: 300px) 100vw, 300px\" \/><\/a><\/p>\n<p>Une jupe en restes de tissus et taille en jersey c\u00f4tel\u00e9.<\/p>\n<p><a href=\"https:\/\/westfach.de\/wp-content\/uploads\/2015\/12\/DSC_2143.jpg\"><img loading=\"lazy\" decoding=\"async\" class=\"alignnone size-medium wp-image-10\" src=\"https:\/\/westfach.de\/wp-content\/uploads\/2015\/12\/DSC_2143-300x200.jpg\" alt=\"DSC_2143\" width=\"300\" height=\"200\" srcset=\"https:\/\/westfach.de\/wp-content\/uploads\/2015\/12\/DSC_2143-300x200.jpg 300w, https:\/\/westfach.de\/wp-content\/uploads\/2015\/12\/DSC_2143-1024x683.jpg 1024w, https:\/\/westfach.de\/wp-content\/uploads\/2015\/12\/DSC_2143.jpg 1600w\" sizes=\"auto, (max-width: 300px) 100vw, 300px\" \/><\/a><\/p>\n<p>Pantalon en laine feutr\u00e9e avec applique en cuire. Agr\u00e9able, chaud et robuste pour l&rsquo;int\u00e9rieur et l&rsquo;ext\u00e9rieur.<\/p>\n","protected":false},"excerpt":{"rendered":"<p>\u00ab\u00a0Mon atelier de couture se trouve dans un grenier. C&rsquo;est l\u00e0 que je fabrique \u00e0 partir de tissus neufs et de tissus vieux, des habits pour enfants, des poufs et coussins et des petites pi\u00e8ces uniques.\u00a0\u00bb<\/p>\n","protected":false},"author":2,"featured_media":0,"parent":0,"menu_order":20,"comment_status":"closed","ping_status":"closed","template":"","meta":{"_bbp_topic_count":0,"_bbp_reply_count":0,"_bbp_total_topic_count":0,"_bbp_total_reply_count":0,"_bbp_voice_count":0,"_bbp_anonymous_reply_count":0,"_bbp_topic_count_hidden":0,"_bbp_reply_count_hidden":0,"_bbp_forum_subforum_count":0,"_crdt_document":"","footnotes":""},"categories":[3],"tags":[],"class_list":["post-292","page","type-page","status-publish","hentry","category-kuenstlerinnen-und-herstellerinnen"],"jetpack_sharing_enabled":true,"_links":{"self":[{"href":"https:\/\/westfach.de\/fr\/wp-json\/wp\/v2\/pages\/292","targetHints":{"allow":["GET"]}}],"collection":[{"href":"https:\/\/westfach.de\/fr\/wp-json\/wp\/v2\/pages"}],"about":[{"href":"https:\/\/westfach.de\/fr\/wp-json\/wp\/v2\/types\/page"}],"author":[{"embeddable":true,"href":"https:\/\/westfach.de\/fr\/wp-json\/wp\/v2\/users\/2"}],"replies":[{"embeddable":true,"href":"https:\/\/westfach.de\/fr\/wp-json\/wp\/v2\/comments?post=292"}],"version-history":[{"count":13,"href":"https:\/\/westfach.de\/fr\/wp-json\/wp\/v2\/pages\/292\/revisions"}],"predecessor-version":[{"id":2264,"href":"https:\/\/westfach.de\/fr\/wp-json\/wp\/v2\/pages\/292\/revisions\/2264"}],"wp:attachment":[{"href":"https:\/\/westfach.de\/fr\/wp-json\/wp\/v2\/media?parent=292"}],"wp:term":[{"taxonomy":"category","embeddable":true,"href":"https:\/\/westfach.de\/fr\/wp-json\/wp\/v2\/categories?post=292"},{"taxonomy":"post_tag","embeddable":true,"href":"https:\/\/westfach.de\/fr\/wp-json\/wp\/v2\/tags?post=292"}],"curies":[{"name":"wp","href":"https:\/\/api.w.org\/{rel}","templated":true}]}}

<p><a href="https://westfach.de/wp-content/uploads/2016/04/DSC_2992.jpg"><img loading="lazy" decoding="async" class="alignnone size-medium wp-image-296" src="https://westfach.de/wp-content/uploads/2016/04/DSC_2992-300x200.jpg" alt="DSC_2992" width="300" height="200" srcset="https://westfach.de/wp-content/uploads/2016/04/DSC_2992-300x200.jpg 300w, https://westfach.de/wp-content/uploads/2016/04/DSC_2992-768x512.jpg 768w, https://westfach.de/wp-content/uploads/2016/04/DSC_2992-1024x683.jpg 1024w, https://westfach.de/wp-content/uploads/2016/04/DSC_2992.jpg 1600w" sizes="auto, (max-width: 300px) 100vw, 300px" /></a></p>
<p>« Mon <strong>atelier de couture</strong> se trouve dans un grenier. C&rsquo;est là que je fabrique à partir de tissus neufs et de tissus vieux, des habits pour enfants, des poufs et coussins et des petites pièces uniques. »<br />
<!--more--></p>
<p>Sophia Neuhofer (née en 1988) aime coudre depuis toute petite. Après avoir été pendant deux ans assistante costumière au théâtre « Marienbad » à Fribourg elle est venu s&rsquo;installer à Leipzig. C&rsquo;est là qu&rsquo;elle a commencé à transformer de vieux blousons en cuir en pantalons pour enfants et appronfondi sa connaissance textile. Sa collection va de l&rsquo;upcycling à une mode enfant pratique en passant par de petites pièces uniques comme des sacs, des poupées ou coussins. Le plus important pour elle est de produire des choses agréables à porter avec de belles couleurs.</p>
<p><a href="https://westfach.de/wp-content/uploads/2016/04/DSC_3079.jpg"><img loading="lazy" decoding="async" class="alignnone size-medium wp-image-294" src="https://westfach.de/wp-content/uploads/2016/04/DSC_3079-300x200.jpg" alt="DSC_3079" width="300" height="200" srcset="https://westfach.de/wp-content/uploads/2016/04/DSC_3079-300x200.jpg 300w, https://westfach.de/wp-content/uploads/2016/04/DSC_3079-768x512.jpg 768w, https://westfach.de/wp-content/uploads/2016/04/DSC_3079-1024x683.jpg 1024w, https://westfach.de/wp-content/uploads/2016/04/DSC_3079.jpg 1600w" sizes="auto, (max-width: 300px) 100vw, 300px" /></a></p>
<p>Une jupe en restes de tissus et taille en jersey côtelé.</p>
<p><a href="https://westfach.de/wp-content/uploads/2015/12/DSC_2143.jpg"><img loading="lazy" decoding="async" class="alignnone size-medium wp-image-10" src="https://westfach.de/wp-content/uploads/2015/12/DSC_2143-300x200.jpg" alt="DSC_2143" width="300" height="200" srcset="https://westfach.de/wp-content/uploads/2015/12/DSC_2143-300x200.jpg 300w, https://westfach.de/wp-content/uploads/2015/12/DSC_2143-1024x683.jpg 1024w, https://westfach.de/wp-content/uploads/2015/12/DSC_2143.jpg 1600w" sizes="auto, (max-width: 300px) 100vw, 300px" /></a></p>
<p>Pantalon en laine feutrée avec applique en cuire. Agréable, chaud et robuste pour l&rsquo;intérieur et l&rsquo;extérieur.</p>

<p>« Mon atelier de couture se trouve dans un grenier. C&rsquo;est là que je fabrique à partir de tissus neufs et de tissus vieux, des habits pour enfants, des poufs et coussins et des petites pièces uniques. »</p>
