{"id":2321,"date":"2020-11-17T22:46:45","date_gmt":"2020-11-17T21:46:45","guid":{"rendered":"https:\/\/westfach.de\/?page_id=2321"},"modified":"2023-11-30T10:51:39","modified_gmt":"2023-11-30T09:51:39","slug":"gerlinde-ritter-linografie","status":"publish","type":"page","link":"https:\/\/westfach.de\/fr\/gerlinde-ritter-linografie\/","title":{"rendered":"Gerlinde Ritter &#8211; \u00ab\u00a0linografie\u00a0\u00bb"},"content":{"rendered":"<p><strong><a href=\"https:\/\/westfach.de\/wp-content\/uploads\/2020\/11\/1_Profilbild_GerlindeRitter_linografie.jpg\"><img loading=\"lazy\" decoding=\"async\" class=\"alignnone wp-image-2322\" src=\"https:\/\/westfach.de\/wp-content\/uploads\/2020\/11\/1_Profilbild_GerlindeRitter_linografie-300x225.jpg\" alt=\"\" width=\"364\" height=\"273\" srcset=\"https:\/\/westfach.de\/wp-content\/uploads\/2020\/11\/1_Profilbild_GerlindeRitter_linografie-300x225.jpg 300w, https:\/\/westfach.de\/wp-content\/uploads\/2020\/11\/1_Profilbild_GerlindeRitter_linografie-1024x768.jpg 1024w, https:\/\/westfach.de\/wp-content\/uploads\/2020\/11\/1_Profilbild_GerlindeRitter_linografie-768x576.jpg 768w, https:\/\/westfach.de\/wp-content\/uploads\/2020\/11\/1_Profilbild_GerlindeRitter_linografie-1536x1152.jpg 1536w, https:\/\/westfach.de\/wp-content\/uploads\/2020\/11\/1_Profilbild_GerlindeRitter_linografie.jpg 1600w\" sizes=\"auto, (max-width: 364px) 100vw, 364px\" \/><\/a><\/strong><\/p>\n<p align=\"left\"><span style=\"color: #00000a;\"><span style=\"font-family: Arial, serif;\"><span style=\"font-size: medium;\"><i>\u00ab\u00a0Soweit wie ich in meinem Leben zur\u00fcckblicken kann zeichne ich schon. <\/i><\/span><\/span><\/span><span style=\"color: #00000a;\"><span style=\"font-family: Arial, serif;\"><span style=\"font-size: medium;\"><i>Kunst ist f\u00fcr mich ein Ventil, sie bef\u00f6rdert meine innere Bilderflut nach Au\u00dfen auf Papier. <\/i><\/span><\/span><\/span><span style=\"color: #00000a;\"><span style=\"font-family: Arial, serif;\"><span style=\"font-size: medium;\"><i>Ich erinnere mich wie ich als Kind mit Zettel &#038; Stiften hinauf in B\u00e4ume geklettert bin und von dort, aus den Baumkronen heraus, die Welt beobachtet, geschrieben und gezeichnet habe.\u00a0\u00bb<\/i><\/span><\/span><\/span><\/p>\n<p align=\"left\"><!--more--><\/p>\n<p align=\"left\"><a href=\"https:\/\/westfach.de\/wp-content\/uploads\/2020\/11\/4.jpg\"><img loading=\"lazy\" decoding=\"async\" class=\"alignnone wp-image-2325\" src=\"https:\/\/westfach.de\/wp-content\/uploads\/2020\/11\/4-300x212.jpg\" alt=\"\" width=\"361\" height=\"255\" srcset=\"https:\/\/westfach.de\/wp-content\/uploads\/2020\/11\/4-300x212.jpg 300w, https:\/\/westfach.de\/wp-content\/uploads\/2020\/11\/4-1024x724.jpg 1024w, https:\/\/westfach.de\/wp-content\/uploads\/2020\/11\/4-768x543.jpg 768w, https:\/\/westfach.de\/wp-content\/uploads\/2020\/11\/4-1536x1086.jpg 1536w, https:\/\/westfach.de\/wp-content\/uploads\/2020\/11\/4.jpg 1600w\" sizes=\"auto, (max-width: 361px) 100vw, 361px\" \/><\/a><\/p>\n<p align=\"left\"><span style=\"color: #00000a;\"><span style=\"font-family: Arial, serif;\"><span style=\"font-size: medium;\">Nach einer Ausbildung zur Grafik-DesignerIn und einem darauf folgenden modularen Designstudium, mit dem selbstgew\u00e4hlten Schwerpunkt auf Buchillustration, lebt und arbeitet Gerlinde Ritter im wundersch\u00f6nen Leipzig, welches gleichzeitig Wahlheimat und Geburtsstadt f\u00fcr sie ist.<\/span><\/span><\/span><\/p>\n<p align=\"left\"><span style=\"color: #00000a;\"><span style=\"font-family: Arial, serif;\"><span style=\"font-size: medium;\"><i>\u00ab\u00a0Ich zeichne, weil es f\u00fcr mich unentbehrlich ist, ein Ausdruck meines Inneren, ein Kommunikationsmittel, ein Mittel um zu heilen und ganz zu werden, ein Ventil, ein st\u00e4ndiger Proze\u00df und Wandel.\u00a0\u00bb<\/i><\/span><\/span><\/span><\/p>\n<p align=\"left\"><a href=\"https:\/\/westfach.de\/wp-content\/uploads\/2020\/11\/2-1.jpg\"><img loading=\"lazy\" decoding=\"async\" class=\"alignnone wp-image-2323\" src=\"https:\/\/westfach.de\/wp-content\/uploads\/2020\/11\/2-1-300x225.jpg\" alt=\"\" width=\"343\" height=\"257\" srcset=\"https:\/\/westfach.de\/wp-content\/uploads\/2020\/11\/2-1-300x225.jpg 300w, https:\/\/westfach.de\/wp-content\/uploads\/2020\/11\/2-1-1024x768.jpg 1024w, https:\/\/westfach.de\/wp-content\/uploads\/2020\/11\/2-1-768x576.jpg 768w, https:\/\/westfach.de\/wp-content\/uploads\/2020\/11\/2-1-1536x1152.jpg 1536w, https:\/\/westfach.de\/wp-content\/uploads\/2020\/11\/2-1.jpg 1600w\" sizes=\"auto, (max-width: 343px) 100vw, 343px\" \/><\/a><\/p>\n<p align=\"left\"><span style=\"color: #00000a;\"><span style=\"font-family: Arial, serif;\"><span style=\"font-size: medium;\">In ihren Aquarellbildern geht es viel um Mutter Erde, um ein Leben im Zyklus der Jahreszeiten und mit den Zyklen des Mondes.<\/span><\/span><\/span><\/p>\n<p align=\"left\"><span style=\"color: #00000a;\"><span style=\"font-family: Arial, serif;\"><span style=\"font-size: medium;\"><i>\u00ab\u00a0Ich w\u00fcnsche mir aus tiefstem Herzen, dass wir als Menschheit wieder zu dieser Angebundenheit zur\u00fcckfinden, dieses Schatz wieder freilegen, ehren und bewahren. <\/i><\/span><\/span><\/span><\/p>\n<p align=\"left\"><span style=\"color: #00000a;\"><span style=\"font-family: Arial, serif;\"><span style=\"font-size: medium;\"><i>Ich m\u00f6chte der Natur durch meine Bilder eine Stimme geben, vermitteln, was es bedeutet wieder mehr in Einklang mit ihr zu leben. <\/i><\/span><\/span><\/span><\/p>\n<p align=\"left\"><span style=\"color: #00000a;\"><span style=\"font-family: Arial, serif;\"><span style=\"font-size: medium;\"><i>Allein eine Stunde im Wald steigert das Immunsystem um fast das Doppelte. Der Waldgang aktiviert unter anderem unseren Parasympathikus was sich auf unsere innere Ruhe und Ausgeglichenheit auswirkt und l\u00e4sst unser gesamtes Nervensytsem regenerieren.\u00a0\u00bb<\/i><\/span><\/span><\/span><\/p>\n<p align=\"left\"><a href=\"https:\/\/westfach.de\/wp-content\/uploads\/2020\/11\/5.jpg\"><img loading=\"lazy\" decoding=\"async\" class=\"alignnone wp-image-2326\" src=\"https:\/\/westfach.de\/wp-content\/uploads\/2020\/11\/5-300x212.jpg\" alt=\"\" width=\"359\" height=\"254\" srcset=\"https:\/\/westfach.de\/wp-content\/uploads\/2020\/11\/5-300x212.jpg 300w, https:\/\/westfach.de\/wp-content\/uploads\/2020\/11\/5-1024x724.jpg 1024w, https:\/\/westfach.de\/wp-content\/uploads\/2020\/11\/5-768x543.jpg 768w, https:\/\/westfach.de\/wp-content\/uploads\/2020\/11\/5-1536x1086.jpg 1536w, https:\/\/westfach.de\/wp-content\/uploads\/2020\/11\/5.jpg 1600w\" sizes=\"auto, (max-width: 359px) 100vw, 359px\" \/><\/a><\/p>\n<p align=\"left\"><span style=\"color: #00000a;\"><span style=\"font-family: Arial, serif;\"><span style=\"font-size: medium;\">Im Laden gibt es eine gro\u00dfe Auswahl an Postkarten und Kunstdrucken in verschiedenen Gr\u00f6\u00dfen sowie einen Jahreskalender.<\/span><\/span><\/span><\/p>\n<p align=\"left\"><span style=\"color: #00000a;\"><span style=\"font-family: Arial, serif;\"><span style=\"font-size: medium;\">Alle ihre Drucke sind auf Naturpapier in einer Leipziger Druckerei produziert und der Jahreskalender ist, der Umwelt zu Liebe, aus 100% Recyclinpapier hergestellt. <\/span><\/span><\/span><\/p>\n<p align=\"left\"><a href=\"https:\/\/westfach.de\/wp-content\/uploads\/2020\/11\/3.jpg\"><img loading=\"lazy\" decoding=\"async\" class=\"alignnone wp-image-2324\" src=\"https:\/\/westfach.de\/wp-content\/uploads\/2020\/11\/3-300x212.jpg\" alt=\"\" width=\"357\" height=\"252\" srcset=\"https:\/\/westfach.de\/wp-content\/uploads\/2020\/11\/3-300x212.jpg 300w, https:\/\/westfach.de\/wp-content\/uploads\/2020\/11\/3-1024x724.jpg 1024w, https:\/\/westfach.de\/wp-content\/uploads\/2020\/11\/3-768x543.jpg 768w, https:\/\/westfach.de\/wp-content\/uploads\/2020\/11\/3-1536x1086.jpg 1536w, https:\/\/westfach.de\/wp-content\/uploads\/2020\/11\/3.jpg 1600w\" sizes=\"auto, (max-width: 357px) 100vw, 357px\" \/><\/a><\/p>\n<p align=\"left\"><span style=\"color: #00000a;\"><span style=\"font-family: Arial, serif;\"><span style=\"font-size: medium;\">Wenn ihr mehr \u00fcber Gerlinde Ritter und ihr kleines Label \u00ab\u00a0linografie\u00a0\u00bb erfahren m\u00f6gt und vielleicht sogar ein Orginalwerk erstehen wollt schaut doch mal hier vorbei: <\/span><\/span><\/span><\/p>\n<p align=\"left\"><span style=\"color: #00000a;\"><span style=\"font-family: Arial, serif;\"><span style=\"font-size: small;\"> Links:<\/span><\/span><\/span><\/p>\n<p align=\"left\"><span style=\"color: #00000a;\"><span style=\"font-family: Arial, serif;\"><span style=\"font-size: small;\"><a href=\"https:\/\/www.etsy.com\/de\/shop\/linografie\"> https:\/\/www.etsy.com\/de\/shop\/linografie<\/a><br \/>\n<\/span><\/span><\/span><\/p>\n<p align=\"left\"><span style=\"color: #00000a;\"><span style=\"font-family: Arial, serif;\"><span style=\"font-size: small;\"> die K\u00fcnstlerplattform <a href=\"https:\/\/xn--deinelieblingsknstler-nic.com\/linografie\/\">\u00ab\u00a0Deine Lieblingsk\u00fcnstler Leipzig\u00a0\u00bb:<\/a><\/span><\/span><\/span><\/p>\n<p align=\"left\"><span style=\"color: #0000ff;\"><span style=\"font-family: Arial, serif;\"><span style=\"font-size: small;\"><u>w<a href=\"http:\/\/www.instagram.com\/linografie\/\">ww.instagram.com\/linografie\/<\/a><\/u><\/span><\/span><\/span><u><\/u><\/p>\n<p align=\"left\"><span style=\"color: #00000a;\"><span style=\"font-family: Arial, serif;\"><span style=\"font-size: small;\">E- Mail: linografie@gmail.com<\/span><\/span><\/span><\/p>\n<p align=\"left\">Photographie:<\/p>\n<p align=\"left\">Waldfotos <i><b>\u00a9Josephine Wolf \/ Instagram @ josephine_wo\u00a0<\/b><\/i><\/p>\n<p align=\"left\">Atelierbilder <i><b>\u00a9Franz Gustrau \/ Instagram @ littlebitofparadieslost<br \/>\n<\/b><\/i><\/p>\n<p align=\"left\">\n","protected":false},"excerpt":{"rendered":"<p>\u00ab\u00a0Soweit wie ich in meinem Leben zur\u00fcckblicken kann zeichne ich schon. Kunst ist f\u00fcr mich ein Ventil, sie bef\u00f6rdert meine innere Bilderflut nach Au\u00dfen auf Papier. Ich erinnere mich wie ich als Kind mit Zettel &#038; Stiften hinauf in B\u00e4ume geklettert bin und von dort, aus den Baumkronen heraus, die Welt beobachtet, geschrieben und gezeichnet &hellip; <a href=\"https:\/\/westfach.de\/fr\/gerlinde-ritter-linografie\/\" class=\"more-link\">Continuer la lecture de <span class=\"screen-reader-text\">Gerlinde Ritter &#8211; \u00ab\u00a0linografie\u00a0\u00bb<\/span><\/a><\/p>\n","protected":false},"author":2,"featured_media":0,"parent":0,"menu_order":0,"comment_status":"closed","ping_status":"closed","template":"","meta":{"_bbp_topic_count":0,"_bbp_reply_count":0,"_bbp_total_topic_count":0,"_bbp_total_reply_count":0,"_bbp_voice_count":0,"_bbp_anonymous_reply_count":0,"_bbp_topic_count_hidden":0,"_bbp_reply_count_hidden":0,"_bbp_forum_subforum_count":0,"_crdt_document":"","footnotes":""},"categories":[3],"tags":[232,231,227,92,226,229,230,228],"class_list":["post-2321","page","type-page","status-publish","hentry","category-kuenstlerinnen-und-herstellerinnen","tag-aquarell","tag-drucke","tag-gerlinde","tag-grafik","tag-linografie","tag-natur","tag-postkarten","tag-ritter"],"jetpack_sharing_enabled":true,"_links":{"self":[{"href":"https:\/\/westfach.de\/fr\/wp-json\/wp\/v2\/pages\/2321","targetHints":{"allow":["GET"]}}],"collection":[{"href":"https:\/\/westfach.de\/fr\/wp-json\/wp\/v2\/pages"}],"about":[{"href":"https:\/\/westfach.de\/fr\/wp-json\/wp\/v2\/types\/page"}],"author":[{"embeddable":true,"href":"https:\/\/westfach.de\/fr\/wp-json\/wp\/v2\/users\/2"}],"replies":[{"embeddable":true,"href":"https:\/\/westfach.de\/fr\/wp-json\/wp\/v2\/comments?post=2321"}],"version-history":[{"count":3,"href":"https:\/\/westfach.de\/fr\/wp-json\/wp\/v2\/pages\/2321\/revisions"}],"predecessor-version":[{"id":2808,"href":"https:\/\/westfach.de\/fr\/wp-json\/wp\/v2\/pages\/2321\/revisions\/2808"}],"wp:attachment":[{"href":"https:\/\/westfach.de\/fr\/wp-json\/wp\/v2\/media?parent=2321"}],"wp:term":[{"taxonomy":"category","embeddable":true,"href":"https:\/\/westfach.de\/fr\/wp-json\/wp\/v2\/categories?post=2321"},{"taxonomy":"post_tag","embeddable":true,"href":"https:\/\/westfach.de\/fr\/wp-json\/wp\/v2\/tags?post=2321"}],"curies":[{"name":"wp","href":"https:\/\/api.w.org\/{rel}","templated":true}]}}

<p><strong><a href="https://westfach.de/wp-content/uploads/2020/11/1_Profilbild_GerlindeRitter_linografie.jpg"><img loading="lazy" decoding="async" class="alignnone wp-image-2322" src="https://westfach.de/wp-content/uploads/2020/11/1_Profilbild_GerlindeRitter_linografie-300x225.jpg" alt="" width="364" height="273" srcset="https://westfach.de/wp-content/uploads/2020/11/1_Profilbild_GerlindeRitter_linografie-300x225.jpg 300w, https://westfach.de/wp-content/uploads/2020/11/1_Profilbild_GerlindeRitter_linografie-1024x768.jpg 1024w, https://westfach.de/wp-content/uploads/2020/11/1_Profilbild_GerlindeRitter_linografie-768x576.jpg 768w, https://westfach.de/wp-content/uploads/2020/11/1_Profilbild_GerlindeRitter_linografie-1536x1152.jpg 1536w, https://westfach.de/wp-content/uploads/2020/11/1_Profilbild_GerlindeRitter_linografie.jpg 1600w" sizes="auto, (max-width: 364px) 100vw, 364px" /></a></strong></p>
<p align="left"><span style="color: #00000a;"><span style="font-family: Arial, serif;"><span style="font-size: medium;"><i>« Soweit wie ich in meinem Leben zurückblicken kann zeichne ich schon. </i></span></span></span><span style="color: #00000a;"><span style="font-family: Arial, serif;"><span style="font-size: medium;"><i>Kunst ist für mich ein Ventil, sie befördert meine innere Bilderflut nach Außen auf Papier. </i></span></span></span><span style="color: #00000a;"><span style="font-family: Arial, serif;"><span style="font-size: medium;"><i>Ich erinnere mich wie ich als Kind mit Zettel &#038; Stiften hinauf in Bäume geklettert bin und von dort, aus den Baumkronen heraus, die Welt beobachtet, geschrieben und gezeichnet habe. »</i></span></span></span></p>
<p align="left"><!--more--></p>
<p align="left"><a href="https://westfach.de/wp-content/uploads/2020/11/4.jpg"><img loading="lazy" decoding="async" class="alignnone wp-image-2325" src="https://westfach.de/wp-content/uploads/2020/11/4-300x212.jpg" alt="" width="361" height="255" srcset="https://westfach.de/wp-content/uploads/2020/11/4-300x212.jpg 300w, https://westfach.de/wp-content/uploads/2020/11/4-1024x724.jpg 1024w, https://westfach.de/wp-content/uploads/2020/11/4-768x543.jpg 768w, https://westfach.de/wp-content/uploads/2020/11/4-1536x1086.jpg 1536w, https://westfach.de/wp-content/uploads/2020/11/4.jpg 1600w" sizes="auto, (max-width: 361px) 100vw, 361px" /></a></p>
<p align="left"><span style="color: #00000a;"><span style="font-family: Arial, serif;"><span style="font-size: medium;">Nach einer Ausbildung zur Grafik-DesignerIn und einem darauf folgenden modularen Designstudium, mit dem selbstgewählten Schwerpunkt auf Buchillustration, lebt und arbeitet Gerlinde Ritter im wunderschönen Leipzig, welches gleichzeitig Wahlheimat und Geburtsstadt für sie ist.</span></span></span></p>
<p align="left"><span style="color: #00000a;"><span style="font-family: Arial, serif;"><span style="font-size: medium;"><i>« Ich zeichne, weil es für mich unentbehrlich ist, ein Ausdruck meines Inneren, ein Kommunikationsmittel, ein Mittel um zu heilen und ganz zu werden, ein Ventil, ein ständiger Prozeß und Wandel. »</i></span></span></span></p>
<p align="left"><a href="https://westfach.de/wp-content/uploads/2020/11/2-1.jpg"><img loading="lazy" decoding="async" class="alignnone wp-image-2323" src="https://westfach.de/wp-content/uploads/2020/11/2-1-300x225.jpg" alt="" width="343" height="257" srcset="https://westfach.de/wp-content/uploads/2020/11/2-1-300x225.jpg 300w, https://westfach.de/wp-content/uploads/2020/11/2-1-1024x768.jpg 1024w, https://westfach.de/wp-content/uploads/2020/11/2-1-768x576.jpg 768w, https://westfach.de/wp-content/uploads/2020/11/2-1-1536x1152.jpg 1536w, https://westfach.de/wp-content/uploads/2020/11/2-1.jpg 1600w" sizes="auto, (max-width: 343px) 100vw, 343px" /></a></p>
<p align="left"><span style="color: #00000a;"><span style="font-family: Arial, serif;"><span style="font-size: medium;">In ihren Aquarellbildern geht es viel um Mutter Erde, um ein Leben im Zyklus der Jahreszeiten und mit den Zyklen des Mondes.</span></span></span></p>
<p align="left"><span style="color: #00000a;"><span style="font-family: Arial, serif;"><span style="font-size: medium;"><i>« Ich wünsche mir aus tiefstem Herzen, dass wir als Menschheit wieder zu dieser Angebundenheit zurückfinden, dieses Schatz wieder freilegen, ehren und bewahren. </i></span></span></span></p>
<p align="left"><span style="color: #00000a;"><span style="font-family: Arial, serif;"><span style="font-size: medium;"><i>Ich möchte der Natur durch meine Bilder eine Stimme geben, vermitteln, was es bedeutet wieder mehr in Einklang mit ihr zu leben. </i></span></span></span></p>
<p align="left"><span style="color: #00000a;"><span style="font-family: Arial, serif;"><span style="font-size: medium;"><i>Allein eine Stunde im Wald steigert das Immunsystem um fast das Doppelte. Der Waldgang aktiviert unter anderem unseren Parasympathikus was sich auf unsere innere Ruhe und Ausgeglichenheit auswirkt und lässt unser gesamtes Nervensytsem regenerieren. »</i></span></span></span></p>
<p align="left"><a href="https://westfach.de/wp-content/uploads/2020/11/5.jpg"><img loading="lazy" decoding="async" class="alignnone wp-image-2326" src="https://westfach.de/wp-content/uploads/2020/11/5-300x212.jpg" alt="" width="359" height="254" srcset="https://westfach.de/wp-content/uploads/2020/11/5-300x212.jpg 300w, https://westfach.de/wp-content/uploads/2020/11/5-1024x724.jpg 1024w, https://westfach.de/wp-content/uploads/2020/11/5-768x543.jpg 768w, https://westfach.de/wp-content/uploads/2020/11/5-1536x1086.jpg 1536w, https://westfach.de/wp-content/uploads/2020/11/5.jpg 1600w" sizes="auto, (max-width: 359px) 100vw, 359px" /></a></p>
<p align="left"><span style="color: #00000a;"><span style="font-family: Arial, serif;"><span style="font-size: medium;">Im Laden gibt es eine große Auswahl an Postkarten und Kunstdrucken in verschiedenen Größen sowie einen Jahreskalender.</span></span></span></p>
<p align="left"><span style="color: #00000a;"><span style="font-family: Arial, serif;"><span style="font-size: medium;">Alle ihre Drucke sind auf Naturpapier in einer Leipziger Druckerei produziert und der Jahreskalender ist, der Umwelt zu Liebe, aus 100% Recyclinpapier hergestellt. </span></span></span></p>
<p align="left"><a href="https://westfach.de/wp-content/uploads/2020/11/3.jpg"><img loading="lazy" decoding="async" class="alignnone wp-image-2324" src="https://westfach.de/wp-content/uploads/2020/11/3-300x212.jpg" alt="" width="357" height="252" srcset="https://westfach.de/wp-content/uploads/2020/11/3-300x212.jpg 300w, https://westfach.de/wp-content/uploads/2020/11/3-1024x724.jpg 1024w, https://westfach.de/wp-content/uploads/2020/11/3-768x543.jpg 768w, https://westfach.de/wp-content/uploads/2020/11/3-1536x1086.jpg 1536w, https://westfach.de/wp-content/uploads/2020/11/3.jpg 1600w" sizes="auto, (max-width: 357px) 100vw, 357px" /></a></p>
<p align="left"><span style="color: #00000a;"><span style="font-family: Arial, serif;"><span style="font-size: medium;">Wenn ihr mehr über Gerlinde Ritter und ihr kleines Label « linografie » erfahren mögt und vielleicht sogar ein Orginalwerk erstehen wollt schaut doch mal hier vorbei: </span></span></span></p>
<p align="left"><span style="color: #00000a;"><span style="font-family: Arial, serif;"><span style="font-size: small;"> Links:</span></span></span></p>
<p align="left"><span style="color: #00000a;"><span style="font-family: Arial, serif;"><span style="font-size: small;"><a href="https://www.etsy.com/de/shop/linografie"> https://www.etsy.com/de/shop/linografie</a><br />
</span></span></span></p>
<p align="left"><span style="color: #00000a;"><span style="font-family: Arial, serif;"><span style="font-size: small;"> die Künstlerplattform <a href="https://xn--deinelieblingsknstler-nic.com/linografie/">« Deine Lieblingskünstler Leipzig »:</a></span></span></span></p>
<p align="left"><span style="color: #0000ff;"><span style="font-family: Arial, serif;"><span style="font-size: small;"><u>w<a href="http://www.instagram.com/linografie/">ww.instagram.com/linografie/</a></u></span></span></span><u></u></p>
<p align="left"><span style="color: #00000a;"><span style="font-family: Arial, serif;"><span style="font-size: small;">E- Mail: linografie@gmail.com</span></span></span></p>
<p align="left">Photographie:</p>
<p align="left">Waldfotos <i><b>©Josephine Wolf / Instagram @ josephine_wo </b></i></p>
<p align="left">Atelierbilder <i><b>©Franz Gustrau / Instagram @ littlebitofparadieslost<br />
</b></i></p>
<p align="left">

<p>« Soweit wie ich in meinem Leben zurückblicken kann zeichne ich schon. Kunst ist für mich ein Ventil, sie befördert meine innere Bilderflut nach Außen auf Papier. Ich erinnere mich wie ich als Kind mit Zettel &#038; Stiften hinauf in Bäume geklettert bin und von dort, aus den Baumkronen heraus, die Welt beobachtet, geschrieben und gezeichnet &hellip; <a href="https://westfach.de/fr/gerlinde-ritter-linografie/" class="more-link">Continuer la lecture de <span class="screen-reader-text">Gerlinde Ritter &#8211; « linografie »</span></a></p>
