{"id":2318,"date":"2020-11-09T22:37:46","date_gmt":"2020-11-09T21:37:46","guid":{"rendered":"https:\/\/westfach.de\/?page_id=2318"},"modified":"2020-11-09T22:37:46","modified_gmt":"2020-11-09T21:37:46","slug":"%e2%99%a5rotyve%e2%99%a5","status":"publish","type":"page","link":"https:\/\/westfach.de\/fr\/%e2%99%a5rotyve%e2%99%a5\/","title":{"rendered":"&#x2665;RotYve&#x2665;"},"content":{"rendered":"<p><a href=\"https:\/\/westfach.de\/wp-content\/uploads\/2020\/11\/12.jpg\"><img loading=\"lazy\" decoding=\"async\" class=\"alignnone  wp-image-2313\" src=\"https:\/\/westfach.de\/wp-content\/uploads\/2020\/11\/12-300x225.jpg\" alt=\"\" width=\"337\" height=\"253\" srcset=\"https:\/\/westfach.de\/wp-content\/uploads\/2020\/11\/12-300x225.jpg 300w, https:\/\/westfach.de\/wp-content\/uploads\/2020\/11\/12-1024x768.jpg 1024w, https:\/\/westfach.de\/wp-content\/uploads\/2020\/11\/12-768x576.jpg 768w, https:\/\/westfach.de\/wp-content\/uploads\/2020\/11\/12-1536x1152.jpg 1536w, https:\/\/westfach.de\/wp-content\/uploads\/2020\/11\/12.jpg 1600w\" sizes=\"auto, (max-width: 337px) 100vw, 337px\" \/><\/a><\/p>\n<p>&#x2665;RotYve&#x2665; ist ein leipziger Modelabel, dass alle Kleidungsst\u00fccke in Kleinstserien im Hinterhaus der L\u00fctzner Str. 29, \u00fcber dem Neuen Schauspiel Leipzig, individuell handfertig. Seit Dezember arbeitet Yve unter der neuen Linie: &#x2665;Regina-Maria&#x2665;. <a href=\"https:\/\/www.rotyve.de\/\">(www.regina-maria.de)<\/a><\/p>\n<p><!--more--><\/p>\n<p><a href=\"https:\/\/westfach.de\/wp-content\/uploads\/2020\/11\/16.jpg\"><img loading=\"lazy\" decoding=\"async\" class=\"alignnone  wp-image-2314\" src=\"https:\/\/westfach.de\/wp-content\/uploads\/2020\/11\/16-300x225.jpg\" alt=\"\" width=\"348\" height=\"261\" srcset=\"https:\/\/westfach.de\/wp-content\/uploads\/2020\/11\/16-300x225.jpg 300w, https:\/\/westfach.de\/wp-content\/uploads\/2020\/11\/16-1024x768.jpg 1024w, https:\/\/westfach.de\/wp-content\/uploads\/2020\/11\/16-768x576.jpg 768w, https:\/\/westfach.de\/wp-content\/uploads\/2020\/11\/16-1536x1152.jpg 1536w, https:\/\/westfach.de\/wp-content\/uploads\/2020\/11\/16.jpg 1600w\" sizes=\"auto, (max-width: 348px) 100vw, 348px\" \/><\/a><\/p>\n<p>Die Designerin und Kleinunternehmerin Yve hat das Handwerk zur Schneiderin gelernt, bevor sie ein Architekturstudium absolvierte und abschloss. Die Liebe zum Design und zum Handwerk hat sie zur\u00fcck zur ihrer Leidenschaft gef\u00fchrt.<\/p>\n<p><a href=\"https:\/\/westfach.de\/wp-content\/uploads\/2020\/11\/2.jpg\"><img loading=\"lazy\" decoding=\"async\" class=\"alignnone  wp-image-2312\" src=\"https:\/\/westfach.de\/wp-content\/uploads\/2020\/11\/2-300x225.jpg\" alt=\"\" width=\"355\" height=\"266\" srcset=\"https:\/\/westfach.de\/wp-content\/uploads\/2020\/11\/2-300x225.jpg 300w, https:\/\/westfach.de\/wp-content\/uploads\/2020\/11\/2-1024x768.jpg 1024w, https:\/\/westfach.de\/wp-content\/uploads\/2020\/11\/2-768x576.jpg 768w, https:\/\/westfach.de\/wp-content\/uploads\/2020\/11\/2-1536x1152.jpg 1536w, https:\/\/westfach.de\/wp-content\/uploads\/2020\/11\/2.jpg 1600w\" sizes=\"auto, (max-width: 355px) 100vw, 355px\" \/><\/a><\/p>\n<p class=\"western\">Seit 2011 entwirft und produziert sie bevorzugt vegane Mode. Ihre Stoffe und schnitte sind bequem, praktisch und edel. F\u00fcr nur 89Euro wird dein Lieblingskleid nach deinen W\u00fcnschen in 1-2 Tagen gefertigt. Termine nach Absprache.<\/p>\n<p><a href=\"https:\/\/westfach.de\/wp-content\/uploads\/2020\/11\/1.jpg\"><img loading=\"lazy\" decoding=\"async\" class=\"alignnone  wp-image-2316\" src=\"https:\/\/westfach.de\/wp-content\/uploads\/2020\/11\/1-300x225.jpg\" alt=\"\" width=\"368\" height=\"276\" srcset=\"https:\/\/westfach.de\/wp-content\/uploads\/2020\/11\/1-300x225.jpg 300w, https:\/\/westfach.de\/wp-content\/uploads\/2020\/11\/1-1024x768.jpg 1024w, https:\/\/westfach.de\/wp-content\/uploads\/2020\/11\/1-768x576.jpg 768w, https:\/\/westfach.de\/wp-content\/uploads\/2020\/11\/1-1536x1152.jpg 1536w, https:\/\/westfach.de\/wp-content\/uploads\/2020\/11\/1.jpg 1600w\" sizes=\"auto, (max-width: 368px) 100vw, 368px\" \/><\/a><\/p>\n<p class=\"western\">Kleidung f\u00fcr Beruf und Freizeit und jedes kleine Abenteuer, das dir das Leben bereitet.<\/p>\n","protected":false},"excerpt":{"rendered":"<p>&#x2665;RotYve&#x2665; ist ein leipziger Modelabel, dass alle Kleidungsst\u00fccke in Kleinstserien im Hinterhaus der L\u00fctzner Str. 29, \u00fcber dem Neuen Schauspiel Leipzig, individuell handfertig. Seit Dezember arbeitet Yve unter der neuen Linie: &#x2665;Regina-Maria&#x2665;. (www.regina-maria.de)<\/p>\n","protected":false},"author":2,"featured_media":0,"parent":0,"menu_order":0,"comment_status":"closed","ping_status":"closed","template":"","meta":{"_bbp_topic_count":0,"_bbp_reply_count":0,"_bbp_total_topic_count":0,"_bbp_total_reply_count":0,"_bbp_voice_count":0,"_bbp_anonymous_reply_count":0,"_bbp_topic_count_hidden":0,"_bbp_reply_count_hidden":0,"_bbp_forum_subforum_count":0,"_crdt_document":"","footnotes":""},"categories":[3],"tags":[127,224,177,196,98,225,222,223],"class_list":["post-2318","page","type-page","status-publish","hentry","category-kuenstlerinnen-und-herstellerinnen","tag-design","tag-fair","tag-handwerk","tag-kleidung","tag-leipzig","tag-modelabel","tag-rot","tag-yve"],"jetpack_sharing_enabled":true,"_links":{"self":[{"href":"https:\/\/westfach.de\/fr\/wp-json\/wp\/v2\/pages\/2318","targetHints":{"allow":["GET"]}}],"collection":[{"href":"https:\/\/westfach.de\/fr\/wp-json\/wp\/v2\/pages"}],"about":[{"href":"https:\/\/westfach.de\/fr\/wp-json\/wp\/v2\/types\/page"}],"author":[{"embeddable":true,"href":"https:\/\/westfach.de\/fr\/wp-json\/wp\/v2\/users\/2"}],"replies":[{"embeddable":true,"href":"https:\/\/westfach.de\/fr\/wp-json\/wp\/v2\/comments?post=2318"}],"version-history":[{"count":1,"href":"https:\/\/westfach.de\/fr\/wp-json\/wp\/v2\/pages\/2318\/revisions"}],"predecessor-version":[{"id":2319,"href":"https:\/\/westfach.de\/fr\/wp-json\/wp\/v2\/pages\/2318\/revisions\/2319"}],"wp:attachment":[{"href":"https:\/\/westfach.de\/fr\/wp-json\/wp\/v2\/media?parent=2318"}],"wp:term":[{"taxonomy":"category","embeddable":true,"href":"https:\/\/westfach.de\/fr\/wp-json\/wp\/v2\/categories?post=2318"},{"taxonomy":"post_tag","embeddable":true,"href":"https:\/\/westfach.de\/fr\/wp-json\/wp\/v2\/tags?post=2318"}],"curies":[{"name":"wp","href":"https:\/\/api.w.org\/{rel}","templated":true}]}}

<p><a href="https://westfach.de/wp-content/uploads/2020/11/12.jpg"><img loading="lazy" decoding="async" class="alignnone  wp-image-2313" src="https://westfach.de/wp-content/uploads/2020/11/12-300x225.jpg" alt="" width="337" height="253" srcset="https://westfach.de/wp-content/uploads/2020/11/12-300x225.jpg 300w, https://westfach.de/wp-content/uploads/2020/11/12-1024x768.jpg 1024w, https://westfach.de/wp-content/uploads/2020/11/12-768x576.jpg 768w, https://westfach.de/wp-content/uploads/2020/11/12-1536x1152.jpg 1536w, https://westfach.de/wp-content/uploads/2020/11/12.jpg 1600w" sizes="auto, (max-width: 337px) 100vw, 337px" /></a></p>
<p>&#x2665;RotYve&#x2665; ist ein leipziger Modelabel, dass alle Kleidungsstücke in Kleinstserien im Hinterhaus der Lützner Str. 29, über dem Neuen Schauspiel Leipzig, individuell handfertig. Seit Dezember arbeitet Yve unter der neuen Linie: &#x2665;Regina-Maria&#x2665;. <a href="https://www.rotyve.de/">(www.regina-maria.de)</a></p>
<p><!--more--></p>
<p><a href="https://westfach.de/wp-content/uploads/2020/11/16.jpg"><img loading="lazy" decoding="async" class="alignnone  wp-image-2314" src="https://westfach.de/wp-content/uploads/2020/11/16-300x225.jpg" alt="" width="348" height="261" srcset="https://westfach.de/wp-content/uploads/2020/11/16-300x225.jpg 300w, https://westfach.de/wp-content/uploads/2020/11/16-1024x768.jpg 1024w, https://westfach.de/wp-content/uploads/2020/11/16-768x576.jpg 768w, https://westfach.de/wp-content/uploads/2020/11/16-1536x1152.jpg 1536w, https://westfach.de/wp-content/uploads/2020/11/16.jpg 1600w" sizes="auto, (max-width: 348px) 100vw, 348px" /></a></p>
<p>Die Designerin und Kleinunternehmerin Yve hat das Handwerk zur Schneiderin gelernt, bevor sie ein Architekturstudium absolvierte und abschloss. Die Liebe zum Design und zum Handwerk hat sie zurück zur ihrer Leidenschaft geführt.</p>
<p><a href="https://westfach.de/wp-content/uploads/2020/11/2.jpg"><img loading="lazy" decoding="async" class="alignnone  wp-image-2312" src="https://westfach.de/wp-content/uploads/2020/11/2-300x225.jpg" alt="" width="355" height="266" srcset="https://westfach.de/wp-content/uploads/2020/11/2-300x225.jpg 300w, https://westfach.de/wp-content/uploads/2020/11/2-1024x768.jpg 1024w, https://westfach.de/wp-content/uploads/2020/11/2-768x576.jpg 768w, https://westfach.de/wp-content/uploads/2020/11/2-1536x1152.jpg 1536w, https://westfach.de/wp-content/uploads/2020/11/2.jpg 1600w" sizes="auto, (max-width: 355px) 100vw, 355px" /></a></p>
<p class="western">Seit 2011 entwirft und produziert sie bevorzugt vegane Mode. Ihre Stoffe und schnitte sind bequem, praktisch und edel. Für nur 89Euro wird dein Lieblingskleid nach deinen Wünschen in 1-2 Tagen gefertigt. Termine nach Absprache.</p>
<p><a href="https://westfach.de/wp-content/uploads/2020/11/1.jpg"><img loading="lazy" decoding="async" class="alignnone  wp-image-2316" src="https://westfach.de/wp-content/uploads/2020/11/1-300x225.jpg" alt="" width="368" height="276" srcset="https://westfach.de/wp-content/uploads/2020/11/1-300x225.jpg 300w, https://westfach.de/wp-content/uploads/2020/11/1-1024x768.jpg 1024w, https://westfach.de/wp-content/uploads/2020/11/1-768x576.jpg 768w, https://westfach.de/wp-content/uploads/2020/11/1-1536x1152.jpg 1536w, https://westfach.de/wp-content/uploads/2020/11/1.jpg 1600w" sizes="auto, (max-width: 368px) 100vw, 368px" /></a></p>
<p class="western">Kleidung für Beruf und Freizeit und jedes kleine Abenteuer, das dir das Leben bereitet.</p>

<p>&#x2665;RotYve&#x2665; ist ein leipziger Modelabel, dass alle Kleidungsstücke in Kleinstserien im Hinterhaus der Lützner Str. 29, über dem Neuen Schauspiel Leipzig, individuell handfertig. Seit Dezember arbeitet Yve unter der neuen Linie: &#x2665;Regina-Maria&#x2665;. (www.regina-maria.de)</p>
