{"id":2297,"date":"2020-11-04T13:08:10","date_gmt":"2020-11-04T12:08:10","guid":{"rendered":"https:\/\/westfach.de\/?page_id=2297"},"modified":"2020-11-04T13:08:10","modified_gmt":"2020-11-04T12:08:10","slug":"johannes-nitzschke-zukleinholz","status":"publish","type":"page","link":"https:\/\/westfach.de\/fr\/johannes-nitzschke-zukleinholz\/","title":{"rendered":"Johannes Nitzschke &#8211; \u00ab\u00a0ZUKLEINHOLZ\u00a0\u00bb"},"content":{"rendered":"<p><a href=\"https:\/\/westfach.de\/wp-content\/uploads\/2020\/11\/Bild1-.jpg\"><img loading=\"lazy\" decoding=\"async\" class=\"alignnone  wp-image-2287\" src=\"https:\/\/westfach.de\/wp-content\/uploads\/2020\/11\/Bild1--300x200.jpg\" alt=\"\" width=\"326\" height=\"217\" srcset=\"https:\/\/westfach.de\/wp-content\/uploads\/2020\/11\/Bild1--300x200.jpg 300w, https:\/\/westfach.de\/wp-content\/uploads\/2020\/11\/Bild1--1024x682.jpg 1024w, https:\/\/westfach.de\/wp-content\/uploads\/2020\/11\/Bild1--768x512.jpg 768w, https:\/\/westfach.de\/wp-content\/uploads\/2020\/11\/Bild1--1536x1024.jpg 1536w, https:\/\/westfach.de\/wp-content\/uploads\/2020\/11\/Bild1-.jpg 2000w\" sizes=\"auto, (max-width: 326px) 100vw, 326px\" \/><\/a><\/p>\n<p>In seiner Werkstatt <span class=\"color-secondary\">verwandelt Johannes Nitzschke altes Holz aus Tischlereien sowie auch h\u00f6lzerne Reste, wie alte Dielenb\u00f6den, Fensterrahmen oder andere Fundst\u00fccke in individuellen Gegenst\u00e4nde. Im WestFach finden Sie eine Auswahl individueller Bilderrahmen, aus H\u00f6lzern wie Pflaume, Kirsche, Birne oder Eiche aus altem Eichenparkett. \u00a0 \u00a0 <\/span><\/p>\n<p><!--more--><\/p>\n<p><a href=\"https:\/\/westfach.de\/wp-content\/uploads\/2020\/11\/Bild4.jpg\"><img loading=\"lazy\" decoding=\"async\" class=\"alignnone  wp-image-2288\" src=\"https:\/\/westfach.de\/wp-content\/uploads\/2020\/11\/Bild4-300x204.jpg\" alt=\"\" width=\"325\" height=\"221\" srcset=\"https:\/\/westfach.de\/wp-content\/uploads\/2020\/11\/Bild4-300x204.jpg 300w, https:\/\/westfach.de\/wp-content\/uploads\/2020\/11\/Bild4-1024x695.jpg 1024w, https:\/\/westfach.de\/wp-content\/uploads\/2020\/11\/Bild4-768x521.jpg 768w, https:\/\/westfach.de\/wp-content\/uploads\/2020\/11\/Bild4-1536x1043.jpg 1536w, https:\/\/westfach.de\/wp-content\/uploads\/2020\/11\/Bild4.jpg 2000w\" sizes=\"auto, (max-width: 325px) 100vw, 325px\" \/><\/a><\/p>\n<p><span class=\"color-secondary\">\u00ab\u00a0Jeder Rahmen ist ein individuelles Einzellst\u00fcck. Auch wenn Rahmen die selbe Gr\u00f6\u00dfe haben, so unterscheidet sich das Holz doch voneinander. Durch den Charakter des Altholzes wird jeder Rahmen einzigartig. Einige Exemplare werde ich auch in meinem Online Shop anbieten:<strong> <a href=\"https:\/\/www.zukleinholz.de\/\">\u00ab\u00a0ZUKLEINHOLZ\u00a0\u00bb<\/a><\/strong><\/span><\/p>\n<p><a href=\"https:\/\/westfach.de\/wp-content\/uploads\/2020\/11\/Bild5.jpg\"><img loading=\"lazy\" decoding=\"async\" class=\"alignnone  wp-image-2289\" src=\"https:\/\/westfach.de\/wp-content\/uploads\/2020\/11\/Bild5-300x199.jpg\" alt=\"\" width=\"320\" height=\"212\" srcset=\"https:\/\/westfach.de\/wp-content\/uploads\/2020\/11\/Bild5-300x199.jpg 300w, https:\/\/westfach.de\/wp-content\/uploads\/2020\/11\/Bild5-1024x680.jpg 1024w, https:\/\/westfach.de\/wp-content\/uploads\/2020\/11\/Bild5-768x510.jpg 768w, https:\/\/westfach.de\/wp-content\/uploads\/2020\/11\/Bild5-1536x1020.jpg 1536w, https:\/\/westfach.de\/wp-content\/uploads\/2020\/11\/Bild5.jpg 1600w\" sizes=\"auto, (max-width: 320px) 100vw, 320px\" \/><\/a><\/p>\n<p>\u00ab\u00a0Das Arbeiten mit Holz fasziniert mich schon sehr lange. Ein Werkstoff, den wir t\u00e4glich um uns herum haben und dabei trotzdem interessant bleibt. Das Menschen die handwerklichen F\u00e4higkeiten haben dieses nat\u00fcrliche Material zu gestalten, inspiriert mich. Die Form und Struktur, die Farben der Maserung und die unterschiedlichen Eigenschaften m\u00f6chte ich in meinen Arbeiten hervorheben.\u00a0\u00bb<\/p>\n<p><a href=\"https:\/\/westfach.de\/wp-content\/uploads\/2020\/11\/Bild6.jpg\"><img loading=\"lazy\" decoding=\"async\" class=\"alignnone  wp-image-2290\" src=\"https:\/\/westfach.de\/wp-content\/uploads\/2020\/11\/Bild6-200x300.jpg\" alt=\"\" width=\"217\" height=\"326\" srcset=\"https:\/\/westfach.de\/wp-content\/uploads\/2020\/11\/Bild6-200x300.jpg 200w, https:\/\/westfach.de\/wp-content\/uploads\/2020\/11\/Bild6-683x1024.jpg 683w, https:\/\/westfach.de\/wp-content\/uploads\/2020\/11\/Bild6-768x1152.jpg 768w, https:\/\/westfach.de\/wp-content\/uploads\/2020\/11\/Bild6.jpg 800w\" sizes=\"auto, (max-width: 217px) 100vw, 217px\" \/><\/a><\/p>\n<p>\u00ab\u00a0Sind doch gerade die nicht so perfekten H\u00f6lzer mit ihren Fehlern einzigartig und individuell. Auch Altholz, welches entsorgt werden soll, bietet mir eine gro\u00dfe Auswahl an Material f\u00fcr meine Arbeiten. Genau dieses Holz verarbeite ich in vielen kleinen Arbeitsschritten <strong>zuKleinholz<\/strong>.\u00a0\u00bb<\/p>\n<p><a href=\"https:\/\/westfach.de\/wp-content\/uploads\/2020\/11\/Bild3.jpg\"><img loading=\"lazy\" decoding=\"async\" class=\"alignnone  wp-image-2291\" src=\"https:\/\/westfach.de\/wp-content\/uploads\/2020\/11\/Bild3-213x300.jpg\" alt=\"\" width=\"233\" height=\"328\" srcset=\"https:\/\/westfach.de\/wp-content\/uploads\/2020\/11\/Bild3-213x300.jpg 213w, https:\/\/westfach.de\/wp-content\/uploads\/2020\/11\/Bild3-728x1024.jpg 728w, https:\/\/westfach.de\/wp-content\/uploads\/2020\/11\/Bild3-768x1080.jpg 768w, https:\/\/westfach.de\/wp-content\/uploads\/2020\/11\/Bild3.jpg 853w\" sizes=\"auto, (max-width: 233px) 100vw, 233px\" \/><\/a><\/p>\n<p>Alle Rahmen sind nur mit \u00f6kologischen \u00f6len und Wachs behandelt.<\/p>\n<p>Ich fertige auch gern f\u00fcr eure Bilder und Leinw\u00e4nde Rahmen auf Ma\u00df oder in Serie an.<\/p>\n<p>Kontakt: <a href=\"https:\/\/www.zukleinholz.de\/\"><strong>\u00ab\u00a0ZUKLEINHOLZ\u00a0\u00bb<\/strong><\/a><\/p>\n","protected":false},"excerpt":{"rendered":"<p>In seiner Werkstatt verwandelt Johannes Nitzschke altes Holz aus Tischlereien sowie auch h\u00f6lzerne Reste, wie alte Dielenb\u00f6den, Fensterrahmen oder andere Fundst\u00fccke in individuellen Gegenst\u00e4nde. Im WestFach finden Sie eine Auswahl individueller Bilderrahmen, aus H\u00f6lzern wie Pflaume, Kirsche, Birne oder Eiche aus altem Eichenparkett. \u00a0 \u00a0<\/p>\n","protected":false},"author":2,"featured_media":0,"parent":0,"menu_order":0,"comment_status":"closed","ping_status":"closed","template":"","meta":{"_bbp_topic_count":0,"_bbp_reply_count":0,"_bbp_total_topic_count":0,"_bbp_total_reply_count":0,"_bbp_voice_count":0,"_bbp_anonymous_reply_count":0,"_bbp_topic_count_hidden":0,"_bbp_reply_count_hidden":0,"_bbp_forum_subforum_count":0,"_crdt_document":"","footnotes":""},"categories":[3],"tags":[127,114,218,98,219,220,221,217],"class_list":["post-2297","page","type-page","status-publish","hentry","category-kuenstlerinnen-und-herstellerinnen","tag-design","tag-holz","tag-johannes","tag-leipzig","tag-nitzschke","tag-rahmen","tag-werkstatt","tag-zukleinholz"],"jetpack_sharing_enabled":true,"_links":{"self":[{"href":"https:\/\/westfach.de\/fr\/wp-json\/wp\/v2\/pages\/2297","targetHints":{"allow":["GET"]}}],"collection":[{"href":"https:\/\/westfach.de\/fr\/wp-json\/wp\/v2\/pages"}],"about":[{"href":"https:\/\/westfach.de\/fr\/wp-json\/wp\/v2\/types\/page"}],"author":[{"embeddable":true,"href":"https:\/\/westfach.de\/fr\/wp-json\/wp\/v2\/users\/2"}],"replies":[{"embeddable":true,"href":"https:\/\/westfach.de\/fr\/wp-json\/wp\/v2\/comments?post=2297"}],"version-history":[{"count":1,"href":"https:\/\/westfach.de\/fr\/wp-json\/wp\/v2\/pages\/2297\/revisions"}],"predecessor-version":[{"id":2298,"href":"https:\/\/westfach.de\/fr\/wp-json\/wp\/v2\/pages\/2297\/revisions\/2298"}],"wp:attachment":[{"href":"https:\/\/westfach.de\/fr\/wp-json\/wp\/v2\/media?parent=2297"}],"wp:term":[{"taxonomy":"category","embeddable":true,"href":"https:\/\/westfach.de\/fr\/wp-json\/wp\/v2\/categories?post=2297"},{"taxonomy":"post_tag","embeddable":true,"href":"https:\/\/westfach.de\/fr\/wp-json\/wp\/v2\/tags?post=2297"}],"curies":[{"name":"wp","href":"https:\/\/api.w.org\/{rel}","templated":true}]}}

<p><a href="https://westfach.de/wp-content/uploads/2020/11/Bild1-.jpg"><img loading="lazy" decoding="async" class="alignnone  wp-image-2287" src="https://westfach.de/wp-content/uploads/2020/11/Bild1--300x200.jpg" alt="" width="326" height="217" srcset="https://westfach.de/wp-content/uploads/2020/11/Bild1--300x200.jpg 300w, https://westfach.de/wp-content/uploads/2020/11/Bild1--1024x682.jpg 1024w, https://westfach.de/wp-content/uploads/2020/11/Bild1--768x512.jpg 768w, https://westfach.de/wp-content/uploads/2020/11/Bild1--1536x1024.jpg 1536w, https://westfach.de/wp-content/uploads/2020/11/Bild1-.jpg 2000w" sizes="auto, (max-width: 326px) 100vw, 326px" /></a></p>
<p>In seiner Werkstatt <span class="color-secondary">verwandelt Johannes Nitzschke altes Holz aus Tischlereien sowie auch hölzerne Reste, wie alte Dielenböden, Fensterrahmen oder andere Fundstücke in individuellen Gegenstände. Im WestFach finden Sie eine Auswahl individueller Bilderrahmen, aus Hölzern wie Pflaume, Kirsche, Birne oder Eiche aus altem Eichenparkett.     </span></p>
<p><!--more--></p>
<p><a href="https://westfach.de/wp-content/uploads/2020/11/Bild4.jpg"><img loading="lazy" decoding="async" class="alignnone  wp-image-2288" src="https://westfach.de/wp-content/uploads/2020/11/Bild4-300x204.jpg" alt="" width="325" height="221" srcset="https://westfach.de/wp-content/uploads/2020/11/Bild4-300x204.jpg 300w, https://westfach.de/wp-content/uploads/2020/11/Bild4-1024x695.jpg 1024w, https://westfach.de/wp-content/uploads/2020/11/Bild4-768x521.jpg 768w, https://westfach.de/wp-content/uploads/2020/11/Bild4-1536x1043.jpg 1536w, https://westfach.de/wp-content/uploads/2020/11/Bild4.jpg 2000w" sizes="auto, (max-width: 325px) 100vw, 325px" /></a></p>
<p><span class="color-secondary">« Jeder Rahmen ist ein individuelles Einzellstück. Auch wenn Rahmen die selbe Größe haben, so unterscheidet sich das Holz doch voneinander. Durch den Charakter des Altholzes wird jeder Rahmen einzigartig. Einige Exemplare werde ich auch in meinem Online Shop anbieten:<strong> <a href="https://www.zukleinholz.de/">« ZUKLEINHOLZ »</a></strong></span></p>
<p><a href="https://westfach.de/wp-content/uploads/2020/11/Bild5.jpg"><img loading="lazy" decoding="async" class="alignnone  wp-image-2289" src="https://westfach.de/wp-content/uploads/2020/11/Bild5-300x199.jpg" alt="" width="320" height="212" srcset="https://westfach.de/wp-content/uploads/2020/11/Bild5-300x199.jpg 300w, https://westfach.de/wp-content/uploads/2020/11/Bild5-1024x680.jpg 1024w, https://westfach.de/wp-content/uploads/2020/11/Bild5-768x510.jpg 768w, https://westfach.de/wp-content/uploads/2020/11/Bild5-1536x1020.jpg 1536w, https://westfach.de/wp-content/uploads/2020/11/Bild5.jpg 1600w" sizes="auto, (max-width: 320px) 100vw, 320px" /></a></p>
<p>« Das Arbeiten mit Holz fasziniert mich schon sehr lange. Ein Werkstoff, den wir täglich um uns herum haben und dabei trotzdem interessant bleibt. Das Menschen die handwerklichen Fähigkeiten haben dieses natürliche Material zu gestalten, inspiriert mich. Die Form und Struktur, die Farben der Maserung und die unterschiedlichen Eigenschaften möchte ich in meinen Arbeiten hervorheben. »</p>
<p><a href="https://westfach.de/wp-content/uploads/2020/11/Bild6.jpg"><img loading="lazy" decoding="async" class="alignnone  wp-image-2290" src="https://westfach.de/wp-content/uploads/2020/11/Bild6-200x300.jpg" alt="" width="217" height="326" srcset="https://westfach.de/wp-content/uploads/2020/11/Bild6-200x300.jpg 200w, https://westfach.de/wp-content/uploads/2020/11/Bild6-683x1024.jpg 683w, https://westfach.de/wp-content/uploads/2020/11/Bild6-768x1152.jpg 768w, https://westfach.de/wp-content/uploads/2020/11/Bild6.jpg 800w" sizes="auto, (max-width: 217px) 100vw, 217px" /></a></p>
<p>« Sind doch gerade die nicht so perfekten Hölzer mit ihren Fehlern einzigartig und individuell. Auch Altholz, welches entsorgt werden soll, bietet mir eine große Auswahl an Material für meine Arbeiten. Genau dieses Holz verarbeite ich in vielen kleinen Arbeitsschritten <strong>zuKleinholz</strong>. »</p>
<p><a href="https://westfach.de/wp-content/uploads/2020/11/Bild3.jpg"><img loading="lazy" decoding="async" class="alignnone  wp-image-2291" src="https://westfach.de/wp-content/uploads/2020/11/Bild3-213x300.jpg" alt="" width="233" height="328" srcset="https://westfach.de/wp-content/uploads/2020/11/Bild3-213x300.jpg 213w, https://westfach.de/wp-content/uploads/2020/11/Bild3-728x1024.jpg 728w, https://westfach.de/wp-content/uploads/2020/11/Bild3-768x1080.jpg 768w, https://westfach.de/wp-content/uploads/2020/11/Bild3.jpg 853w" sizes="auto, (max-width: 233px) 100vw, 233px" /></a></p>
<p>Alle Rahmen sind nur mit ökologischen ölen und Wachs behandelt.</p>
<p>Ich fertige auch gern für eure Bilder und Leinwände Rahmen auf Maß oder in Serie an.</p>
<p>Kontakt: <a href="https://www.zukleinholz.de/"><strong>« ZUKLEINHOLZ »</strong></a></p>

<p>In seiner Werkstatt verwandelt Johannes Nitzschke altes Holz aus Tischlereien sowie auch hölzerne Reste, wie alte Dielenböden, Fensterrahmen oder andere Fundstücke in individuellen Gegenstände. Im WestFach finden Sie eine Auswahl individueller Bilderrahmen, aus Hölzern wie Pflaume, Kirsche, Birne oder Eiche aus altem Eichenparkett.    </p>
