{"id":2250,"date":"2020-10-25T22:45:30","date_gmt":"2020-10-25T21:45:30","guid":{"rendered":"https:\/\/westfach.de\/?page_id=2250"},"modified":"2020-10-25T22:45:30","modified_gmt":"2020-10-25T21:45:30","slug":"franziska-koellner-ed-emilia","status":"publish","type":"page","link":"https:\/\/westfach.de\/fr\/franziska-koellner-ed-emilia\/","title":{"rendered":"Franziska K\u00f6llner &#8211; \u00ab\u00a0Ed &#038; Emilia\u00a0\u00bb"},"content":{"rendered":"<p><a href=\"https:\/\/westfach.de\/wp-content\/uploads\/2020\/10\/IMG_2695.jpg\"><img loading=\"lazy\" decoding=\"async\" class=\"alignnone  wp-image-2252\" src=\"https:\/\/westfach.de\/wp-content\/uploads\/2020\/10\/IMG_2695-200x300.jpg\" alt=\"\" width=\"222\" height=\"333\" srcset=\"https:\/\/westfach.de\/wp-content\/uploads\/2020\/10\/IMG_2695-200x300.jpg 200w, https:\/\/westfach.de\/wp-content\/uploads\/2020\/10\/IMG_2695-683x1024.jpg 683w, https:\/\/westfach.de\/wp-content\/uploads\/2020\/10\/IMG_2695-768x1152.jpg 768w, https:\/\/westfach.de\/wp-content\/uploads\/2020\/10\/IMG_2695.jpg 800w\" sizes=\"auto, (max-width: 222px) 100vw, 222px\" \/><\/a><\/p>\n<p><a href=\"https:\/\/franziskamkoellner.wordpress.com\/ed-emilia\/\"><strong>\u00ab\u00a0ED &#038; EMILIA\u00a0\u00bb<\/strong><\/a> Wir verbinden traditionelles Keramikhandwerk mit einem zeitgem\u00e4\u00dfem, frischem Design. Alle Produkte sind Unikate und werden ausschliesslich in regionaler Handarbeit hergestellt.\u00a0 Unsere Tassen, Teller, Schalen und Becher sind sp\u00fclmaschinenfest und in vielen Jahren alltagserprobt.<\/p>\n<p><!--more--><\/p>\n<p><a href=\"https:\/\/westfach.de\/wp-content\/uploads\/2020\/10\/IMG_2618.jpg\"><img loading=\"lazy\" decoding=\"async\" class=\"alignnone  wp-image-2251\" src=\"https:\/\/westfach.de\/wp-content\/uploads\/2020\/10\/IMG_2618-225x300.jpg\" alt=\"\" width=\"249\" height=\"332\" srcset=\"https:\/\/westfach.de\/wp-content\/uploads\/2020\/10\/IMG_2618-225x300.jpg 225w, https:\/\/westfach.de\/wp-content\/uploads\/2020\/10\/IMG_2618-768x1024.jpg 768w, https:\/\/westfach.de\/wp-content\/uploads\/2020\/10\/IMG_2618.jpg 900w\" sizes=\"auto, (max-width: 249px) 100vw, 249px\" \/><\/a><\/p>\n<p>\u201cEd &#038; Emilia\u201c, zwei kleine Weltentdecker auf Abenteuerreise! Und ihre coole Bande haben sie gleich mit im Gep\u00e4ck: Wasserratten und Partytiger, Leckerm\u00e4uler und B\u00fccherw\u00fcrmer, Sportskanonen und Sternensucher, Piratenbr\u00e4ute und Drachenj\u00e4ger, Gangsterbosse und Traumt\u00e4nzerinnnen\u2026.<\/p>\n<p><a href=\"https:\/\/westfach.de\/wp-content\/uploads\/2020\/10\/DSF3792.jpg\"><img loading=\"lazy\" decoding=\"async\" class=\"alignnone  wp-image-2254\" src=\"https:\/\/westfach.de\/wp-content\/uploads\/2020\/10\/DSF3792-300x200.jpg\" alt=\"\" width=\"320\" height=\"213\" srcset=\"https:\/\/westfach.de\/wp-content\/uploads\/2020\/10\/DSF3792-300x200.jpg 300w, https:\/\/westfach.de\/wp-content\/uploads\/2020\/10\/DSF3792-1024x683.jpg 1024w, https:\/\/westfach.de\/wp-content\/uploads\/2020\/10\/DSF3792-768x512.jpg 768w, https:\/\/westfach.de\/wp-content\/uploads\/2020\/10\/DSF3792-1536x1024.jpg 1536w, https:\/\/westfach.de\/wp-content\/uploads\/2020\/10\/DSF3792.jpg 1600w\" sizes=\"auto, (max-width: 320px) 100vw, 320px\" \/><\/a><\/p>\n<p>\u2026cool, kess, mutig, schlau, neugierig und immer f\u00fcreinander da. Freunde f\u00fcr Sonnen- und Regentage, die sich begleiten, wohin immer deine Reise dich f\u00fchrt\u2026.\u00a0\u00bb<\/p>\n<p>&nbsp;<\/p>\n","protected":false},"excerpt":{"rendered":"<p>\u00ab\u00a0ED &#038; EMILIA\u00a0\u00bb Wir verbinden traditionelles Keramikhandwerk mit einem zeitgem\u00e4\u00dfem, frischem Design. Alle Produkte sind Unikate und werden ausschliesslich in regionaler Handarbeit hergestellt.\u00a0 Unsere Tassen, Teller, Schalen und Becher sind sp\u00fclmaschinenfest und in vielen Jahren alltagserprobt.<\/p>\n","protected":false},"author":2,"featured_media":0,"parent":0,"menu_order":0,"comment_status":"closed","ping_status":"closed","template":"","meta":{"_bbp_topic_count":0,"_bbp_reply_count":0,"_bbp_total_topic_count":0,"_bbp_total_reply_count":0,"_bbp_voice_count":0,"_bbp_anonymous_reply_count":0,"_bbp_topic_count_hidden":0,"_bbp_reply_count_hidden":0,"_bbp_forum_subforum_count":0,"_crdt_document":"","footnotes":""},"categories":[3],"tags":[180,178,181,172,179,98,107],"class_list":["post-2250","page","type-page","status-publish","hentry","category-kuenstlerinnen-und-herstellerinnen","tag-ed-emilia","tag-franziska","tag-handarbeit","tag-keramik","tag-koellner","tag-leipzig","tag-unikate"],"jetpack_sharing_enabled":true,"_links":{"self":[{"href":"https:\/\/westfach.de\/fr\/wp-json\/wp\/v2\/pages\/2250","targetHints":{"allow":["GET"]}}],"collection":[{"href":"https:\/\/westfach.de\/fr\/wp-json\/wp\/v2\/pages"}],"about":[{"href":"https:\/\/westfach.de\/fr\/wp-json\/wp\/v2\/types\/page"}],"author":[{"embeddable":true,"href":"https:\/\/westfach.de\/fr\/wp-json\/wp\/v2\/users\/2"}],"replies":[{"embeddable":true,"href":"https:\/\/westfach.de\/fr\/wp-json\/wp\/v2\/comments?post=2250"}],"version-history":[{"count":1,"href":"https:\/\/westfach.de\/fr\/wp-json\/wp\/v2\/pages\/2250\/revisions"}],"predecessor-version":[{"id":2255,"href":"https:\/\/westfach.de\/fr\/wp-json\/wp\/v2\/pages\/2250\/revisions\/2255"}],"wp:attachment":[{"href":"https:\/\/westfach.de\/fr\/wp-json\/wp\/v2\/media?parent=2250"}],"wp:term":[{"taxonomy":"category","embeddable":true,"href":"https:\/\/westfach.de\/fr\/wp-json\/wp\/v2\/categories?post=2250"},{"taxonomy":"post_tag","embeddable":true,"href":"https:\/\/westfach.de\/fr\/wp-json\/wp\/v2\/tags?post=2250"}],"curies":[{"name":"wp","href":"https:\/\/api.w.org\/{rel}","templated":true}]}}

Franziska Köllner &#8211; « Ed &#038; Emilia »

<p><a href="https://westfach.de/wp-content/uploads/2020/10/IMG_2695.jpg"><img loading="lazy" decoding="async" class="alignnone  wp-image-2252" src="https://westfach.de/wp-content/uploads/2020/10/IMG_2695-200x300.jpg" alt="" width="222" height="333" srcset="https://westfach.de/wp-content/uploads/2020/10/IMG_2695-200x300.jpg 200w, https://westfach.de/wp-content/uploads/2020/10/IMG_2695-683x1024.jpg 683w, https://westfach.de/wp-content/uploads/2020/10/IMG_2695-768x1152.jpg 768w, https://westfach.de/wp-content/uploads/2020/10/IMG_2695.jpg 800w" sizes="auto, (max-width: 222px) 100vw, 222px" /></a></p>
<p><a href="https://franziskamkoellner.wordpress.com/ed-emilia/"><strong>« ED &#038; EMILIA »</strong></a> Wir verbinden traditionelles Keramikhandwerk mit einem zeitgemäßem, frischem Design. Alle Produkte sind Unikate und werden ausschliesslich in regionaler Handarbeit hergestellt.  Unsere Tassen, Teller, Schalen und Becher sind spülmaschinenfest und in vielen Jahren alltagserprobt.</p>
<p><!--more--></p>
<p><a href="https://westfach.de/wp-content/uploads/2020/10/IMG_2618.jpg"><img loading="lazy" decoding="async" class="alignnone  wp-image-2251" src="https://westfach.de/wp-content/uploads/2020/10/IMG_2618-225x300.jpg" alt="" width="249" height="332" srcset="https://westfach.de/wp-content/uploads/2020/10/IMG_2618-225x300.jpg 225w, https://westfach.de/wp-content/uploads/2020/10/IMG_2618-768x1024.jpg 768w, https://westfach.de/wp-content/uploads/2020/10/IMG_2618.jpg 900w" sizes="auto, (max-width: 249px) 100vw, 249px" /></a></p>
<p>“Ed &#038; Emilia“, zwei kleine Weltentdecker auf Abenteuerreise! Und ihre coole Bande haben sie gleich mit im Gepäck: Wasserratten und Partytiger, Leckermäuler und Bücherwürmer, Sportskanonen und Sternensucher, Piratenbräute und Drachenjäger, Gangsterbosse und Traumtänzerinnnen….</p>
<p><a href="https://westfach.de/wp-content/uploads/2020/10/DSF3792.jpg"><img loading="lazy" decoding="async" class="alignnone  wp-image-2254" src="https://westfach.de/wp-content/uploads/2020/10/DSF3792-300x200.jpg" alt="" width="320" height="213" srcset="https://westfach.de/wp-content/uploads/2020/10/DSF3792-300x200.jpg 300w, https://westfach.de/wp-content/uploads/2020/10/DSF3792-1024x683.jpg 1024w, https://westfach.de/wp-content/uploads/2020/10/DSF3792-768x512.jpg 768w, https://westfach.de/wp-content/uploads/2020/10/DSF3792-1536x1024.jpg 1536w, https://westfach.de/wp-content/uploads/2020/10/DSF3792.jpg 1600w" sizes="auto, (max-width: 320px) 100vw, 320px" /></a></p>
<p>…cool, kess, mutig, schlau, neugierig und immer füreinander da. Freunde für Sonnen- und Regentage, die sich begleiten, wohin immer deine Reise dich führt…. »</p>
<p>&nbsp;</p>

<p>« ED &#038; EMILIA » Wir verbinden traditionelles Keramikhandwerk mit einem zeitgemäßem, frischem Design. Alle Produkte sind Unikate und werden ausschliesslich in regionaler Handarbeit hergestellt.  Unsere Tassen, Teller, Schalen und Becher sind spülmaschinenfest und in vielen Jahren alltagserprobt.</p>
