{"id":2218,"date":"2020-10-23T21:12:13","date_gmt":"2020-10-23T19:12:13","guid":{"rendered":"https:\/\/westfach.de\/?page_id=2218"},"modified":"2020-10-25T21:37:13","modified_gmt":"2020-10-25T20:37:13","slug":"elisabeth-wolf","status":"publish","type":"page","link":"https:\/\/westfach.de\/fr\/elisabeth-wolf\/","title":{"rendered":"Elisabeth Wolf"},"content":{"rendered":"<p><a href=\"https:\/\/westfach.de\/wp-content\/uploads\/2020\/10\/Elisabeth-Wolf-Ibug-2018-Fotovonluciaraysolano-2-400x497-1.jpg\"><img loading=\"lazy\" decoding=\"async\" class=\"alignnone wp-image-2220\" src=\"https:\/\/westfach.de\/wp-content\/uploads\/2020\/10\/Elisabeth-Wolf-Ibug-2018-Fotovonluciaraysolano-2-400x497-1-241x300.jpg\" alt=\"\" width=\"260\" height=\"324\" srcset=\"https:\/\/westfach.de\/wp-content\/uploads\/2020\/10\/Elisabeth-Wolf-Ibug-2018-Fotovonluciaraysolano-2-400x497-1-241x300.jpg 241w, https:\/\/westfach.de\/wp-content\/uploads\/2020\/10\/Elisabeth-Wolf-Ibug-2018-Fotovonluciaraysolano-2-400x497-1.jpg 400w\" sizes=\"auto, (max-width: 260px) 100vw, 260px\" \/><\/a><\/p>\n<p>Unter dem Label: <a href=\"https:\/\/lagqaffe.de\/\"><strong>\u00ab\u00a0Laqgaffe\u00a0\u00bb<\/strong><\/a>\u00a0 ver\u00f6ffentlicht die Leipziger Malerin und Grafikerin Elisabeth Wolf seit 2012 Bilder, Drucke und Grafiken. Dabei ist Sie nicht nur in regionalen und \u00fcberregionalen Galerien und Magazinen vertreten. Sie ist au\u00dferdem mehrj\u00e4hrige Teilnehmerin beim <a href=\"https:\/\/www.ibug-art.de\/\"><strong>\u00ab\u00a0Urban<\/strong> <strong>Culture Festival \u201eIBUg\u201c<\/strong><\/a>, wo Sie mit anderen internationalen Ku\u0308nstlerInnen Industriebrachen in tempor\u00e4re Kunstwerke verwandelt.<\/p>\n<p><!--more--><\/p>\n<p><a href=\"https:\/\/westfach.de\/wp-content\/uploads\/2020\/10\/Aura-Siebdruck-Holz-A3-web-324x457-1.jpg\"><img loading=\"lazy\" decoding=\"async\" class=\"alignnone wp-image-2219\" src=\"https:\/\/westfach.de\/wp-content\/uploads\/2020\/10\/Aura-Siebdruck-Holz-A3-web-324x457-1-213x300.jpg\" alt=\"\" width=\"235\" height=\"331\" srcset=\"https:\/\/westfach.de\/wp-content\/uploads\/2020\/10\/Aura-Siebdruck-Holz-A3-web-324x457-1-213x300.jpg 213w, https:\/\/westfach.de\/wp-content\/uploads\/2020\/10\/Aura-Siebdruck-Holz-A3-web-324x457-1.jpg 324w\" sizes=\"auto, (max-width: 235px) 100vw, 235px\" \/><\/a><\/p>\n<p>Illustration, Siebdruck<\/p>\n<p><a href=\"https:\/\/westfach.de\/wp-content\/uploads\/2020\/10\/ocelot-girl-A3-web-324x457-1.jpg\"><img loading=\"lazy\" decoding=\"async\" class=\"alignnone wp-image-2225\" src=\"https:\/\/westfach.de\/wp-content\/uploads\/2020\/10\/ocelot-girl-A3-web-324x457-1-213x300.jpg\" alt=\"\" width=\"232\" height=\"327\" srcset=\"https:\/\/westfach.de\/wp-content\/uploads\/2020\/10\/ocelot-girl-A3-web-324x457-1-213x300.jpg 213w, https:\/\/westfach.de\/wp-content\/uploads\/2020\/10\/ocelot-girl-A3-web-324x457-1.jpg 324w\" sizes=\"auto, (max-width: 232px) 100vw, 232px\" \/><\/a><\/p>\n<p>IBUg 2018<\/p>\n<p>Zu sehen sind hier zwei Motive von Postern und Drucken. Beide Motive gibt\u00a0 es unter anderen im WestFach zu erwerben.<\/p>\n<p><a href=\"https:\/\/westfach.de\/wp-content\/uploads\/2020\/10\/Poster-leipzig-final-web-324x540-1.jpg\"><img loading=\"lazy\" decoding=\"async\" class=\"alignnone wp-image-2226\" src=\"https:\/\/westfach.de\/wp-content\/uploads\/2020\/10\/Poster-leipzig-final-web-324x540-1-180x300.jpg\" alt=\"\" width=\"223\" height=\"372\" srcset=\"https:\/\/westfach.de\/wp-content\/uploads\/2020\/10\/Poster-leipzig-final-web-324x540-1-180x300.jpg 180w, https:\/\/westfach.de\/wp-content\/uploads\/2020\/10\/Poster-leipzig-final-web-324x540-1.jpg 324w\" sizes=\"auto, (max-width: 223px) 100vw, 223px\" \/><\/a><\/p>\n<p>Eine Interpretation der Stadt Leipzig.<\/p>\n<p><a href=\"https:\/\/westfach.de\/wp-content\/uploads\/2020\/10\/Kalender-2020-6.jpg\"><img loading=\"lazy\" decoding=\"async\" class=\"alignnone size-medium wp-image-2224\" src=\"https:\/\/westfach.de\/wp-content\/uploads\/2020\/10\/Kalender-2020-6-300x222.jpg\" alt=\"\" width=\"300\" height=\"222\" srcset=\"https:\/\/westfach.de\/wp-content\/uploads\/2020\/10\/Kalender-2020-6-300x222.jpg 300w, https:\/\/westfach.de\/wp-content\/uploads\/2020\/10\/Kalender-2020-6-768x568.jpg 768w, https:\/\/westfach.de\/wp-content\/uploads\/2020\/10\/Kalender-2020-6.jpg 1000w\" sizes=\"auto, (max-width: 300px) 100vw, 300px\" \/><\/a><\/p>\n<p><a href=\"https:\/\/westfach.de\/wp-content\/uploads\/2020\/10\/Kalender-2020-3.jpg\"><img loading=\"lazy\" decoding=\"async\" class=\"alignnone size-medium wp-image-2222\" src=\"https:\/\/westfach.de\/wp-content\/uploads\/2020\/10\/Kalender-2020-3-300x251.jpg\" alt=\"\" width=\"300\" height=\"251\" srcset=\"https:\/\/westfach.de\/wp-content\/uploads\/2020\/10\/Kalender-2020-3-300x251.jpg 300w, https:\/\/westfach.de\/wp-content\/uploads\/2020\/10\/Kalender-2020-3-768x642.jpg 768w, https:\/\/westfach.de\/wp-content\/uploads\/2020\/10\/Kalender-2020-3.jpg 900w\" sizes=\"auto, (max-width: 300px) 100vw, 300px\" \/><\/a><\/p>\n<p><a href=\"https:\/\/westfach.de\/wp-content\/uploads\/2020\/10\/Kalender-2020-4.jpg\"><img loading=\"lazy\" decoding=\"async\" class=\"alignnone size-medium wp-image-2223\" src=\"https:\/\/westfach.de\/wp-content\/uploads\/2020\/10\/Kalender-2020-4-300x258.jpg\" alt=\"\" width=\"300\" height=\"258\" srcset=\"https:\/\/westfach.de\/wp-content\/uploads\/2020\/10\/Kalender-2020-4-300x258.jpg 300w, https:\/\/westfach.de\/wp-content\/uploads\/2020\/10\/Kalender-2020-4-768x661.jpg 768w, https:\/\/westfach.de\/wp-content\/uploads\/2020\/10\/Kalender-2020-4.jpg 900w\" sizes=\"auto, (max-width: 300px) 100vw, 300px\" \/><\/a><\/p>\n<p><a href=\"https:\/\/westfach.de\/wp-content\/uploads\/2020\/10\/Kalender-2020-1.jpg\"><img loading=\"lazy\" decoding=\"async\" class=\"alignnone size-medium wp-image-2221\" src=\"https:\/\/westfach.de\/wp-content\/uploads\/2020\/10\/Kalender-2020-1-300x268.jpg\" alt=\"\" width=\"300\" height=\"268\" srcset=\"https:\/\/westfach.de\/wp-content\/uploads\/2020\/10\/Kalender-2020-1-300x268.jpg 300w, https:\/\/westfach.de\/wp-content\/uploads\/2020\/10\/Kalender-2020-1-768x685.jpg 768w, https:\/\/westfach.de\/wp-content\/uploads\/2020\/10\/Kalender-2020-1.jpg 900w\" sizes=\"auto, (max-width: 300px) 100vw, 300px\" \/><\/a><\/p>\n<p>Im Ladengesch\u00e4ft gibt es eine gute Auswahl ihrer Arbeiten. J\u00e4hrlich gibt es z.B. einen neuen Kalender von <a href=\"https:\/\/shop.lagqaffe.de\/\"><strong>\u00ab\u00a0Laqgaffe\u00a0\u00bb<\/strong><\/a> Sie hat auch einen Online Shop.<\/p>\n<p>&nbsp;<\/p>\n","protected":false},"excerpt":{"rendered":"<p>Unter dem Label: \u00ab\u00a0Laqgaffe\u00a0\u00bb\u00a0 ver\u00f6ffentlicht die Leipziger Malerin und Grafikerin Elisabeth Wolf seit 2012 Bilder, Drucke und Grafiken. Dabei ist Sie nicht nur in regionalen und \u00fcberregionalen Galerien und Magazinen vertreten. Sie ist au\u00dferdem mehrj\u00e4hrige Teilnehmerin beim \u00ab\u00a0Urban Culture Festival \u201eIBUg\u201c, wo Sie mit anderen internationalen Ku\u0308nstlerInnen Industriebrachen in tempor\u00e4re Kunstwerke verwandelt.<\/p>\n","protected":false},"author":2,"featured_media":0,"parent":0,"menu_order":0,"comment_status":"closed","ping_status":"closed","template":"","meta":{"_bbp_topic_count":0,"_bbp_reply_count":0,"_bbp_total_topic_count":0,"_bbp_total_reply_count":0,"_bbp_voice_count":0,"_bbp_anonymous_reply_count":0,"_bbp_topic_count_hidden":0,"_bbp_reply_count_hidden":0,"_bbp_forum_subforum_count":0,"_crdt_document":"","footnotes":""},"categories":[3],"tags":[138,140,92,139,93,136,98,141,137],"class_list":["post-2218","page","type-page","status-publish","hentry","category-kuenstlerinnen-und-herstellerinnen","tag-elisabeth","tag-galerie","tag-grafik","tag-ibug","tag-illustration","tag-laqgaffe","tag-leipzig","tag-poster","tag-wolf"],"jetpack_sharing_enabled":true,"_links":{"self":[{"href":"https:\/\/westfach.de\/fr\/wp-json\/wp\/v2\/pages\/2218","targetHints":{"allow":["GET"]}}],"collection":[{"href":"https:\/\/westfach.de\/fr\/wp-json\/wp\/v2\/pages"}],"about":[{"href":"https:\/\/westfach.de\/fr\/wp-json\/wp\/v2\/types\/page"}],"author":[{"embeddable":true,"href":"https:\/\/westfach.de\/fr\/wp-json\/wp\/v2\/users\/2"}],"replies":[{"embeddable":true,"href":"https:\/\/westfach.de\/fr\/wp-json\/wp\/v2\/comments?post=2218"}],"version-history":[{"count":4,"href":"https:\/\/westfach.de\/fr\/wp-json\/wp\/v2\/pages\/2218\/revisions"}],"predecessor-version":[{"id":2249,"href":"https:\/\/westfach.de\/fr\/wp-json\/wp\/v2\/pages\/2218\/revisions\/2249"}],"wp:attachment":[{"href":"https:\/\/westfach.de\/fr\/wp-json\/wp\/v2\/media?parent=2218"}],"wp:term":[{"taxonomy":"category","embeddable":true,"href":"https:\/\/westfach.de\/fr\/wp-json\/wp\/v2\/categories?post=2218"},{"taxonomy":"post_tag","embeddable":true,"href":"https:\/\/westfach.de\/fr\/wp-json\/wp\/v2\/tags?post=2218"}],"curies":[{"name":"wp","href":"https:\/\/api.w.org\/{rel}","templated":true}]}}

<p><a href="https://westfach.de/wp-content/uploads/2020/10/Elisabeth-Wolf-Ibug-2018-Fotovonluciaraysolano-2-400x497-1.jpg"><img loading="lazy" decoding="async" class="alignnone wp-image-2220" src="https://westfach.de/wp-content/uploads/2020/10/Elisabeth-Wolf-Ibug-2018-Fotovonluciaraysolano-2-400x497-1-241x300.jpg" alt="" width="260" height="324" srcset="https://westfach.de/wp-content/uploads/2020/10/Elisabeth-Wolf-Ibug-2018-Fotovonluciaraysolano-2-400x497-1-241x300.jpg 241w, https://westfach.de/wp-content/uploads/2020/10/Elisabeth-Wolf-Ibug-2018-Fotovonluciaraysolano-2-400x497-1.jpg 400w" sizes="auto, (max-width: 260px) 100vw, 260px" /></a></p>
<p>Unter dem Label: <a href="https://lagqaffe.de/"><strong>« Laqgaffe »</strong></a>  veröffentlicht die Leipziger Malerin und Grafikerin Elisabeth Wolf seit 2012 Bilder, Drucke und Grafiken. Dabei ist Sie nicht nur in regionalen und überregionalen Galerien und Magazinen vertreten. Sie ist außerdem mehrjährige Teilnehmerin beim <a href="https://www.ibug-art.de/"><strong>« Urban</strong> <strong>Culture Festival „IBUg“</strong></a>, wo Sie mit anderen internationalen KünstlerInnen Industriebrachen in temporäre Kunstwerke verwandelt.</p>
<p><!--more--></p>
<p><a href="https://westfach.de/wp-content/uploads/2020/10/Aura-Siebdruck-Holz-A3-web-324x457-1.jpg"><img loading="lazy" decoding="async" class="alignnone wp-image-2219" src="https://westfach.de/wp-content/uploads/2020/10/Aura-Siebdruck-Holz-A3-web-324x457-1-213x300.jpg" alt="" width="235" height="331" srcset="https://westfach.de/wp-content/uploads/2020/10/Aura-Siebdruck-Holz-A3-web-324x457-1-213x300.jpg 213w, https://westfach.de/wp-content/uploads/2020/10/Aura-Siebdruck-Holz-A3-web-324x457-1.jpg 324w" sizes="auto, (max-width: 235px) 100vw, 235px" /></a></p>
<p>Illustration, Siebdruck</p>
<p><a href="https://westfach.de/wp-content/uploads/2020/10/ocelot-girl-A3-web-324x457-1.jpg"><img loading="lazy" decoding="async" class="alignnone wp-image-2225" src="https://westfach.de/wp-content/uploads/2020/10/ocelot-girl-A3-web-324x457-1-213x300.jpg" alt="" width="232" height="327" srcset="https://westfach.de/wp-content/uploads/2020/10/ocelot-girl-A3-web-324x457-1-213x300.jpg 213w, https://westfach.de/wp-content/uploads/2020/10/ocelot-girl-A3-web-324x457-1.jpg 324w" sizes="auto, (max-width: 232px) 100vw, 232px" /></a></p>
<p>IBUg 2018</p>
<p>Zu sehen sind hier zwei Motive von Postern und Drucken. Beide Motive gibt  es unter anderen im WestFach zu erwerben.</p>
<p><a href="https://westfach.de/wp-content/uploads/2020/10/Poster-leipzig-final-web-324x540-1.jpg"><img loading="lazy" decoding="async" class="alignnone wp-image-2226" src="https://westfach.de/wp-content/uploads/2020/10/Poster-leipzig-final-web-324x540-1-180x300.jpg" alt="" width="223" height="372" srcset="https://westfach.de/wp-content/uploads/2020/10/Poster-leipzig-final-web-324x540-1-180x300.jpg 180w, https://westfach.de/wp-content/uploads/2020/10/Poster-leipzig-final-web-324x540-1.jpg 324w" sizes="auto, (max-width: 223px) 100vw, 223px" /></a></p>
<p>Eine Interpretation der Stadt Leipzig.</p>
<p><a href="https://westfach.de/wp-content/uploads/2020/10/Kalender-2020-6.jpg"><img loading="lazy" decoding="async" class="alignnone size-medium wp-image-2224" src="https://westfach.de/wp-content/uploads/2020/10/Kalender-2020-6-300x222.jpg" alt="" width="300" height="222" srcset="https://westfach.de/wp-content/uploads/2020/10/Kalender-2020-6-300x222.jpg 300w, https://westfach.de/wp-content/uploads/2020/10/Kalender-2020-6-768x568.jpg 768w, https://westfach.de/wp-content/uploads/2020/10/Kalender-2020-6.jpg 1000w" sizes="auto, (max-width: 300px) 100vw, 300px" /></a></p>
<p><a href="https://westfach.de/wp-content/uploads/2020/10/Kalender-2020-3.jpg"><img loading="lazy" decoding="async" class="alignnone size-medium wp-image-2222" src="https://westfach.de/wp-content/uploads/2020/10/Kalender-2020-3-300x251.jpg" alt="" width="300" height="251" srcset="https://westfach.de/wp-content/uploads/2020/10/Kalender-2020-3-300x251.jpg 300w, https://westfach.de/wp-content/uploads/2020/10/Kalender-2020-3-768x642.jpg 768w, https://westfach.de/wp-content/uploads/2020/10/Kalender-2020-3.jpg 900w" sizes="auto, (max-width: 300px) 100vw, 300px" /></a></p>
<p><a href="https://westfach.de/wp-content/uploads/2020/10/Kalender-2020-4.jpg"><img loading="lazy" decoding="async" class="alignnone size-medium wp-image-2223" src="https://westfach.de/wp-content/uploads/2020/10/Kalender-2020-4-300x258.jpg" alt="" width="300" height="258" srcset="https://westfach.de/wp-content/uploads/2020/10/Kalender-2020-4-300x258.jpg 300w, https://westfach.de/wp-content/uploads/2020/10/Kalender-2020-4-768x661.jpg 768w, https://westfach.de/wp-content/uploads/2020/10/Kalender-2020-4.jpg 900w" sizes="auto, (max-width: 300px) 100vw, 300px" /></a></p>
<p><a href="https://westfach.de/wp-content/uploads/2020/10/Kalender-2020-1.jpg"><img loading="lazy" decoding="async" class="alignnone size-medium wp-image-2221" src="https://westfach.de/wp-content/uploads/2020/10/Kalender-2020-1-300x268.jpg" alt="" width="300" height="268" srcset="https://westfach.de/wp-content/uploads/2020/10/Kalender-2020-1-300x268.jpg 300w, https://westfach.de/wp-content/uploads/2020/10/Kalender-2020-1-768x685.jpg 768w, https://westfach.de/wp-content/uploads/2020/10/Kalender-2020-1.jpg 900w" sizes="auto, (max-width: 300px) 100vw, 300px" /></a></p>
<p>Im Ladengeschäft gibt es eine gute Auswahl ihrer Arbeiten. Jährlich gibt es z.B. einen neuen Kalender von <a href="https://shop.lagqaffe.de/"><strong>« Laqgaffe »</strong></a> Sie hat auch einen Online Shop.</p>
<p>&nbsp;</p>

<p>Unter dem Label: « Laqgaffe »  veröffentlicht die Leipziger Malerin und Grafikerin Elisabeth Wolf seit 2012 Bilder, Drucke und Grafiken. Dabei ist Sie nicht nur in regionalen und überregionalen Galerien und Magazinen vertreten. Sie ist außerdem mehrjährige Teilnehmerin beim « Urban Culture Festival „IBUg“, wo Sie mit anderen internationalen KünstlerInnen Industriebrachen in temporäre Kunstwerke verwandelt.</p>
