{"id":3002,"date":"2025-01-16T11:20:19","date_gmt":"2025-01-16T10:20:19","guid":{"rendered":"https:\/\/westfach.de\/?page_id=3002"},"modified":"2025-01-16T11:20:19","modified_gmt":"2025-01-16T10:20:19","slug":"der-bunte-bruecke-verlag-konrad-staisch","status":"publish","type":"page","link":"https:\/\/westfach.de\/en\/der-bunte-bruecke-verlag-konrad-staisch\/","title":{"rendered":"Der Bunte Br\u00fccke Verlag &#8211; Konrad Staisch"},"content":{"rendered":"<p><a href=\"https:\/\/westfach.de\/wp-content\/uploads\/2025\/01\/2024_bunte_bruecke-136.jpg\"><img loading=\"lazy\" decoding=\"async\" class=\"alignnone  wp-image-3003\" src=\"https:\/\/westfach.de\/wp-content\/uploads\/2025\/01\/2024_bunte_bruecke-136-300x200.jpg\" alt=\"\" width=\"494\" height=\"329\" srcset=\"https:\/\/westfach.de\/wp-content\/uploads\/2025\/01\/2024_bunte_bruecke-136-300x200.jpg 300w, https:\/\/westfach.de\/wp-content\/uploads\/2025\/01\/2024_bunte_bruecke-136-1024x683.jpg 1024w, https:\/\/westfach.de\/wp-content\/uploads\/2025\/01\/2024_bunte_bruecke-136-768x512.jpg 768w, https:\/\/westfach.de\/wp-content\/uploads\/2025\/01\/2024_bunte_bruecke-136-1536x1024.jpg 1536w, https:\/\/westfach.de\/wp-content\/uploads\/2025\/01\/2024_bunte_bruecke-136.jpg 1600w\" sizes=\"auto, (max-width: 494px) 100vw, 494px\" \/><\/a><\/p>\n<p>Der Bunte Br\u00fccke Verlag ist gleichzeitig Siebdruckwerkstatt und Verlag. Hier werden kleine, limitierte Auflagen von druckgrafischen Produkten von Hand produziert, die dann online oder \u00fcber verschiedene L\u00e4den und M\u00e4rkte vertrieben werden.<\/p>\n<p><!--more--><\/p>\n<p>&nbsp;<\/p>\n<p><a href=\"https:\/\/westfach.de\/wp-content\/uploads\/2025\/01\/Produktpalette.jpg\"><img loading=\"lazy\" decoding=\"async\" class=\"alignnone  wp-image-3005\" src=\"https:\/\/westfach.de\/wp-content\/uploads\/2025\/01\/Produktpalette-300x212.jpg\" alt=\"\" width=\"545\" height=\"385\" srcset=\"https:\/\/westfach.de\/wp-content\/uploads\/2025\/01\/Produktpalette-300x212.jpg 300w, https:\/\/westfach.de\/wp-content\/uploads\/2025\/01\/Produktpalette-1024x724.jpg 1024w, https:\/\/westfach.de\/wp-content\/uploads\/2025\/01\/Produktpalette-768x543.jpg 768w, https:\/\/westfach.de\/wp-content\/uploads\/2025\/01\/Produktpalette-1536x1086.jpg 1536w, https:\/\/westfach.de\/wp-content\/uploads\/2025\/01\/Produktpalette.jpg 1600w\" sizes=\"auto, (max-width: 545px) 100vw, 545px\" \/><\/a><\/p>\n<div class=\"\">Das bunte Programm gestalten eine Reihe von jungen Leipziger K\u00fcnstler*innen, die stetig erweitert wird. Die Werkstatt wird geleitet von Konrad Staisch.<\/div>\n<div class=\"\"><\/div>\n<div><a href=\"https:\/\/westfach.de\/wp-content\/uploads\/2025\/01\/Atelier_WEI10_04.jpg\"><img loading=\"lazy\" decoding=\"async\" class=\"alignnone  wp-image-3004\" src=\"https:\/\/westfach.de\/wp-content\/uploads\/2025\/01\/Atelier_WEI10_04-300x300.jpg\" alt=\"\" width=\"623\" height=\"623\" srcset=\"https:\/\/westfach.de\/wp-content\/uploads\/2025\/01\/Atelier_WEI10_04-300x300.jpg 300w, https:\/\/westfach.de\/wp-content\/uploads\/2025\/01\/Atelier_WEI10_04-1024x1024.jpg 1024w, https:\/\/westfach.de\/wp-content\/uploads\/2025\/01\/Atelier_WEI10_04-150x150.jpg 150w, https:\/\/westfach.de\/wp-content\/uploads\/2025\/01\/Atelier_WEI10_04-768x768.jpg 768w, https:\/\/westfach.de\/wp-content\/uploads\/2025\/01\/Atelier_WEI10_04.jpg 1080w\" sizes=\"auto, (max-width: 623px) 100vw, 623px\" \/><\/a><\/div>\n<div>Die Werkstatt ist ge\u00f6ffnet auf Anfrage oder zweimal im Jahr zum Bunte Br\u00fccke Werksverkauf (Winter und Sommer)<\/div>\n<div>\n<div class=\"\"><\/div>\n<div class=\"\">Auch Anfragen f\u00fcr Druck oder Gestaltungsauftr\u00e4ge nehmen wir gerne entgegen!<\/div>\n<div class=\"\"><\/div>\n<div class=\"\">\u2014> \u00a0<a class=\"mailto-link\" href=\"mailto:buntebruecke@posteo.de\" target=\"_blank\" rel=\"noopener\">buntebruecke@posteo.de<\/a><\/div>\n<div class=\"\"><\/div>\n<\/div>\n<div><\/div>\n<div><\/div>\n<div class=\"\"><\/div>\n<p>&nbsp;<\/p>\n<p>&nbsp;<\/p>\n","protected":false},"excerpt":{"rendered":"<p>Der Bunte Br\u00fccke Verlag ist gleichzeitig Siebdruckwerkstatt und Verlag. Hier werden kleine, limitierte Auflagen von druckgrafischen Produkten von Hand produziert, die dann online oder \u00fcber verschiedene L\u00e4den und M\u00e4rkte vertrieben werden.<\/p>\n","protected":false},"author":2,"featured_media":0,"parent":0,"menu_order":0,"comment_status":"closed","ping_status":"closed","template":"","meta":{"_bbp_topic_count":0,"_bbp_reply_count":0,"_bbp_total_topic_count":0,"_bbp_total_reply_count":0,"_bbp_voice_count":0,"_bbp_anonymous_reply_count":0,"_bbp_topic_count_hidden":0,"_bbp_reply_count_hidden":0,"_bbp_forum_subforum_count":0,"_crdt_document":"","footnotes":""},"categories":[3],"tags":[],"class_list":["post-3002","page","type-page","status-publish","hentry","category-kuenstlerinnen-und-herstellerinnen"],"jetpack_sharing_enabled":true,"_links":{"self":[{"href":"https:\/\/westfach.de\/en\/wp-json\/wp\/v2\/pages\/3002","targetHints":{"allow":["GET"]}}],"collection":[{"href":"https:\/\/westfach.de\/en\/wp-json\/wp\/v2\/pages"}],"about":[{"href":"https:\/\/westfach.de\/en\/wp-json\/wp\/v2\/types\/page"}],"author":[{"embeddable":true,"href":"https:\/\/westfach.de\/en\/wp-json\/wp\/v2\/users\/2"}],"replies":[{"embeddable":true,"href":"https:\/\/westfach.de\/en\/wp-json\/wp\/v2\/comments?post=3002"}],"version-history":[{"count":1,"href":"https:\/\/westfach.de\/en\/wp-json\/wp\/v2\/pages\/3002\/revisions"}],"predecessor-version":[{"id":3006,"href":"https:\/\/westfach.de\/en\/wp-json\/wp\/v2\/pages\/3002\/revisions\/3006"}],"wp:attachment":[{"href":"https:\/\/westfach.de\/en\/wp-json\/wp\/v2\/media?parent=3002"}],"wp:term":[{"taxonomy":"category","embeddable":true,"href":"https:\/\/westfach.de\/en\/wp-json\/wp\/v2\/categories?post=3002"},{"taxonomy":"post_tag","embeddable":true,"href":"https:\/\/westfach.de\/en\/wp-json\/wp\/v2\/tags?post=3002"}],"curies":[{"name":"wp","href":"https:\/\/api.w.org\/{rel}","templated":true}]}}

Der Bunte Brücke Verlag &#8211; Konrad Staisch

<p><a href="https://westfach.de/wp-content/uploads/2025/01/2024_bunte_bruecke-136.jpg"><img loading="lazy" decoding="async" class="alignnone  wp-image-3003" src="https://westfach.de/wp-content/uploads/2025/01/2024_bunte_bruecke-136-300x200.jpg" alt="" width="494" height="329" srcset="https://westfach.de/wp-content/uploads/2025/01/2024_bunte_bruecke-136-300x200.jpg 300w, https://westfach.de/wp-content/uploads/2025/01/2024_bunte_bruecke-136-1024x683.jpg 1024w, https://westfach.de/wp-content/uploads/2025/01/2024_bunte_bruecke-136-768x512.jpg 768w, https://westfach.de/wp-content/uploads/2025/01/2024_bunte_bruecke-136-1536x1024.jpg 1536w, https://westfach.de/wp-content/uploads/2025/01/2024_bunte_bruecke-136.jpg 1600w" sizes="auto, (max-width: 494px) 100vw, 494px" /></a></p>
<p>Der Bunte Brücke Verlag ist gleichzeitig Siebdruckwerkstatt und Verlag. Hier werden kleine, limitierte Auflagen von druckgrafischen Produkten von Hand produziert, die dann online oder über verschiedene Läden und Märkte vertrieben werden.</p>
<p><!--more--></p>
<p>&nbsp;</p>
<p><a href="https://westfach.de/wp-content/uploads/2025/01/Produktpalette.jpg"><img loading="lazy" decoding="async" class="alignnone  wp-image-3005" src="https://westfach.de/wp-content/uploads/2025/01/Produktpalette-300x212.jpg" alt="" width="545" height="385" srcset="https://westfach.de/wp-content/uploads/2025/01/Produktpalette-300x212.jpg 300w, https://westfach.de/wp-content/uploads/2025/01/Produktpalette-1024x724.jpg 1024w, https://westfach.de/wp-content/uploads/2025/01/Produktpalette-768x543.jpg 768w, https://westfach.de/wp-content/uploads/2025/01/Produktpalette-1536x1086.jpg 1536w, https://westfach.de/wp-content/uploads/2025/01/Produktpalette.jpg 1600w" sizes="auto, (max-width: 545px) 100vw, 545px" /></a></p>
<div class="">Das bunte Programm gestalten eine Reihe von jungen Leipziger Künstler*innen, die stetig erweitert wird. Die Werkstatt wird geleitet von Konrad Staisch.</div>
<div class=""></div>
<div><a href="https://westfach.de/wp-content/uploads/2025/01/Atelier_WEI10_04.jpg"><img loading="lazy" decoding="async" class="alignnone  wp-image-3004" src="https://westfach.de/wp-content/uploads/2025/01/Atelier_WEI10_04-300x300.jpg" alt="" width="623" height="623" srcset="https://westfach.de/wp-content/uploads/2025/01/Atelier_WEI10_04-300x300.jpg 300w, https://westfach.de/wp-content/uploads/2025/01/Atelier_WEI10_04-1024x1024.jpg 1024w, https://westfach.de/wp-content/uploads/2025/01/Atelier_WEI10_04-150x150.jpg 150w, https://westfach.de/wp-content/uploads/2025/01/Atelier_WEI10_04-768x768.jpg 768w, https://westfach.de/wp-content/uploads/2025/01/Atelier_WEI10_04.jpg 1080w" sizes="auto, (max-width: 623px) 100vw, 623px" /></a></div>
<div>Die Werkstatt ist geöffnet auf Anfrage oder zweimal im Jahr zum Bunte Brücke Werksverkauf (Winter und Sommer)</div>
<div>
<div class=""></div>
<div class="">Auch Anfragen für Druck oder Gestaltungsaufträge nehmen wir gerne entgegen!</div>
<div class=""></div>
<div class="">—>  <a class="mailto-link" href="mailto:buntebruecke@posteo.de" target="_blank" rel="noopener">buntebruecke@posteo.de</a></div>
<div class=""></div>
</div>
<div></div>
<div></div>
<div class=""></div>
<p>&nbsp;</p>
<p>&nbsp;</p>

<p>Der Bunte Brücke Verlag ist gleichzeitig Siebdruckwerkstatt und Verlag. Hier werden kleine, limitierte Auflagen von druckgrafischen Produkten von Hand produziert, die dann online oder über verschiedene Läden und Märkte vertrieben werden.</p>
