{"id":2927,"date":"2024-09-06T09:00:04","date_gmt":"2024-09-06T07:00:04","guid":{"rendered":"https:\/\/westfach.de\/?page_id=2927"},"modified":"2024-09-06T12:46:28","modified_gmt":"2024-09-06T10:46:28","slug":"catori-bela","status":"publish","type":"page","link":"https:\/\/westfach.de\/en\/anke-vetter\/catori-bela\/","title":{"rendered":"Catori Bela"},"content":{"rendered":"<p><a href=\"https:\/\/westfach.de\/wp-content\/uploads\/2024\/09\/CB_06092024.png\"><img loading=\"lazy\" decoding=\"async\" class=\"alignnone  wp-image-2956\" src=\"https:\/\/westfach.de\/wp-content\/uploads\/2024\/09\/CB_06092024-214x300.png\" alt=\"\" width=\"335\" height=\"470\" srcset=\"https:\/\/westfach.de\/wp-content\/uploads\/2024\/09\/CB_06092024-214x300.png 214w, https:\/\/westfach.de\/wp-content\/uploads\/2024\/09\/CB_06092024-729x1024.png 729w, https:\/\/westfach.de\/wp-content\/uploads\/2024\/09\/CB_06092024-768x1079.png 768w, https:\/\/westfach.de\/wp-content\/uploads\/2024\/09\/CB_06092024.png 854w\" sizes=\"auto, (max-width: 335px) 100vw, 335px\" \/><\/a><\/p>\n<p>&nbsp;<\/p>\n<p class=\"gmail-p1\"><span style=\"font-family: arial narrow, sans-serif;\"><a href=\"https:\/\/www.carmenbuechner.com\/\">Catori Bela<\/a>, auch bekannt als Carmen B\u00fcchner, wuchs in Weimar auf und studierte Animation und visuelle Effekte an der Filmakademie Ludwigsburg. Nach Jahren als Digital Artist und Filmemacherin konzentriert sie sich heute haupts\u00e4chlich auf ihre Kunst.\u00a0<\/span><\/p>\n<p>&nbsp;<\/p>\n<p><!--more--><\/p>\n<p>&nbsp;<\/p>\n<p><a href=\"https:\/\/westfach.de\/wp-content\/uploads\/2024\/09\/CB_Atelier_SW.png\"><img loading=\"lazy\" decoding=\"async\" class=\"alignnone  wp-image-2957\" src=\"https:\/\/westfach.de\/wp-content\/uploads\/2024\/09\/CB_Atelier_SW-225x300.png\" alt=\"\" width=\"357\" height=\"476\" srcset=\"https:\/\/westfach.de\/wp-content\/uploads\/2024\/09\/CB_Atelier_SW-225x300.png 225w, https:\/\/westfach.de\/wp-content\/uploads\/2024\/09\/CB_Atelier_SW-768x1024.png 768w, https:\/\/westfach.de\/wp-content\/uploads\/2024\/09\/CB_Atelier_SW.png 900w\" sizes=\"auto, (max-width: 357px) 100vw, 357px\" \/><\/a><\/p>\n<p>&nbsp;<\/p>\n<p>Ihre Werke, stark beeinflusst durch ihr Animationsstudium,\u00a0zeichnen sich durch humorvolle Charaktere, digitale Kunst und das Erz\u00e4hlen kleiner Geschichten aus.<\/p>\n<p>&nbsp;<\/p>\n<p><a href=\"https:\/\/westfach.de\/wp-content\/uploads\/2024\/09\/90cc48_e563126998044196ac94bf566a8dde52mv2.webp\"><img loading=\"lazy\" decoding=\"async\" class=\"alignnone wp-image-2935\" src=\"https:\/\/westfach.de\/wp-content\/uploads\/2024\/09\/90cc48_e563126998044196ac94bf566a8dde52mv2-219x300.webp\" alt=\"\" width=\"390\" height=\"534\" srcset=\"https:\/\/westfach.de\/wp-content\/uploads\/2024\/09\/90cc48_e563126998044196ac94bf566a8dde52mv2-219x300.webp 219w, https:\/\/westfach.de\/wp-content\/uploads\/2024\/09\/90cc48_e563126998044196ac94bf566a8dde52mv2.webp 740w\" sizes=\"auto, (max-width: 390px) 100vw, 390px\" \/><\/a><\/p>\n<p>&nbsp;<\/p>\n<p class=\"gmail-p2\">Aus gefundenen Materialien wie Steinen, Fliesen und Baukl\u00f6tzen schafft Catori kleine Kunstwerke, die durch ihre Unvollkommenheit eine eigene\u00a0Form von Perfektion erreichen. Ihre Motive sind eine spannende Mischung aus Street-Art-Einfl\u00fcssen, Zeitschriftenfetzen und eigenen Zeichnungen.<\/p>\n<p>&nbsp;<\/p>\n<p><a href=\"https:\/\/westfach.de\/wp-content\/uploads\/2024\/09\/90cc48_b13b86092c2a40b7a1c69b8dfdd2614dmv2.webp\"><img loading=\"lazy\" decoding=\"async\" class=\"alignnone wp-image-2936\" src=\"https:\/\/westfach.de\/wp-content\/uploads\/2024\/09\/90cc48_b13b86092c2a40b7a1c69b8dfdd2614dmv2-300x236.webp\" alt=\"\" width=\"487\" height=\"383\" srcset=\"https:\/\/westfach.de\/wp-content\/uploads\/2024\/09\/90cc48_b13b86092c2a40b7a1c69b8dfdd2614dmv2-300x236.webp 300w, https:\/\/westfach.de\/wp-content\/uploads\/2024\/09\/90cc48_b13b86092c2a40b7a1c69b8dfdd2614dmv2.webp 740w\" sizes=\"auto, (max-width: 487px) 100vw, 487px\" \/><\/a><\/p>\n<p>&nbsp;<\/p>\n<p class=\"gmail-p2\">So entstehen Kompositionen, die erz\u00e4hlerische Welten er\u00f6ffnen und den Betrachter zum Schmunzeln oder Staunen bringen.<\/p>\n<p>&nbsp;<\/p>\n<p><a href=\"https:\/\/westfach.de\/wp-content\/uploads\/2024\/09\/90cc48_33f8f90c97244b38aeea8f5371a8766fmv2.webp\"><img loading=\"lazy\" decoding=\"async\" class=\"alignnone size-medium wp-image-2937\" src=\"https:\/\/westfach.de\/wp-content\/uploads\/2024\/09\/90cc48_33f8f90c97244b38aeea8f5371a8766fmv2-300x236.webp\" alt=\"\" width=\"300\" height=\"236\" srcset=\"https:\/\/westfach.de\/wp-content\/uploads\/2024\/09\/90cc48_33f8f90c97244b38aeea8f5371a8766fmv2-300x236.webp 300w, https:\/\/westfach.de\/wp-content\/uploads\/2024\/09\/90cc48_33f8f90c97244b38aeea8f5371a8766fmv2.webp 740w\" sizes=\"auto, (max-width: 300px) 100vw, 300px\" \/><\/a><\/p>\n<p>&nbsp;<\/p>\n<div><strong>Originalit\u00e4t und Wiederverwertung stehen im Zentrum ihrer Arbeit. Dabei legt Catori gro\u00dfen Wert auf das Erschaffen von Unikaten.\u00a0<\/strong><\/div>\n<div><\/div>\n<div><strong>Jedes ihrer Werke erz\u00e4hlt seine eigene Geschichte, und mit etwas Gl\u00fcck fl\u00fcstert es dem Betrachter manchmal sogar ein \u201eSuperkalifragilistigexpialigetisch\u201c zu.<\/strong><\/div>\n<div><\/div>\n<div><\/div>\n<div><\/div>\n<div><a href=\"https:\/\/westfach.de\/wp-content\/uploads\/2024\/09\/90cc48_52f90e3eb1d64a65a9107a84fb09cf53mv2.webp\"><img loading=\"lazy\" decoding=\"async\" class=\"alignnone wp-image-2933\" src=\"https:\/\/westfach.de\/wp-content\/uploads\/2024\/09\/90cc48_52f90e3eb1d64a65a9107a84fb09cf53mv2-217x300.webp\" alt=\"\" width=\"471\" height=\"651\" srcset=\"https:\/\/westfach.de\/wp-content\/uploads\/2024\/09\/90cc48_52f90e3eb1d64a65a9107a84fb09cf53mv2-217x300.webp 217w, https:\/\/westfach.de\/wp-content\/uploads\/2024\/09\/90cc48_52f90e3eb1d64a65a9107a84fb09cf53mv2.webp 740w\" sizes=\"auto, (max-width: 471px) 100vw, 471px\" \/><\/a><\/div>\n<div><\/div>\n<div dir=\"ltr\">\n<div>\n<p class=\"gmail-p1\"><span style=\"font-family: arial narrow, sans-serif;\"><a href=\"http:\/\/www.carmenbuechner.com\" target=\"_blank\" rel=\"noopener\">www.carmenbuechner.com<\/a><\/span><\/p>\n<\/div>\n<\/div>\n<div><\/div>\n<p>&nbsp;<\/p>\n<p>&nbsp;<\/p>\n<p>&nbsp;<\/p>\n","protected":false},"excerpt":{"rendered":"<p>&nbsp; Catori Bela, auch bekannt als Carmen B\u00fcchner, wuchs in Weimar auf und studierte Animation und visuelle Effekte an der Filmakademie Ludwigsburg. Nach Jahren als Digital Artist und Filmemacherin konzentriert sie sich heute haupts\u00e4chlich auf ihre Kunst.\u00a0 &nbsp;<\/p>\n","protected":false},"author":2,"featured_media":0,"parent":1246,"menu_order":0,"comment_status":"closed","ping_status":"closed","template":"","meta":{"_bbp_topic_count":0,"_bbp_reply_count":0,"_bbp_total_topic_count":0,"_bbp_total_reply_count":0,"_bbp_voice_count":0,"_bbp_anonymous_reply_count":0,"_bbp_topic_count_hidden":0,"_bbp_reply_count_hidden":0,"_bbp_forum_subforum_count":0,"_crdt_document":"","footnotes":""},"categories":[3],"tags":[340,342,341,100,343,344],"class_list":["post-2927","page","type-page","status-publish","hentry","category-kuenstlerinnen-und-herstellerinnen","tag-catori-bela","tag-collage","tag-film","tag-kunst","tag-unikate-geschichten","tag-weimar"],"jetpack_sharing_enabled":true,"_links":{"self":[{"href":"https:\/\/westfach.de\/en\/wp-json\/wp\/v2\/pages\/2927","targetHints":{"allow":["GET"]}}],"collection":[{"href":"https:\/\/westfach.de\/en\/wp-json\/wp\/v2\/pages"}],"about":[{"href":"https:\/\/westfach.de\/en\/wp-json\/wp\/v2\/types\/page"}],"author":[{"embeddable":true,"href":"https:\/\/westfach.de\/en\/wp-json\/wp\/v2\/users\/2"}],"replies":[{"embeddable":true,"href":"https:\/\/westfach.de\/en\/wp-json\/wp\/v2\/comments?post=2927"}],"version-history":[{"count":14,"href":"https:\/\/westfach.de\/en\/wp-json\/wp\/v2\/pages\/2927\/revisions"}],"predecessor-version":[{"id":2959,"href":"https:\/\/westfach.de\/en\/wp-json\/wp\/v2\/pages\/2927\/revisions\/2959"}],"up":[{"embeddable":true,"href":"https:\/\/westfach.de\/en\/wp-json\/wp\/v2\/pages\/1246"}],"wp:attachment":[{"href":"https:\/\/westfach.de\/en\/wp-json\/wp\/v2\/media?parent=2927"}],"wp:term":[{"taxonomy":"category","embeddable":true,"href":"https:\/\/westfach.de\/en\/wp-json\/wp\/v2\/categories?post=2927"},{"taxonomy":"post_tag","embeddable":true,"href":"https:\/\/westfach.de\/en\/wp-json\/wp\/v2\/tags?post=2927"}],"curies":[{"name":"wp","href":"https:\/\/api.w.org\/{rel}","templated":true}]}}

<p><a href="https://westfach.de/wp-content/uploads/2024/09/CB_06092024.png"><img loading="lazy" decoding="async" class="alignnone  wp-image-2956" src="https://westfach.de/wp-content/uploads/2024/09/CB_06092024-214x300.png" alt="" width="335" height="470" srcset="https://westfach.de/wp-content/uploads/2024/09/CB_06092024-214x300.png 214w, https://westfach.de/wp-content/uploads/2024/09/CB_06092024-729x1024.png 729w, https://westfach.de/wp-content/uploads/2024/09/CB_06092024-768x1079.png 768w, https://westfach.de/wp-content/uploads/2024/09/CB_06092024.png 854w" sizes="auto, (max-width: 335px) 100vw, 335px" /></a></p>
<p>&nbsp;</p>
<p class="gmail-p1"><span style="font-family: arial narrow, sans-serif;"><a href="https://www.carmenbuechner.com/">Catori Bela</a>, auch bekannt als Carmen Büchner, wuchs in Weimar auf und studierte Animation und visuelle Effekte an der Filmakademie Ludwigsburg. Nach Jahren als Digital Artist und Filmemacherin konzentriert sie sich heute hauptsächlich auf ihre Kunst. </span></p>
<p>&nbsp;</p>
<p><!--more--></p>
<p>&nbsp;</p>
<p><a href="https://westfach.de/wp-content/uploads/2024/09/CB_Atelier_SW.png"><img loading="lazy" decoding="async" class="alignnone  wp-image-2957" src="https://westfach.de/wp-content/uploads/2024/09/CB_Atelier_SW-225x300.png" alt="" width="357" height="476" srcset="https://westfach.de/wp-content/uploads/2024/09/CB_Atelier_SW-225x300.png 225w, https://westfach.de/wp-content/uploads/2024/09/CB_Atelier_SW-768x1024.png 768w, https://westfach.de/wp-content/uploads/2024/09/CB_Atelier_SW.png 900w" sizes="auto, (max-width: 357px) 100vw, 357px" /></a></p>
<p>&nbsp;</p>
<p>Ihre Werke, stark beeinflusst durch ihr Animationsstudium, zeichnen sich durch humorvolle Charaktere, digitale Kunst und das Erzählen kleiner Geschichten aus.</p>
<p>&nbsp;</p>
<p><a href="https://westfach.de/wp-content/uploads/2024/09/90cc48_e563126998044196ac94bf566a8dde52mv2.webp"><img loading="lazy" decoding="async" class="alignnone wp-image-2935" src="https://westfach.de/wp-content/uploads/2024/09/90cc48_e563126998044196ac94bf566a8dde52mv2-219x300.webp" alt="" width="390" height="534" srcset="https://westfach.de/wp-content/uploads/2024/09/90cc48_e563126998044196ac94bf566a8dde52mv2-219x300.webp 219w, https://westfach.de/wp-content/uploads/2024/09/90cc48_e563126998044196ac94bf566a8dde52mv2.webp 740w" sizes="auto, (max-width: 390px) 100vw, 390px" /></a></p>
<p>&nbsp;</p>
<p class="gmail-p2">Aus gefundenen Materialien wie Steinen, Fliesen und Bauklötzen schafft Catori kleine Kunstwerke, die durch ihre Unvollkommenheit eine eigene Form von Perfektion erreichen. Ihre Motive sind eine spannende Mischung aus Street-Art-Einflüssen, Zeitschriftenfetzen und eigenen Zeichnungen.</p>
<p>&nbsp;</p>
<p><a href="https://westfach.de/wp-content/uploads/2024/09/90cc48_b13b86092c2a40b7a1c69b8dfdd2614dmv2.webp"><img loading="lazy" decoding="async" class="alignnone wp-image-2936" src="https://westfach.de/wp-content/uploads/2024/09/90cc48_b13b86092c2a40b7a1c69b8dfdd2614dmv2-300x236.webp" alt="" width="487" height="383" srcset="https://westfach.de/wp-content/uploads/2024/09/90cc48_b13b86092c2a40b7a1c69b8dfdd2614dmv2-300x236.webp 300w, https://westfach.de/wp-content/uploads/2024/09/90cc48_b13b86092c2a40b7a1c69b8dfdd2614dmv2.webp 740w" sizes="auto, (max-width: 487px) 100vw, 487px" /></a></p>
<p>&nbsp;</p>
<p class="gmail-p2">So entstehen Kompositionen, die erzählerische Welten eröffnen und den Betrachter zum Schmunzeln oder Staunen bringen.</p>
<p>&nbsp;</p>
<p><a href="https://westfach.de/wp-content/uploads/2024/09/90cc48_33f8f90c97244b38aeea8f5371a8766fmv2.webp"><img loading="lazy" decoding="async" class="alignnone size-medium wp-image-2937" src="https://westfach.de/wp-content/uploads/2024/09/90cc48_33f8f90c97244b38aeea8f5371a8766fmv2-300x236.webp" alt="" width="300" height="236" srcset="https://westfach.de/wp-content/uploads/2024/09/90cc48_33f8f90c97244b38aeea8f5371a8766fmv2-300x236.webp 300w, https://westfach.de/wp-content/uploads/2024/09/90cc48_33f8f90c97244b38aeea8f5371a8766fmv2.webp 740w" sizes="auto, (max-width: 300px) 100vw, 300px" /></a></p>
<p>&nbsp;</p>
<div><strong>Originalität und Wiederverwertung stehen im Zentrum ihrer Arbeit. Dabei legt Catori großen Wert auf das Erschaffen von Unikaten. </strong></div>
<div></div>
<div><strong>Jedes ihrer Werke erzählt seine eigene Geschichte, und mit etwas Glück flüstert es dem Betrachter manchmal sogar ein „Superkalifragilistigexpialigetisch“ zu.</strong></div>
<div></div>
<div></div>
<div></div>
<div><a href="https://westfach.de/wp-content/uploads/2024/09/90cc48_52f90e3eb1d64a65a9107a84fb09cf53mv2.webp"><img loading="lazy" decoding="async" class="alignnone wp-image-2933" src="https://westfach.de/wp-content/uploads/2024/09/90cc48_52f90e3eb1d64a65a9107a84fb09cf53mv2-217x300.webp" alt="" width="471" height="651" srcset="https://westfach.de/wp-content/uploads/2024/09/90cc48_52f90e3eb1d64a65a9107a84fb09cf53mv2-217x300.webp 217w, https://westfach.de/wp-content/uploads/2024/09/90cc48_52f90e3eb1d64a65a9107a84fb09cf53mv2.webp 740w" sizes="auto, (max-width: 471px) 100vw, 471px" /></a></div>
<div></div>
<div dir="ltr">
<div>
<p class="gmail-p1"><span style="font-family: arial narrow, sans-serif;"><a href="http://www.carmenbuechner.com" target="_blank" rel="noopener">www.carmenbuechner.com</a></span></p>
</div>
</div>
<div></div>
<p>&nbsp;</p>
<p>&nbsp;</p>
<p>&nbsp;</p>

<p>&nbsp; Catori Bela, auch bekannt als Carmen Büchner, wuchs in Weimar auf und studierte Animation und visuelle Effekte an der Filmakademie Ludwigsburg. Nach Jahren als Digital Artist und Filmemacherin konzentriert sie sich heute hauptsächlich auf ihre Kunst.  &nbsp;</p>
