{"id":2713,"date":"2023-01-04T09:32:12","date_gmt":"2023-01-04T08:32:12","guid":{"rendered":"https:\/\/westfach.de\/?page_id=2713"},"modified":"2023-01-04T09:50:43","modified_gmt":"2023-01-04T08:50:43","slug":"gufikopan-chotto","status":"publish","type":"page","link":"https:\/\/westfach.de\/en\/gufikopan-chotto\/","title":{"rendered":"GUFIKOPAN CHOTTO"},"content":{"rendered":"<h5>\u00a0<a href=\"https:\/\/westfach.de\/wp-content\/uploads\/2023\/01\/gufiko_logo.jpg\"><img loading=\"lazy\" decoding=\"async\" class=\"alignnone wp-image-2714\" src=\"https:\/\/westfach.de\/wp-content\/uploads\/2023\/01\/gufiko_logo-300x235.jpg\" alt=\"\" width=\"437\" height=\"342\" srcset=\"https:\/\/westfach.de\/wp-content\/uploads\/2023\/01\/gufiko_logo-300x235.jpg 300w, https:\/\/westfach.de\/wp-content\/uploads\/2023\/01\/gufiko_logo-1024x802.jpg 1024w, https:\/\/westfach.de\/wp-content\/uploads\/2023\/01\/gufiko_logo-768x601.jpg 768w, https:\/\/westfach.de\/wp-content\/uploads\/2023\/01\/gufiko_logo.jpg 1533w\" sizes=\"auto, (max-width: 437px) 100vw, 437px\" \/><\/a><\/h5>\n<h4>GUFIKO ist f\u00fcr analoge Fotografie.<!--more--><\/h4>\n<p><a href=\"https:\/\/westfach.de\/wp-content\/uploads\/2023\/01\/gufiko_gufikopan.jpg\"><img loading=\"lazy\" decoding=\"async\" class=\"alignnone wp-image-2725\" src=\"https:\/\/westfach.de\/wp-content\/uploads\/2023\/01\/gufiko_gufikopan-300x198.jpg\" alt=\"\" width=\"453\" height=\"299\" srcset=\"https:\/\/westfach.de\/wp-content\/uploads\/2023\/01\/gufiko_gufikopan-300x198.jpg 300w, https:\/\/westfach.de\/wp-content\/uploads\/2023\/01\/gufiko_gufikopan.jpg 500w\" sizes=\"auto, (max-width: 453px) 100vw, 453px\" \/><\/a><\/p>\n<p>Bei der Entwicklung von Kleinbildfilmen fallen ungeahnte Mengen an M\u00fcll an. Deshalb pr\u00fcft GUFIKO die anfallenden Patronen verschiedener Hersteller auf Wiederverwendbarkeit, best\u00fcckt diese neu und schafft somit ein Recyclingsystem, das ein nachhaltiges Programm f\u00fcr die kreative Fotoszene in Leipzig und dar\u00fcber hinaus stellt.<\/p>\n<p><a href=\"https:\/\/westfach.de\/wp-content\/uploads\/2023\/01\/gufiko_aufsteller_westfach.jpeg\"><img loading=\"lazy\" decoding=\"async\" class=\"alignnone wp-image-2720\" src=\"https:\/\/westfach.de\/wp-content\/uploads\/2023\/01\/gufiko_aufsteller_westfach-300x300.jpeg\" alt=\"\" width=\"438\" height=\"438\" srcset=\"https:\/\/westfach.de\/wp-content\/uploads\/2023\/01\/gufiko_aufsteller_westfach-300x300.jpeg 300w, https:\/\/westfach.de\/wp-content\/uploads\/2023\/01\/gufiko_aufsteller_westfach-1024x1024.jpeg 1024w, https:\/\/westfach.de\/wp-content\/uploads\/2023\/01\/gufiko_aufsteller_westfach-150x150.jpeg 150w, https:\/\/westfach.de\/wp-content\/uploads\/2023\/01\/gufiko_aufsteller_westfach-768x768.jpeg 768w, https:\/\/westfach.de\/wp-content\/uploads\/2023\/01\/gufiko_aufsteller_westfach.jpeg 1200w\" sizes=\"auto, (max-width: 438px) 100vw, 438px\" \/><\/a><\/p>\n<p><em>( Box f\u00fcr den Verkauf im <a href=\"https:\/\/www.google.de\/maps\/place\/WestFach+-+Handmade-+und+RecordStore\/@51.3307373,12.3297249,17z\/data=!3m1!4b1!4m5!3m4!1s0x47a6f7a04e9b156b:0x9f7c9eff7ae1959d!8m2!3d51.3307192!4d12.331925\">WestFach<\/a> )<\/em><\/p>\n<p>Es ist kein Riesenprojekt, aber dadurch kann M\u00fcll reduziert und ein Beitrag zum Erhalt der analogen Fotografie geleistet werden.<br \/>\nErg\u00e4nzend dazu gibt es spezielle Dunkelkammerarbeiten, die im deutschsprachigen Raum kaum noch zu finden sind.<\/p>\n<p><a href=\"https:\/\/westfach.de\/wp-content\/uploads\/2023\/01\/gufiko_gufikopan_chotto.jpeg\"><img loading=\"lazy\" decoding=\"async\" class=\"alignnone wp-image-2721\" src=\"https:\/\/westfach.de\/wp-content\/uploads\/2023\/01\/gufiko_gufikopan_chotto-300x300.jpeg\" alt=\"\" width=\"434\" height=\"434\" srcset=\"https:\/\/westfach.de\/wp-content\/uploads\/2023\/01\/gufiko_gufikopan_chotto-300x300.jpeg 300w, https:\/\/westfach.de\/wp-content\/uploads\/2023\/01\/gufiko_gufikopan_chotto-1024x1024.jpeg 1024w, https:\/\/westfach.de\/wp-content\/uploads\/2023\/01\/gufiko_gufikopan_chotto-150x150.jpeg 150w, https:\/\/westfach.de\/wp-content\/uploads\/2023\/01\/gufiko_gufikopan_chotto-768x768.jpeg 768w, https:\/\/westfach.de\/wp-content\/uploads\/2023\/01\/gufiko_gufikopan_chotto.jpeg 1200w\" sizes=\"auto, (max-width: 434px) 100vw, 434px\" \/><\/a><\/p>\n<h6>FILME<\/h6>\n<p>Bei den Filmen handelt es sich um Kreativfilme mit betonter Schattenzeichnung und akzentuierter K\u00f6rnigkeit. GUFIKOPAN ist Schwarzweiss-Negativfilm. Es gibt drei Sorten:<\/p>\n<p><strong>GUFIKOPAN CHOTTO<\/strong> \u2013 ausgeglichener und aufl\u00f6sender als ULTRA und ATMO<\/p>\n<p><a href=\"https:\/\/westfach.de\/wp-content\/uploads\/2023\/01\/20221108_gufikopan_chotto_web_6min_globus.jpg\"><img loading=\"lazy\" decoding=\"async\" class=\"alignnone wp-image-2723\" src=\"https:\/\/westfach.de\/wp-content\/uploads\/2023\/01\/20221108_gufikopan_chotto_web_6min_globus-192x300.jpg\" alt=\"\" width=\"444\" height=\"694\" srcset=\"https:\/\/westfach.de\/wp-content\/uploads\/2023\/01\/20221108_gufikopan_chotto_web_6min_globus-192x300.jpg 192w, https:\/\/westfach.de\/wp-content\/uploads\/2023\/01\/20221108_gufikopan_chotto_web_6min_globus-656x1024.jpg 656w, https:\/\/westfach.de\/wp-content\/uploads\/2023\/01\/20221108_gufikopan_chotto_web_6min_globus-768x1198.jpg 768w, https:\/\/westfach.de\/wp-content\/uploads\/2023\/01\/20221108_gufikopan_chotto_web_6min_globus.jpg 769w\" sizes=\"auto, (max-width: 444px) 100vw, 444px\" \/> <\/a><\/p>\n<p><em><a href=\"https:\/\/www.rottenplaces.de\/main\/veb-globus-werke-leipzig-14272\/\">(Atlas Figur VEB Globus Werke )<\/a><\/em><\/p>\n<p><strong>GUFIKOPAN ULTRA<\/strong> \u2013 k\u00f6rniger als CHOTTO weniger aufl\u00f6send als ATMO<\/p>\n<p><a href=\"https:\/\/westfach.de\/wp-content\/uploads\/2023\/01\/20221108_gufikopan_ultra_web_7min_see.jpg\"><img loading=\"lazy\" decoding=\"async\" class=\"alignnone wp-image-2724\" src=\"https:\/\/westfach.de\/wp-content\/uploads\/2023\/01\/20221108_gufikopan_ultra_web_7min_see-220x300.jpg\" alt=\"\" width=\"445\" height=\"607\" srcset=\"https:\/\/westfach.de\/wp-content\/uploads\/2023\/01\/20221108_gufikopan_ultra_web_7min_see-220x300.jpg 220w, https:\/\/westfach.de\/wp-content\/uploads\/2023\/01\/20221108_gufikopan_ultra_web_7min_see-750x1024.jpg 750w, https:\/\/westfach.de\/wp-content\/uploads\/2023\/01\/20221108_gufikopan_ultra_web_7min_see-768x1048.jpg 768w, https:\/\/westfach.de\/wp-content\/uploads\/2023\/01\/20221108_gufikopan_ultra_web_7min_see.jpg 879w\" sizes=\"auto, (max-width: 445px) 100vw, 445px\" \/><\/a><\/p>\n<p><em>( <a href=\"https:\/\/www.leipzigseen.de\/die-seen\/kulkwitzer-see\">Kulkwitzer See &#8211; Leipzig<\/a> )<\/em><\/p>\n<p><strong>GUFIKOPAN ATMO<\/strong> \u2013 weniger k\u00f6rnig als ULTRA, Aufl\u00f6sung vergleichbar mit ULTRA<\/p>\n<p>Es wird kein Effekt hineinkopiert. Jedes Bild erh\u00e4lt seine Einmaligkeit \u2013 ein Unikat. Die Abgabe der Filme ist limitiert.<\/p>\n<p><a href=\"https:\/\/westfach.de\/wp-content\/uploads\/2023\/01\/gufiko_team_kaneko_welz.jpg\"><img loading=\"lazy\" decoding=\"async\" class=\"alignnone wp-image-2715\" src=\"https:\/\/westfach.de\/wp-content\/uploads\/2023\/01\/gufiko_team_kaneko_welz-247x300.jpg\" alt=\"\" width=\"421\" height=\"511\" srcset=\"https:\/\/westfach.de\/wp-content\/uploads\/2023\/01\/gufiko_team_kaneko_welz-247x300.jpg 247w, https:\/\/westfach.de\/wp-content\/uploads\/2023\/01\/gufiko_team_kaneko_welz.jpg 986w\" sizes=\"auto, (max-width: 421px) 100vw, 421px\" \/><\/a><\/p>\n<p>( Das Team von <a href=\"https:\/\/gufiko.de\/\">GUFIKO<\/a> )<\/p>\n<p><strong>DUNKELKAMMERARBEIT <\/strong><\/p>\n<p>GUFIKO bietet eine Schwarzweiss-Umkehrentwicklung<wbr \/> nach modifizierter ORWO-Rezeptur an. Hierzu werden die Prozess-B\u00e4der aus Rohchemiekalien angesetzt. Eine individualisierte Entwicklung ist nach R\u00fccksprache m\u00f6glich. Entwickelt werden k\u00f6nnen folgende Kleinbildfilme und Mittelformatfilme:<br \/>\nFoma R100, Rollei Superpan 200, Adox Scala 50 + 160, Adox CHS 100, ORWO UN54.<\/p>\n<p><strong>KONTAKT <\/strong><\/p>\n<p><a href=\"http:\/\/www.gufiko.de\" target=\"_blank\" rel=\"noopener\">www.gufiko.de<\/a><br \/>\n<a class=\"mailto-link\" href=\"mailto:gufiko@web.de\" target=\"_blank\" rel=\"noopener\">gufiko@web.de<\/a><\/p>\n<p><a href=\"https:\/\/westfach.de\/wp-content\/uploads\/2023\/01\/gufiko_maskottchen_akito.jpg\"><img loading=\"lazy\" decoding=\"async\" class=\"alignnone wp-image-2719\" src=\"https:\/\/westfach.de\/wp-content\/uploads\/2023\/01\/gufiko_maskottchen_akito-300x267.jpg\" alt=\"\" width=\"473\" height=\"421\" srcset=\"https:\/\/westfach.de\/wp-content\/uploads\/2023\/01\/gufiko_maskottchen_akito-300x267.jpg 300w, https:\/\/westfach.de\/wp-content\/uploads\/2023\/01\/gufiko_maskottchen_akito-1024x912.jpg 1024w, https:\/\/westfach.de\/wp-content\/uploads\/2023\/01\/gufiko_maskottchen_akito-768x684.jpg 768w, https:\/\/westfach.de\/wp-content\/uploads\/2023\/01\/gufiko_maskottchen_akito.jpg 1348w\" sizes=\"auto, (max-width: 473px) 100vw, 473px\" \/><\/a><\/p>\n","protected":false},"excerpt":{"rendered":"<p>\u00a0 GUFIKO ist f\u00fcr analoge Fotografie.<\/p>\n","protected":false},"author":2,"featured_media":0,"parent":0,"menu_order":0,"comment_status":"closed","ping_status":"closed","template":"","meta":{"_bbp_topic_count":0,"_bbp_reply_count":0,"_bbp_total_topic_count":0,"_bbp_total_reply_count":0,"_bbp_voice_count":0,"_bbp_anonymous_reply_count":0,"_bbp_topic_count_hidden":0,"_bbp_reply_count_hidden":0,"_bbp_forum_subforum_count":0,"_crdt_document":"","footnotes":""},"categories":[3],"tags":[],"class_list":["post-2713","page","type-page","status-publish","hentry","category-kuenstlerinnen-und-herstellerinnen"],"jetpack_sharing_enabled":true,"_links":{"self":[{"href":"https:\/\/westfach.de\/en\/wp-json\/wp\/v2\/pages\/2713","targetHints":{"allow":["GET"]}}],"collection":[{"href":"https:\/\/westfach.de\/en\/wp-json\/wp\/v2\/pages"}],"about":[{"href":"https:\/\/westfach.de\/en\/wp-json\/wp\/v2\/types\/page"}],"author":[{"embeddable":true,"href":"https:\/\/westfach.de\/en\/wp-json\/wp\/v2\/users\/2"}],"replies":[{"embeddable":true,"href":"https:\/\/westfach.de\/en\/wp-json\/wp\/v2\/comments?post=2713"}],"version-history":[{"count":3,"href":"https:\/\/westfach.de\/en\/wp-json\/wp\/v2\/pages\/2713\/revisions"}],"predecessor-version":[{"id":2739,"href":"https:\/\/westfach.de\/en\/wp-json\/wp\/v2\/pages\/2713\/revisions\/2739"}],"wp:attachment":[{"href":"https:\/\/westfach.de\/en\/wp-json\/wp\/v2\/media?parent=2713"}],"wp:term":[{"taxonomy":"category","embeddable":true,"href":"https:\/\/westfach.de\/en\/wp-json\/wp\/v2\/categories?post=2713"},{"taxonomy":"post_tag","embeddable":true,"href":"https:\/\/westfach.de\/en\/wp-json\/wp\/v2\/tags?post=2713"}],"curies":[{"name":"wp","href":"https:\/\/api.w.org\/{rel}","templated":true}]}}

<h5> <a href="https://westfach.de/wp-content/uploads/2023/01/gufiko_logo.jpg"><img loading="lazy" decoding="async" class="alignnone wp-image-2714" src="https://westfach.de/wp-content/uploads/2023/01/gufiko_logo-300x235.jpg" alt="" width="437" height="342" srcset="https://westfach.de/wp-content/uploads/2023/01/gufiko_logo-300x235.jpg 300w, https://westfach.de/wp-content/uploads/2023/01/gufiko_logo-1024x802.jpg 1024w, https://westfach.de/wp-content/uploads/2023/01/gufiko_logo-768x601.jpg 768w, https://westfach.de/wp-content/uploads/2023/01/gufiko_logo.jpg 1533w" sizes="auto, (max-width: 437px) 100vw, 437px" /></a></h5>
<h4>GUFIKO ist für analoge Fotografie.<!--more--></h4>
<p><a href="https://westfach.de/wp-content/uploads/2023/01/gufiko_gufikopan.jpg"><img loading="lazy" decoding="async" class="alignnone wp-image-2725" src="https://westfach.de/wp-content/uploads/2023/01/gufiko_gufikopan-300x198.jpg" alt="" width="453" height="299" srcset="https://westfach.de/wp-content/uploads/2023/01/gufiko_gufikopan-300x198.jpg 300w, https://westfach.de/wp-content/uploads/2023/01/gufiko_gufikopan.jpg 500w" sizes="auto, (max-width: 453px) 100vw, 453px" /></a></p>
<p>Bei der Entwicklung von Kleinbildfilmen fallen ungeahnte Mengen an Müll an. Deshalb prüft GUFIKO die anfallenden Patronen verschiedener Hersteller auf Wiederverwendbarkeit, bestückt diese neu und schafft somit ein Recyclingsystem, das ein nachhaltiges Programm für die kreative Fotoszene in Leipzig und darüber hinaus stellt.</p>
<p><a href="https://westfach.de/wp-content/uploads/2023/01/gufiko_aufsteller_westfach.jpeg"><img loading="lazy" decoding="async" class="alignnone wp-image-2720" src="https://westfach.de/wp-content/uploads/2023/01/gufiko_aufsteller_westfach-300x300.jpeg" alt="" width="438" height="438" srcset="https://westfach.de/wp-content/uploads/2023/01/gufiko_aufsteller_westfach-300x300.jpeg 300w, https://westfach.de/wp-content/uploads/2023/01/gufiko_aufsteller_westfach-1024x1024.jpeg 1024w, https://westfach.de/wp-content/uploads/2023/01/gufiko_aufsteller_westfach-150x150.jpeg 150w, https://westfach.de/wp-content/uploads/2023/01/gufiko_aufsteller_westfach-768x768.jpeg 768w, https://westfach.de/wp-content/uploads/2023/01/gufiko_aufsteller_westfach.jpeg 1200w" sizes="auto, (max-width: 438px) 100vw, 438px" /></a></p>
<p><em>( Box für den Verkauf im <a href="https://www.google.de/maps/place/WestFach+-+Handmade-+und+RecordStore/@51.3307373,12.3297249,17z/data=!3m1!4b1!4m5!3m4!1s0x47a6f7a04e9b156b:0x9f7c9eff7ae1959d!8m2!3d51.3307192!4d12.331925">WestFach</a> )</em></p>
<p>Es ist kein Riesenprojekt, aber dadurch kann Müll reduziert und ein Beitrag zum Erhalt der analogen Fotografie geleistet werden.<br />
Ergänzend dazu gibt es spezielle Dunkelkammerarbeiten, die im deutschsprachigen Raum kaum noch zu finden sind.</p>
<p><a href="https://westfach.de/wp-content/uploads/2023/01/gufiko_gufikopan_chotto.jpeg"><img loading="lazy" decoding="async" class="alignnone wp-image-2721" src="https://westfach.de/wp-content/uploads/2023/01/gufiko_gufikopan_chotto-300x300.jpeg" alt="" width="434" height="434" srcset="https://westfach.de/wp-content/uploads/2023/01/gufiko_gufikopan_chotto-300x300.jpeg 300w, https://westfach.de/wp-content/uploads/2023/01/gufiko_gufikopan_chotto-1024x1024.jpeg 1024w, https://westfach.de/wp-content/uploads/2023/01/gufiko_gufikopan_chotto-150x150.jpeg 150w, https://westfach.de/wp-content/uploads/2023/01/gufiko_gufikopan_chotto-768x768.jpeg 768w, https://westfach.de/wp-content/uploads/2023/01/gufiko_gufikopan_chotto.jpeg 1200w" sizes="auto, (max-width: 434px) 100vw, 434px" /></a></p>
<h6>FILME</h6>
<p>Bei den Filmen handelt es sich um Kreativfilme mit betonter Schattenzeichnung und akzentuierter Körnigkeit. GUFIKOPAN ist Schwarzweiss-Negativfilm. Es gibt drei Sorten:</p>
<p><strong>GUFIKOPAN CHOTTO</strong> – ausgeglichener und auflösender als ULTRA und ATMO</p>
<p><a href="https://westfach.de/wp-content/uploads/2023/01/20221108_gufikopan_chotto_web_6min_globus.jpg"><img loading="lazy" decoding="async" class="alignnone wp-image-2723" src="https://westfach.de/wp-content/uploads/2023/01/20221108_gufikopan_chotto_web_6min_globus-192x300.jpg" alt="" width="444" height="694" srcset="https://westfach.de/wp-content/uploads/2023/01/20221108_gufikopan_chotto_web_6min_globus-192x300.jpg 192w, https://westfach.de/wp-content/uploads/2023/01/20221108_gufikopan_chotto_web_6min_globus-656x1024.jpg 656w, https://westfach.de/wp-content/uploads/2023/01/20221108_gufikopan_chotto_web_6min_globus-768x1198.jpg 768w, https://westfach.de/wp-content/uploads/2023/01/20221108_gufikopan_chotto_web_6min_globus.jpg 769w" sizes="auto, (max-width: 444px) 100vw, 444px" /> </a></p>
<p><em><a href="https://www.rottenplaces.de/main/veb-globus-werke-leipzig-14272/">(Atlas Figur VEB Globus Werke )</a></em></p>
<p><strong>GUFIKOPAN ULTRA</strong> – körniger als CHOTTO weniger auflösend als ATMO</p>
<p><a href="https://westfach.de/wp-content/uploads/2023/01/20221108_gufikopan_ultra_web_7min_see.jpg"><img loading="lazy" decoding="async" class="alignnone wp-image-2724" src="https://westfach.de/wp-content/uploads/2023/01/20221108_gufikopan_ultra_web_7min_see-220x300.jpg" alt="" width="445" height="607" srcset="https://westfach.de/wp-content/uploads/2023/01/20221108_gufikopan_ultra_web_7min_see-220x300.jpg 220w, https://westfach.de/wp-content/uploads/2023/01/20221108_gufikopan_ultra_web_7min_see-750x1024.jpg 750w, https://westfach.de/wp-content/uploads/2023/01/20221108_gufikopan_ultra_web_7min_see-768x1048.jpg 768w, https://westfach.de/wp-content/uploads/2023/01/20221108_gufikopan_ultra_web_7min_see.jpg 879w" sizes="auto, (max-width: 445px) 100vw, 445px" /></a></p>
<p><em>( <a href="https://www.leipzigseen.de/die-seen/kulkwitzer-see">Kulkwitzer See &#8211; Leipzig</a> )</em></p>
<p><strong>GUFIKOPAN ATMO</strong> – weniger körnig als ULTRA, Auflösung vergleichbar mit ULTRA</p>
<p>Es wird kein Effekt hineinkopiert. Jedes Bild erhält seine Einmaligkeit – ein Unikat. Die Abgabe der Filme ist limitiert.</p>
<p><a href="https://westfach.de/wp-content/uploads/2023/01/gufiko_team_kaneko_welz.jpg"><img loading="lazy" decoding="async" class="alignnone wp-image-2715" src="https://westfach.de/wp-content/uploads/2023/01/gufiko_team_kaneko_welz-247x300.jpg" alt="" width="421" height="511" srcset="https://westfach.de/wp-content/uploads/2023/01/gufiko_team_kaneko_welz-247x300.jpg 247w, https://westfach.de/wp-content/uploads/2023/01/gufiko_team_kaneko_welz.jpg 986w" sizes="auto, (max-width: 421px) 100vw, 421px" /></a></p>
<p>( Das Team von <a href="https://gufiko.de/">GUFIKO</a> )</p>
<p><strong>DUNKELKAMMERARBEIT </strong></p>
<p>GUFIKO bietet eine Schwarzweiss-Umkehrentwicklung<wbr /> nach modifizierter ORWO-Rezeptur an. Hierzu werden die Prozess-Bäder aus Rohchemiekalien angesetzt. Eine individualisierte Entwicklung ist nach Rücksprache möglich. Entwickelt werden können folgende Kleinbildfilme und Mittelformatfilme:<br />
Foma R100, Rollei Superpan 200, Adox Scala 50 + 160, Adox CHS 100, ORWO UN54.</p>
<p><strong>KONTAKT </strong></p>
<p><a href="http://www.gufiko.de" target="_blank" rel="noopener">www.gufiko.de</a><br />
<a class="mailto-link" href="mailto:gufiko@web.de" target="_blank" rel="noopener">gufiko@web.de</a></p>
<p><a href="https://westfach.de/wp-content/uploads/2023/01/gufiko_maskottchen_akito.jpg"><img loading="lazy" decoding="async" class="alignnone wp-image-2719" src="https://westfach.de/wp-content/uploads/2023/01/gufiko_maskottchen_akito-300x267.jpg" alt="" width="473" height="421" srcset="https://westfach.de/wp-content/uploads/2023/01/gufiko_maskottchen_akito-300x267.jpg 300w, https://westfach.de/wp-content/uploads/2023/01/gufiko_maskottchen_akito-1024x912.jpg 1024w, https://westfach.de/wp-content/uploads/2023/01/gufiko_maskottchen_akito-768x684.jpg 768w, https://westfach.de/wp-content/uploads/2023/01/gufiko_maskottchen_akito.jpg 1348w" sizes="auto, (max-width: 473px) 100vw, 473px" /></a></p>

<p>  GUFIKO ist für analoge Fotografie.</p>
