{"id":2243,"date":"2020-10-25T21:35:58","date_gmt":"2020-10-25T20:35:58","guid":{"rendered":"https:\/\/westfach.de\/?page_id=2243"},"modified":"2020-10-25T21:35:58","modified_gmt":"2020-10-25T20:35:58","slug":"mario-hartmann-raku-city","status":"publish","type":"page","link":"https:\/\/westfach.de\/en\/mario-hartmann-raku-city\/","title":{"rendered":"Mario Hartmann &#8211; &#8220;Raku-City&#8221;"},"content":{"rendered":"<p><a href=\"https:\/\/westfach.de\/wp-content\/uploads\/2020\/10\/20180916_215631.jpg\"><img loading=\"lazy\" decoding=\"async\" class=\"alignnone  wp-image-2244\" src=\"https:\/\/westfach.de\/wp-content\/uploads\/2020\/10\/20180916_215631-225x300.jpg\" alt=\"\" width=\"252\" height=\"336\" srcset=\"https:\/\/westfach.de\/wp-content\/uploads\/2020\/10\/20180916_215631-225x300.jpg 225w, https:\/\/westfach.de\/wp-content\/uploads\/2020\/10\/20180916_215631-768x1024.jpg 768w, https:\/\/westfach.de\/wp-content\/uploads\/2020\/10\/20180916_215631.jpg 900w\" sizes=\"auto, (max-width: 252px) 100vw, 252px\" \/><\/a><\/p>\n<div data-canvas-width=\"110.864\"><strong>Mario Hartmann<\/strong>: Jahrgang 1970, Leipziger und seit 30 Jahren Koch. &#8220;Zum Ausgleich arbeite ich in meiner Freizeit mit Ton oder fahre mit meiner Frau auf Handwerker-M\u00e4rkte. Vor einigen Jahren habe mir einen gasbetriebenen Raku-Ofen im Garten gebaut, da mich <strong><a href=\"https:\/\/de.wikipedia.org\/wiki\/Raku-Keramik\">Raku<\/a><\/strong> sehr fasziniert. Dort entstehen die RakuCity H\u00e4user.&#8221;<\/div>\n<div data-canvas-width=\"110.864\"><\/div>\n<p><!--more--><\/p>\n<div data-canvas-width=\"110.864\"><a href=\"https:\/\/westfach.de\/wp-content\/uploads\/2020\/10\/RAKU-HOUSE.jpg\"><img loading=\"lazy\" decoding=\"async\" class=\"alignnone  wp-image-2246\" src=\"https:\/\/westfach.de\/wp-content\/uploads\/2020\/10\/RAKU-HOUSE-277x300.jpg\" alt=\"\" width=\"292\" height=\"316\" srcset=\"https:\/\/westfach.de\/wp-content\/uploads\/2020\/10\/RAKU-HOUSE-277x300.jpg 277w, https:\/\/westfach.de\/wp-content\/uploads\/2020\/10\/RAKU-HOUSE.jpg 390w\" sizes=\"auto, (max-width: 292px) 100vw, 292px\" \/><\/a><\/div>\n<div data-canvas-width=\"110.864\"><\/div>\n<div data-canvas-width=\"110.864\">\n<div data-canvas-width=\"574.7519999999998\">&#8220;Warme Sommertage im S\u00fcden von Frankreich und Italien am Meer &#8211; daran sollen meine H\u00e4user erinnern. Im Sommer sind sie ein dekoratives St\u00fcck Urlaubsfeeling auf dem Fensterbrett, auf dem Regal, auf Balkon oder Terrasse.<\/div>\n<div data-canvas-width=\"541.92\">Im Winter kann man sie mit Kerzen oder Lichterketten beleuchten und W\u00e4rme und Gem\u00fctlichkeit nach Hause holen.&#8221;<\/div>\n<div data-canvas-width=\"541.92\"><\/div>\n<div data-canvas-width=\"541.92\"><a href=\"https:\/\/westfach.de\/wp-content\/uploads\/2020\/10\/DSF3507.jpg\"><img loading=\"lazy\" decoding=\"async\" class=\"alignnone  wp-image-2247\" src=\"https:\/\/westfach.de\/wp-content\/uploads\/2020\/10\/DSF3507-300x200.jpg\" alt=\"\" width=\"317\" height=\"211\" srcset=\"https:\/\/westfach.de\/wp-content\/uploads\/2020\/10\/DSF3507-300x200.jpg 300w, https:\/\/westfach.de\/wp-content\/uploads\/2020\/10\/DSF3507-1024x683.jpg 1024w, https:\/\/westfach.de\/wp-content\/uploads\/2020\/10\/DSF3507-768x512.jpg 768w, https:\/\/westfach.de\/wp-content\/uploads\/2020\/10\/DSF3507-1536x1024.jpg 1536w, https:\/\/westfach.de\/wp-content\/uploads\/2020\/10\/DSF3507.jpg 1600w\" sizes=\"auto, (max-width: 317px) 100vw, 317px\" \/><\/a><\/div>\n<div data-canvas-width=\"541.92\"><\/div>\n<\/div>\n<div data-canvas-width=\"155.32800000000003\"><strong>Herstellungsmethoden:<\/strong><\/div>\n<div data-canvas-width=\"418.24\"><\/div>\n<div data-canvas-width=\"418.24\">&#8220;Alle meine H\u00e4user werden von Hand individuell aus Ton geformt<\/div>\n<div data-canvas-width=\"411.27999999999986\">und bei 950\u00b0C gebrannt. Danach glasiere ich sie und sie werden<\/div>\n<div data-canvas-width=\"395.34399999999994\">erneut gebrannt. Durch den Raku-Brand erhalten sie ihr end-<\/div>\n<div data-canvas-width=\"395.1679999999999\">g\u00fcltiges Aussehen. Der Brennverlauf l\u00e4sst sich beim Raku nur<\/div>\n<div data-canvas-width=\"417.69599999999997\">bedingt steuern, sodass jedes St\u00fcck ein unnachahmliches Unikat<\/div>\n<div data-canvas-width=\"386.8639999999998\">ist. Jedes meiner H\u00e4user war mindestens dreimal im Feuer,<\/div>\n<div data-canvas-width=\"368.1919999999999\">manchmal auch noch \u00f6fter, bis es meinen Vorstellungen<\/div>\n<div data-canvas-width=\"70.096\">entspricht.&#8221;<\/div>\n<div data-canvas-width=\"70.096\"><\/div>\n<div data-canvas-width=\"70.096\"><a href=\"https:\/\/westfach.de\/wp-content\/uploads\/2020\/10\/20180918_190841.jpg\"><img loading=\"lazy\" decoding=\"async\" class=\"alignnone  wp-image-2245\" src=\"https:\/\/westfach.de\/wp-content\/uploads\/2020\/10\/20180918_190841-225x300.jpg\" alt=\"\" width=\"256\" height=\"341\" srcset=\"https:\/\/westfach.de\/wp-content\/uploads\/2020\/10\/20180918_190841-225x300.jpg 225w, https:\/\/westfach.de\/wp-content\/uploads\/2020\/10\/20180918_190841-767x1024.jpg 767w, https:\/\/westfach.de\/wp-content\/uploads\/2020\/10\/20180918_190841-768x1025.jpg 768w, https:\/\/westfach.de\/wp-content\/uploads\/2020\/10\/20180918_190841.jpg 899w\" sizes=\"auto, (max-width: 256px) 100vw, 256px\" \/><\/a><\/div>\n<div data-canvas-width=\"70.096\"><\/div>\n<div data-canvas-width=\"70.096\">\n<div data-canvas-width=\"242.83199999999994\"><strong>Informationen \u00fcber den Rakubrand: <\/strong><\/div>\n<div data-canvas-width=\"242.83199999999994\"><\/div>\n<div data-canvas-width=\"242.83199999999994\">\u697d ( raku , dt. \u201eFreude\u201c) Raku, eine alte japanische Brenn-Technik<\/div>\n<div data-canvas-width=\"271.75866666666656\">wurde w\u00e4hrend der Tensh\u014d-\u00c4ra (1573\u20131592) in Ky\u014dto entwickelt.<\/div>\n<div data-canvas-width=\"520.4959999999998\">Das Gef\u00e4\u00df wird wegen der starken Rauchentwicklung meist im Freien gebrannt.<\/div>\n<div data-canvas-width=\"585.5679999999999\">Bei diesem Niedrigbrand werden die rotgl\u00fchenden Gef\u00e4\u00dfe einzeln mit einer langen Zange bei Temperaturen um 1000 \u00b0C dem Ofen entnommen und in einem Beh\u00e4lter mit organischem Brennstoff (Laub, Holzsp\u00e4ne, Papier etc.) luftdicht eingebettet. Die Glasur erh\u00e4lt einen Temperaturschock und rei\u00dft oberfl\u00e4chlich ein. Der entstehende Rauch (Kohlenstoff), der Sauerstoffentzug sowie die im Brennmaterial enthaltenen Mineralien wirken stark auf den Tonscherben und die Glasurfarbe ein. Durch die stark reduzierende Atmosph\u00e4re wird der noch weichen Glasur Sauerstoff entzogen. Die chemische Zusammensetzung ver\u00e4ndert sich teilweise, Kohlenstoff (schwarz) dringt durch Haarrisse (Krack) und lagert sich im Tonscherben ein. Dieser Prozess wird durch Abk\u00fchlen mit Wasser<\/div>\n<div data-canvas-width=\"578.3679999999997\">gestoppt und das Haus gr\u00fcndlich gereinigt. Die nicht glasierten Teile und die Risse haben eine dauerhafte schwarze F\u00e4rbung angenommen.<\/div>\n<div data-canvas-width=\"580.6079999999998\">Mit einem &#8220;<strong>RakuCity-Haus<\/strong>&#8221; bekommst Du ein einmaliges Unikat. (Nur im Westfach und auf M\u00e4rkten erh\u00e4ltlich). Es ist ein ganz besonderes Geschenk f\u00fcr einen lieben Menschen oder vielleicht der Beginn einer eigenen Sammlung?<\/div>\n<div><\/div>\n<\/div>\n<div data-canvas-width=\"242.83199999999994\"><\/div>\n","protected":false},"excerpt":{"rendered":"<p>Mario Hartmann: Jahrgang 1970, Leipziger und seit 30 Jahren Koch. &#8220;Zum Ausgleich arbeite ich in meiner Freizeit mit Ton oder fahre mit meiner Frau auf Handwerker-M\u00e4rkte. Vor einigen Jahren habe mir einen gasbetriebenen Raku-Ofen im Garten gebaut, da mich Raku sehr fasziniert. Dort entstehen die RakuCity H\u00e4user.&#8221;<\/p>\n","protected":false},"author":2,"featured_media":0,"parent":0,"menu_order":0,"comment_status":"closed","ping_status":"closed","template":"","meta":{"_bbp_topic_count":0,"_bbp_reply_count":0,"_bbp_total_topic_count":0,"_bbp_total_reply_count":0,"_bbp_voice_count":0,"_bbp_anonymous_reply_count":0,"_bbp_topic_count_hidden":0,"_bbp_reply_count_hidden":0,"_bbp_forum_subforum_count":0,"_crdt_document":"","footnotes":""},"categories":[3],"tags":[177,169,175,172,98,170,171,173,176,174],"class_list":["post-2243","page","type-page","status-publish","hentry","category-kuenstlerinnen-und-herstellerinnen","tag-handwerk","tag-hartmann","tag-japan","tag-keramik","tag-leipzig","tag-mario","tag-raku","tag-raku_city","tag-unikat","tag-174"],"jetpack_sharing_enabled":true,"_links":{"self":[{"href":"https:\/\/westfach.de\/en\/wp-json\/wp\/v2\/pages\/2243","targetHints":{"allow":["GET"]}}],"collection":[{"href":"https:\/\/westfach.de\/en\/wp-json\/wp\/v2\/pages"}],"about":[{"href":"https:\/\/westfach.de\/en\/wp-json\/wp\/v2\/types\/page"}],"author":[{"embeddable":true,"href":"https:\/\/westfach.de\/en\/wp-json\/wp\/v2\/users\/2"}],"replies":[{"embeddable":true,"href":"https:\/\/westfach.de\/en\/wp-json\/wp\/v2\/comments?post=2243"}],"version-history":[{"count":1,"href":"https:\/\/westfach.de\/en\/wp-json\/wp\/v2\/pages\/2243\/revisions"}],"predecessor-version":[{"id":2248,"href":"https:\/\/westfach.de\/en\/wp-json\/wp\/v2\/pages\/2243\/revisions\/2248"}],"wp:attachment":[{"href":"https:\/\/westfach.de\/en\/wp-json\/wp\/v2\/media?parent=2243"}],"wp:term":[{"taxonomy":"category","embeddable":true,"href":"https:\/\/westfach.de\/en\/wp-json\/wp\/v2\/categories?post=2243"},{"taxonomy":"post_tag","embeddable":true,"href":"https:\/\/westfach.de\/en\/wp-json\/wp\/v2\/tags?post=2243"}],"curies":[{"name":"wp","href":"https:\/\/api.w.org\/{rel}","templated":true}]}}

<p><a href="https://westfach.de/wp-content/uploads/2020/10/20180916_215631.jpg"><img loading="lazy" decoding="async" class="alignnone  wp-image-2244" src="https://westfach.de/wp-content/uploads/2020/10/20180916_215631-225x300.jpg" alt="" width="252" height="336" srcset="https://westfach.de/wp-content/uploads/2020/10/20180916_215631-225x300.jpg 225w, https://westfach.de/wp-content/uploads/2020/10/20180916_215631-768x1024.jpg 768w, https://westfach.de/wp-content/uploads/2020/10/20180916_215631.jpg 900w" sizes="auto, (max-width: 252px) 100vw, 252px" /></a></p>
<div data-canvas-width="110.864"><strong>Mario Hartmann</strong>: Jahrgang 1970, Leipziger und seit 30 Jahren Koch. &#8220;Zum Ausgleich arbeite ich in meiner Freizeit mit Ton oder fahre mit meiner Frau auf Handwerker-Märkte. Vor einigen Jahren habe mir einen gasbetriebenen Raku-Ofen im Garten gebaut, da mich <strong><a href="https://de.wikipedia.org/wiki/Raku-Keramik">Raku</a></strong> sehr fasziniert. Dort entstehen die RakuCity Häuser.&#8221;</div>
<div data-canvas-width="110.864"></div>
<p><!--more--></p>
<div data-canvas-width="110.864"><a href="https://westfach.de/wp-content/uploads/2020/10/RAKU-HOUSE.jpg"><img loading="lazy" decoding="async" class="alignnone  wp-image-2246" src="https://westfach.de/wp-content/uploads/2020/10/RAKU-HOUSE-277x300.jpg" alt="" width="292" height="316" srcset="https://westfach.de/wp-content/uploads/2020/10/RAKU-HOUSE-277x300.jpg 277w, https://westfach.de/wp-content/uploads/2020/10/RAKU-HOUSE.jpg 390w" sizes="auto, (max-width: 292px) 100vw, 292px" /></a></div>
<div data-canvas-width="110.864"></div>
<div data-canvas-width="110.864">
<div data-canvas-width="574.7519999999998">&#8220;Warme Sommertage im Süden von Frankreich und Italien am Meer &#8211; daran sollen meine Häuser erinnern. Im Sommer sind sie ein dekoratives Stück Urlaubsfeeling auf dem Fensterbrett, auf dem Regal, auf Balkon oder Terrasse.</div>
<div data-canvas-width="541.92">Im Winter kann man sie mit Kerzen oder Lichterketten beleuchten und Wärme und Gemütlichkeit nach Hause holen.&#8221;</div>
<div data-canvas-width="541.92"></div>
<div data-canvas-width="541.92"><a href="https://westfach.de/wp-content/uploads/2020/10/DSF3507.jpg"><img loading="lazy" decoding="async" class="alignnone  wp-image-2247" src="https://westfach.de/wp-content/uploads/2020/10/DSF3507-300x200.jpg" alt="" width="317" height="211" srcset="https://westfach.de/wp-content/uploads/2020/10/DSF3507-300x200.jpg 300w, https://westfach.de/wp-content/uploads/2020/10/DSF3507-1024x683.jpg 1024w, https://westfach.de/wp-content/uploads/2020/10/DSF3507-768x512.jpg 768w, https://westfach.de/wp-content/uploads/2020/10/DSF3507-1536x1024.jpg 1536w, https://westfach.de/wp-content/uploads/2020/10/DSF3507.jpg 1600w" sizes="auto, (max-width: 317px) 100vw, 317px" /></a></div>
<div data-canvas-width="541.92"></div>
</div>
<div data-canvas-width="155.32800000000003"><strong>Herstellungsmethoden:</strong></div>
<div data-canvas-width="418.24"></div>
<div data-canvas-width="418.24">&#8220;Alle meine Häuser werden von Hand individuell aus Ton geformt</div>
<div data-canvas-width="411.27999999999986">und bei 950°C gebrannt. Danach glasiere ich sie und sie werden</div>
<div data-canvas-width="395.34399999999994">erneut gebrannt. Durch den Raku-Brand erhalten sie ihr end-</div>
<div data-canvas-width="395.1679999999999">gültiges Aussehen. Der Brennverlauf lässt sich beim Raku nur</div>
<div data-canvas-width="417.69599999999997">bedingt steuern, sodass jedes Stück ein unnachahmliches Unikat</div>
<div data-canvas-width="386.8639999999998">ist. Jedes meiner Häuser war mindestens dreimal im Feuer,</div>
<div data-canvas-width="368.1919999999999">manchmal auch noch öfter, bis es meinen Vorstellungen</div>
<div data-canvas-width="70.096">entspricht.&#8221;</div>
<div data-canvas-width="70.096"></div>
<div data-canvas-width="70.096"><a href="https://westfach.de/wp-content/uploads/2020/10/20180918_190841.jpg"><img loading="lazy" decoding="async" class="alignnone  wp-image-2245" src="https://westfach.de/wp-content/uploads/2020/10/20180918_190841-225x300.jpg" alt="" width="256" height="341" srcset="https://westfach.de/wp-content/uploads/2020/10/20180918_190841-225x300.jpg 225w, https://westfach.de/wp-content/uploads/2020/10/20180918_190841-767x1024.jpg 767w, https://westfach.de/wp-content/uploads/2020/10/20180918_190841-768x1025.jpg 768w, https://westfach.de/wp-content/uploads/2020/10/20180918_190841.jpg 899w" sizes="auto, (max-width: 256px) 100vw, 256px" /></a></div>
<div data-canvas-width="70.096"></div>
<div data-canvas-width="70.096">
<div data-canvas-width="242.83199999999994"><strong>Informationen über den Rakubrand: </strong></div>
<div data-canvas-width="242.83199999999994"></div>
<div data-canvas-width="242.83199999999994">楽 ( raku , dt. „Freude“) Raku, eine alte japanische Brenn-Technik</div>
<div data-canvas-width="271.75866666666656">wurde während der Tenshō-Ära (1573–1592) in Kyōto entwickelt.</div>
<div data-canvas-width="520.4959999999998">Das Gefäß wird wegen der starken Rauchentwicklung meist im Freien gebrannt.</div>
<div data-canvas-width="585.5679999999999">Bei diesem Niedrigbrand werden die rotglühenden Gefäße einzeln mit einer langen Zange bei Temperaturen um 1000 °C dem Ofen entnommen und in einem Behälter mit organischem Brennstoff (Laub, Holzspäne, Papier etc.) luftdicht eingebettet. Die Glasur erhält einen Temperaturschock und reißt oberflächlich ein. Der entstehende Rauch (Kohlenstoff), der Sauerstoffentzug sowie die im Brennmaterial enthaltenen Mineralien wirken stark auf den Tonscherben und die Glasurfarbe ein. Durch die stark reduzierende Atmosphäre wird der noch weichen Glasur Sauerstoff entzogen. Die chemische Zusammensetzung verändert sich teilweise, Kohlenstoff (schwarz) dringt durch Haarrisse (Krack) und lagert sich im Tonscherben ein. Dieser Prozess wird durch Abkühlen mit Wasser</div>
<div data-canvas-width="578.3679999999997">gestoppt und das Haus gründlich gereinigt. Die nicht glasierten Teile und die Risse haben eine dauerhafte schwarze Färbung angenommen.</div>
<div data-canvas-width="580.6079999999998">Mit einem &#8220;<strong>RakuCity-Haus</strong>&#8221; bekommst Du ein einmaliges Unikat. (Nur im Westfach und auf Märkten erhältlich). Es ist ein ganz besonderes Geschenk für einen lieben Menschen oder vielleicht der Beginn einer eigenen Sammlung?</div>
<div></div>
</div>
<div data-canvas-width="242.83199999999994"></div>

<p>Mario Hartmann: Jahrgang 1970, Leipziger und seit 30 Jahren Koch. &#8220;Zum Ausgleich arbeite ich in meiner Freizeit mit Ton oder fahre mit meiner Frau auf Handwerker-Märkte. Vor einigen Jahren habe mir einen gasbetriebenen Raku-Ofen im Garten gebaut, da mich Raku sehr fasziniert. Dort entstehen die RakuCity Häuser.&#8221;</p>
