{"id":2175,"date":"2020-10-21T23:23:58","date_gmt":"2020-10-21T21:23:58","guid":{"rendered":"https:\/\/westfach.de\/?page_id=2175"},"modified":"2020-10-21T23:23:58","modified_gmt":"2020-10-21T21:23:58","slug":"nikita-roytman","status":"publish","type":"page","link":"https:\/\/westfach.de\/en\/nikita-roytman\/","title":{"rendered":"Nikita Roytman"},"content":{"rendered":"<p><a href=\"https:\/\/westfach.de\/wp-content\/uploads\/2020\/10\/Portrait-Nikita-Roytman.jpg\"><img loading=\"lazy\" decoding=\"async\" class=\"alignnone  wp-image-2176\" src=\"https:\/\/westfach.de\/wp-content\/uploads\/2020\/10\/Portrait-Nikita-Roytman-300x300.jpg\" alt=\"\" width=\"322\" height=\"322\" srcset=\"https:\/\/westfach.de\/wp-content\/uploads\/2020\/10\/Portrait-Nikita-Roytman-300x300.jpg 300w, https:\/\/westfach.de\/wp-content\/uploads\/2020\/10\/Portrait-Nikita-Roytman-1024x1024.jpg 1024w, https:\/\/westfach.de\/wp-content\/uploads\/2020\/10\/Portrait-Nikita-Roytman-150x150.jpg 150w, https:\/\/westfach.de\/wp-content\/uploads\/2020\/10\/Portrait-Nikita-Roytman-768x768.jpg 768w, https:\/\/westfach.de\/wp-content\/uploads\/2020\/10\/Portrait-Nikita-Roytman.jpg 1080w\" sizes=\"auto, (max-width: 322px) 100vw, 322px\" \/><\/a><\/p>\n<p>&#8220;In meiner <strong>Fotografie<\/strong> versuche ich, die Sch\u00f6nheit des Weltraums in Wechselwirkung mit den nat\u00fcrlichen Sch\u00e4tzen unserer Erde zu zeigen und gemeinsam mit Euch die Gr\u00f6\u00dfe, aber auch die Gebrechlichkeit unserer Welt zu entdecken.<\/p>\n<p><!--more--><\/p>\n<figure id=\"attachment_2185\" style=\"width: 382px\"  class=\"wp-caption alignnone\"><a href=\"https:\/\/westfach.de\/wp-content\/uploads\/2020\/10\/The-Sign-Of-Jupiter.jpg\"><img loading=\"lazy\" decoding=\"async\" class=\" wp-image-2185\" src=\"https:\/\/westfach.de\/wp-content\/uploads\/2020\/10\/The-Sign-Of-Jupiter-300x226.jpg\" alt=\"\" width=\"382\" height=\"288\" srcset=\"https:\/\/westfach.de\/wp-content\/uploads\/2020\/10\/The-Sign-Of-Jupiter-300x226.jpg 300w, https:\/\/westfach.de\/wp-content\/uploads\/2020\/10\/The-Sign-Of-Jupiter-1024x770.jpg 1024w, https:\/\/westfach.de\/wp-content\/uploads\/2020\/10\/The-Sign-Of-Jupiter-768x577.jpg 768w, https:\/\/westfach.de\/wp-content\/uploads\/2020\/10\/The-Sign-Of-Jupiter.jpg 1080w\" sizes=\"auto, (max-width: 382px) 100vw, 382px\" \/><\/a><figcaption class=\"wp-caption-text\">starry sky with planet Jupiter rising over the rural landscape shortly after sunset<\/figcaption><\/figure>\n<p>&#8220;Das Nachtleuchten Der Zeit&#8221; einen achtsamen Blick auf ein viel gr\u00f6\u00dferes und langsameres Bild, als wir es in unserer modernen, rasanten Realit\u00e4t fl\u00fcchtiger Momente gewohnt sind. Es ist eine Erfahrung, die sowohl archaisch in ihrer Natur als auch universell im menschlichen Verst\u00e4ndnis ist.<\/p>\n<p><a href=\"https:\/\/westfach.de\/wp-content\/uploads\/2020\/10\/Passage-Of-Time-A5.jpg\"><img loading=\"lazy\" decoding=\"async\" class=\"alignnone  wp-image-2182\" src=\"https:\/\/westfach.de\/wp-content\/uploads\/2020\/10\/Passage-Of-Time-A5-300x300.jpg\" alt=\"\" width=\"384\" height=\"384\" srcset=\"https:\/\/westfach.de\/wp-content\/uploads\/2020\/10\/Passage-Of-Time-A5-300x300.jpg 300w, https:\/\/westfach.de\/wp-content\/uploads\/2020\/10\/Passage-Of-Time-A5-1024x1024.jpg 1024w, https:\/\/westfach.de\/wp-content\/uploads\/2020\/10\/Passage-Of-Time-A5-150x150.jpg 150w, https:\/\/westfach.de\/wp-content\/uploads\/2020\/10\/Passage-Of-Time-A5-768x768.jpg 768w, https:\/\/westfach.de\/wp-content\/uploads\/2020\/10\/Passage-Of-Time-A5.jpg 1080w\" sizes=\"auto, (max-width: 384px) 100vw, 384px\" \/><\/a><\/p>\n<p>Meine Kunst baut auf zwei Themen auf. Der Astronomie und der Fotografie, die mich beide seit meinen Kindertagen begleiten und immer wieder aufs neue faszinieren. Die daraus resultierenden n\u00e4chtlichen Bilder tauchen tief in die Vorstellungen von Raum und Zeit und nehmen Euch auf eine Reise der stellaren und der gedankenvollen Art.<\/p>\n<p><a href=\"https:\/\/westfach.de\/wp-content\/uploads\/2020\/10\/Circles-Of-Life-A4.jpg\"><img loading=\"lazy\" decoding=\"async\" class=\"alignnone  wp-image-2184\" src=\"https:\/\/westfach.de\/wp-content\/uploads\/2020\/10\/Circles-Of-Life-A4-300x300.jpg\" alt=\"\" width=\"362\" height=\"362\" srcset=\"https:\/\/westfach.de\/wp-content\/uploads\/2020\/10\/Circles-Of-Life-A4-300x300.jpg 300w, https:\/\/westfach.de\/wp-content\/uploads\/2020\/10\/Circles-Of-Life-A4-1024x1024.jpg 1024w, https:\/\/westfach.de\/wp-content\/uploads\/2020\/10\/Circles-Of-Life-A4-150x150.jpg 150w, https:\/\/westfach.de\/wp-content\/uploads\/2020\/10\/Circles-Of-Life-A4-768x768.jpg 768w, https:\/\/westfach.de\/wp-content\/uploads\/2020\/10\/Circles-Of-Life-A4.jpg 1080w\" sizes=\"auto, (max-width: 362px) 100vw, 362px\" \/><\/a><\/p>\n<p>Es ist mir daher eine Freude, durch meine fotografische Produkte Euch zu erm\u00f6glichen, ein kleines St\u00fcck dieses Wunder-vollen Universums mit nach Hause nehmen zu k\u00f6nnen.<\/p>\n<p>Carpe Noctem,<\/p>\n<p>Nikita Roytman<\/p>\n<p><a href=\"https:\/\/westfach.de\/wp-content\/uploads\/2020\/10\/Spirits-Of-The-Past-A4.jpg\"><img loading=\"lazy\" decoding=\"async\" class=\"alignnone  wp-image-2180\" src=\"https:\/\/westfach.de\/wp-content\/uploads\/2020\/10\/Spirits-Of-The-Past-A4-300x300.jpg\" alt=\"\" width=\"335\" height=\"335\" srcset=\"https:\/\/westfach.de\/wp-content\/uploads\/2020\/10\/Spirits-Of-The-Past-A4-300x300.jpg 300w, https:\/\/westfach.de\/wp-content\/uploads\/2020\/10\/Spirits-Of-The-Past-A4-1024x1024.jpg 1024w, https:\/\/westfach.de\/wp-content\/uploads\/2020\/10\/Spirits-Of-The-Past-A4-150x150.jpg 150w, https:\/\/westfach.de\/wp-content\/uploads\/2020\/10\/Spirits-Of-The-Past-A4-768x768.jpg 768w, https:\/\/westfach.de\/wp-content\/uploads\/2020\/10\/Spirits-Of-The-Past-A4.jpg 1080w\" sizes=\"auto, (max-width: 335px) 100vw, 335px\" \/><\/a><\/p>\n<div>Und hier sind die Links:<\/div>\n<div><\/div>\n<div><a href=\"http:\/\/nikitaroytman.etsy.com\">Shop<\/a><\/div>\n<div><a href=\"https:\/\/www.instagram.com\/nocturnalmoodoftime\/\">Instagram<\/a><\/div>\n<div><a href=\"https:\/\/www.facebook.com\/NikitaRoytmanTime\/\">Facebook<\/a><\/div>\n<p>&nbsp;<\/p>\n","protected":false},"excerpt":{"rendered":"<p>&#8220;In meiner Fotografie versuche ich, die Sch\u00f6nheit des Weltraums in Wechselwirkung mit den nat\u00fcrlichen Sch\u00e4tzen unserer Erde zu zeigen und gemeinsam mit Euch die Gr\u00f6\u00dfe, aber auch die Gebrechlichkeit unserer Welt zu entdecken.<\/p>\n","protected":false},"author":2,"featured_media":0,"parent":0,"menu_order":0,"comment_status":"closed","ping_status":"closed","template":"","meta":{"_bbp_topic_count":0,"_bbp_reply_count":0,"_bbp_total_topic_count":0,"_bbp_total_reply_count":0,"_bbp_voice_count":0,"_bbp_anonymous_reply_count":0,"_bbp_topic_count_hidden":0,"_bbp_reply_count_hidden":0,"_bbp_forum_subforum_count":0,"_crdt_document":"","footnotes":""},"categories":[3],"tags":[],"class_list":["post-2175","page","type-page","status-publish","hentry","category-kuenstlerinnen-und-herstellerinnen"],"jetpack_sharing_enabled":true,"_links":{"self":[{"href":"https:\/\/westfach.de\/en\/wp-json\/wp\/v2\/pages\/2175","targetHints":{"allow":["GET"]}}],"collection":[{"href":"https:\/\/westfach.de\/en\/wp-json\/wp\/v2\/pages"}],"about":[{"href":"https:\/\/westfach.de\/en\/wp-json\/wp\/v2\/types\/page"}],"author":[{"embeddable":true,"href":"https:\/\/westfach.de\/en\/wp-json\/wp\/v2\/users\/2"}],"replies":[{"embeddable":true,"href":"https:\/\/westfach.de\/en\/wp-json\/wp\/v2\/comments?post=2175"}],"version-history":[{"count":1,"href":"https:\/\/westfach.de\/en\/wp-json\/wp\/v2\/pages\/2175\/revisions"}],"predecessor-version":[{"id":2186,"href":"https:\/\/westfach.de\/en\/wp-json\/wp\/v2\/pages\/2175\/revisions\/2186"}],"wp:attachment":[{"href":"https:\/\/westfach.de\/en\/wp-json\/wp\/v2\/media?parent=2175"}],"wp:term":[{"taxonomy":"category","embeddable":true,"href":"https:\/\/westfach.de\/en\/wp-json\/wp\/v2\/categories?post=2175"},{"taxonomy":"post_tag","embeddable":true,"href":"https:\/\/westfach.de\/en\/wp-json\/wp\/v2\/tags?post=2175"}],"curies":[{"name":"wp","href":"https:\/\/api.w.org\/{rel}","templated":true}]}}

<p><a href="https://westfach.de/wp-content/uploads/2020/10/Portrait-Nikita-Roytman.jpg"><img loading="lazy" decoding="async" class="alignnone  wp-image-2176" src="https://westfach.de/wp-content/uploads/2020/10/Portrait-Nikita-Roytman-300x300.jpg" alt="" width="322" height="322" srcset="https://westfach.de/wp-content/uploads/2020/10/Portrait-Nikita-Roytman-300x300.jpg 300w, https://westfach.de/wp-content/uploads/2020/10/Portrait-Nikita-Roytman-1024x1024.jpg 1024w, https://westfach.de/wp-content/uploads/2020/10/Portrait-Nikita-Roytman-150x150.jpg 150w, https://westfach.de/wp-content/uploads/2020/10/Portrait-Nikita-Roytman-768x768.jpg 768w, https://westfach.de/wp-content/uploads/2020/10/Portrait-Nikita-Roytman.jpg 1080w" sizes="auto, (max-width: 322px) 100vw, 322px" /></a></p>
<p>&#8220;In meiner <strong>Fotografie</strong> versuche ich, die Schönheit des Weltraums in Wechselwirkung mit den natürlichen Schätzen unserer Erde zu zeigen und gemeinsam mit Euch die Größe, aber auch die Gebrechlichkeit unserer Welt zu entdecken.</p>
<p><!--more--></p>
<figure id="attachment_2185" style="width: 382px"  class="wp-caption alignnone"><a href="https://westfach.de/wp-content/uploads/2020/10/The-Sign-Of-Jupiter.jpg"><img loading="lazy" decoding="async" class=" wp-image-2185" src="https://westfach.de/wp-content/uploads/2020/10/The-Sign-Of-Jupiter-300x226.jpg" alt="" width="382" height="288" srcset="https://westfach.de/wp-content/uploads/2020/10/The-Sign-Of-Jupiter-300x226.jpg 300w, https://westfach.de/wp-content/uploads/2020/10/The-Sign-Of-Jupiter-1024x770.jpg 1024w, https://westfach.de/wp-content/uploads/2020/10/The-Sign-Of-Jupiter-768x577.jpg 768w, https://westfach.de/wp-content/uploads/2020/10/The-Sign-Of-Jupiter.jpg 1080w" sizes="auto, (max-width: 382px) 100vw, 382px" /></a><figcaption class="wp-caption-text">starry sky with planet Jupiter rising over the rural landscape shortly after sunset</figcaption></figure>
<p>&#8220;Das Nachtleuchten Der Zeit&#8221; einen achtsamen Blick auf ein viel größeres und langsameres Bild, als wir es in unserer modernen, rasanten Realität flüchtiger Momente gewohnt sind. Es ist eine Erfahrung, die sowohl archaisch in ihrer Natur als auch universell im menschlichen Verständnis ist.</p>
<p><a href="https://westfach.de/wp-content/uploads/2020/10/Passage-Of-Time-A5.jpg"><img loading="lazy" decoding="async" class="alignnone  wp-image-2182" src="https://westfach.de/wp-content/uploads/2020/10/Passage-Of-Time-A5-300x300.jpg" alt="" width="384" height="384" srcset="https://westfach.de/wp-content/uploads/2020/10/Passage-Of-Time-A5-300x300.jpg 300w, https://westfach.de/wp-content/uploads/2020/10/Passage-Of-Time-A5-1024x1024.jpg 1024w, https://westfach.de/wp-content/uploads/2020/10/Passage-Of-Time-A5-150x150.jpg 150w, https://westfach.de/wp-content/uploads/2020/10/Passage-Of-Time-A5-768x768.jpg 768w, https://westfach.de/wp-content/uploads/2020/10/Passage-Of-Time-A5.jpg 1080w" sizes="auto, (max-width: 384px) 100vw, 384px" /></a></p>
<p>Meine Kunst baut auf zwei Themen auf. Der Astronomie und der Fotografie, die mich beide seit meinen Kindertagen begleiten und immer wieder aufs neue faszinieren. Die daraus resultierenden nächtlichen Bilder tauchen tief in die Vorstellungen von Raum und Zeit und nehmen Euch auf eine Reise der stellaren und der gedankenvollen Art.</p>
<p><a href="https://westfach.de/wp-content/uploads/2020/10/Circles-Of-Life-A4.jpg"><img loading="lazy" decoding="async" class="alignnone  wp-image-2184" src="https://westfach.de/wp-content/uploads/2020/10/Circles-Of-Life-A4-300x300.jpg" alt="" width="362" height="362" srcset="https://westfach.de/wp-content/uploads/2020/10/Circles-Of-Life-A4-300x300.jpg 300w, https://westfach.de/wp-content/uploads/2020/10/Circles-Of-Life-A4-1024x1024.jpg 1024w, https://westfach.de/wp-content/uploads/2020/10/Circles-Of-Life-A4-150x150.jpg 150w, https://westfach.de/wp-content/uploads/2020/10/Circles-Of-Life-A4-768x768.jpg 768w, https://westfach.de/wp-content/uploads/2020/10/Circles-Of-Life-A4.jpg 1080w" sizes="auto, (max-width: 362px) 100vw, 362px" /></a></p>
<p>Es ist mir daher eine Freude, durch meine fotografische Produkte Euch zu ermöglichen, ein kleines Stück dieses Wunder-vollen Universums mit nach Hause nehmen zu können.</p>
<p>Carpe Noctem,</p>
<p>Nikita Roytman</p>
<p><a href="https://westfach.de/wp-content/uploads/2020/10/Spirits-Of-The-Past-A4.jpg"><img loading="lazy" decoding="async" class="alignnone  wp-image-2180" src="https://westfach.de/wp-content/uploads/2020/10/Spirits-Of-The-Past-A4-300x300.jpg" alt="" width="335" height="335" srcset="https://westfach.de/wp-content/uploads/2020/10/Spirits-Of-The-Past-A4-300x300.jpg 300w, https://westfach.de/wp-content/uploads/2020/10/Spirits-Of-The-Past-A4-1024x1024.jpg 1024w, https://westfach.de/wp-content/uploads/2020/10/Spirits-Of-The-Past-A4-150x150.jpg 150w, https://westfach.de/wp-content/uploads/2020/10/Spirits-Of-The-Past-A4-768x768.jpg 768w, https://westfach.de/wp-content/uploads/2020/10/Spirits-Of-The-Past-A4.jpg 1080w" sizes="auto, (max-width: 335px) 100vw, 335px" /></a></p>
<div>Und hier sind die Links:</div>
<div></div>
<div><a href="http://nikitaroytman.etsy.com">Shop</a></div>
<div><a href="https://www.instagram.com/nocturnalmoodoftime/">Instagram</a></div>
<div><a href="https://www.facebook.com/NikitaRoytmanTime/">Facebook</a></div>
<p>&nbsp;</p>

<p>&#8220;In meiner Fotografie versuche ich, die Schönheit des Weltraums in Wechselwirkung mit den natürlichen Schätzen unserer Erde zu zeigen und gemeinsam mit Euch die Größe, aber auch die Gebrechlichkeit unserer Welt zu entdecken.</p>
