{"id":1436,"date":"2016-11-14T22:01:07","date_gmt":"2016-11-14T21:01:07","guid":{"rendered":"https:\/\/westfach.de\/?page_id=1436"},"modified":"2020-10-13T18:27:10","modified_gmt":"2020-10-13T16:27:10","slug":"alexander-langberg","status":"publish","type":"page","link":"https:\/\/westfach.de\/en\/alexander-langberg\/","title":{"rendered":"Alexander Langberg"},"content":{"rendered":"<figure id=\"attachment_1968\" style=\"width: 302px\"  class=\"wp-caption alignnone\"><a href=\"https:\/\/westfach.de\/wp-content\/uploads\/2020\/10\/PA280095.jpg\"><img loading=\"lazy\" decoding=\"async\" class=\" wp-image-1968\" src=\"https:\/\/westfach.de\/wp-content\/uploads\/2020\/10\/PA280095-225x300.jpg\" alt=\"\" width=\"302\" height=\"403\" srcset=\"https:\/\/westfach.de\/wp-content\/uploads\/2020\/10\/PA280095-225x300.jpg 225w, https:\/\/westfach.de\/wp-content\/uploads\/2020\/10\/PA280095-768x1024.jpg 768w, https:\/\/westfach.de\/wp-content\/uploads\/2020\/10\/PA280095.jpg 900w\" sizes=\"auto, (max-width: 302px) 100vw, 302px\" \/><\/a><figcaption class=\"wp-caption-text\">OLYMPUS DIGITAL CAMERA<\/figcaption><\/figure>\n<p>&nbsp;<\/p>\n<p>Der Photograph, &#8220;<strong>Poet, Phantast und Filmemacher<\/strong>&#8221; Alexander Langberg lebt gegenw\u00e4rtig in Leipzig. Unweit, 1980 in Halle geboren, absolvierte A. Langberg 2003 ein Grafik Studium in Schwerin, bevor er mehrere Jahre in Rostock und Berlin verbrachte. Dann, 2008 siedelte er nach Leipzig, wo er an der HGB. Leipzig Medien Kunst und bildende Kunst studierte.<\/p>\n<p><!--more--><\/p>\n<p>&nbsp;<\/p>\n<p><a href=\"https:\/\/westfach.de\/wp-content\/uploads\/2020\/10\/IMG_7200.jpg\"><img loading=\"lazy\" decoding=\"async\" class=\"alignnone wp-image-1969\" src=\"https:\/\/westfach.de\/wp-content\/uploads\/2020\/10\/IMG_7200-300x200.jpg\" alt=\"\" width=\"446\" height=\"297\" srcset=\"https:\/\/westfach.de\/wp-content\/uploads\/2020\/10\/IMG_7200-300x200.jpg 300w, https:\/\/westfach.de\/wp-content\/uploads\/2020\/10\/IMG_7200.jpg 320w\" sizes=\"auto, (max-width: 446px) 100vw, 446px\" \/><\/a><\/p>\n<p>&nbsp;<\/p>\n<p><em>\u201eK\u00fcnstler sein bedeutet wahrnehmen. Ich begreife die Welt als Skizzenbuch. Die besten Arbeiten darin sind zu fl\u00fcchtig sie zu bannen. Stille Bilder, Bilder in Bewegung und deren Vertonung sind f\u00fcr mich die perfekte Verbindung. Das Ergebnis davon sind Werke die vor allem mein gegens\u00e4tzliches Wesen aufzeigen.\u201c<\/em><\/p>\n<p>&nbsp;<\/p>\n<p><a href=\"https:\/\/westfach.de\/wp-content\/uploads\/2020\/10\/IMG_0839.jpg\"><img loading=\"lazy\" decoding=\"async\" class=\"alignnone  wp-image-1974\" src=\"https:\/\/westfach.de\/wp-content\/uploads\/2020\/10\/IMG_0839-200x300.jpg\" alt=\"\" width=\"304\" height=\"456\" srcset=\"https:\/\/westfach.de\/wp-content\/uploads\/2020\/10\/IMG_0839-200x300.jpg 200w, https:\/\/westfach.de\/wp-content\/uploads\/2020\/10\/IMG_0839-684x1024.jpg 684w, https:\/\/westfach.de\/wp-content\/uploads\/2020\/10\/IMG_0839-768x1151.jpg 768w, https:\/\/westfach.de\/wp-content\/uploads\/2020\/10\/IMG_0839.jpg 801w\" sizes=\"auto, (max-width: 304px) 100vw, 304px\" \/><\/a><\/p>\n<p>&nbsp;<\/p>\n<p>An Ausstellungen beteiligt sich Alexander Langberg bereits seit 2001. Im Dom Cafe Schwerin und im Dom zu Schwerin mit Collagen, im &#8220;Komplex&#8221; &#8211; &#8220;<em><strong>Zur \u00c4sthetik des Verfalls.<\/strong><\/em>&#8221; Sp\u00e4ter in der Pauls Kirche (Collagen), dem Offspace Projekt &#8220;Konsoom&#8221; in Leipzig &#8211; &#8220;<em><strong>Der Winter meiner Unzufriedenheit.<\/strong><\/em>&#8221; Im &#8220;Bodenlos&#8221; und dem nicht mehr existierenden &#8220;Goldenen B\u00fcrgersteig&#8221;, sowie bei&#8221;<em><strong>Natur 3D<\/strong><\/em>&#8221; des MdbK. Leipzig.<\/p>\n<p>&nbsp;<\/p>\n<p><a href=\"https:\/\/westfach.de\/wp-content\/uploads\/2020\/10\/blackoak.jpg\"><img loading=\"lazy\" decoding=\"async\" class=\"alignnone  wp-image-1975\" src=\"https:\/\/westfach.de\/wp-content\/uploads\/2020\/10\/blackoak-300x146.jpg\" alt=\"\" width=\"436\" height=\"212\" srcset=\"https:\/\/westfach.de\/wp-content\/uploads\/2020\/10\/blackoak-300x146.jpg 300w, https:\/\/westfach.de\/wp-content\/uploads\/2020\/10\/blackoak-1024x497.jpg 1024w, https:\/\/westfach.de\/wp-content\/uploads\/2020\/10\/blackoak-768x372.jpg 768w, https:\/\/westfach.de\/wp-content\/uploads\/2020\/10\/blackoak-1536x745.jpg 1536w, https:\/\/westfach.de\/wp-content\/uploads\/2020\/10\/blackoak.jpg 1600w\" sizes=\"auto, (max-width: 436px) 100vw, 436px\" \/><\/a><\/p>\n<p>&nbsp;<\/p>\n<p>Austellungen:<em> K.u.B. Galerie Leipzig Screening<\/em>, HGB Galerie Leipzig<em>, Galerie Weekend Berlin, <\/em>Galerie Wiensowski &#038; Harbord<em>, The Ambient Room&#8221; (Sound Happening), <\/em>Noch Besser Leben<em>, GAB GAB, <\/em>Werk 2 (City Crash)<em>, CatchAsCatchcan Store, Westpol Interscreening II, <\/em>Lindenow und in der<em> Aktive Art Galerie.<\/em><\/p>\n<p>&nbsp;<\/p>\n<p>Musikalisch:<\/p>\n<p><iframe loading=\"lazy\" title=\"mela merle\" width=\"660\" height=\"450\" scrolling=\"no\" frameborder=\"no\" src=\"https:\/\/w.soundcloud.com\/player\/?visual=true&#038;url=https%3A%2F%2Fapi.soundcloud.com%2Fusers%2F9529160&#038;show_artwork=true&#038;maxheight=990&#038;maxwidth=660\"><\/iframe><\/p>\n<p>Filme:<\/p>\n<div class=\"jetpack-video-wrapper\"><iframe loading=\"lazy\" title=\"hood flowers nu zwoo\" width=\"660\" height=\"371\" src=\"https:\/\/www.youtube.com\/embed\/p-kjqZt-Fr4?feature=oembed\" frameborder=\"0\" allow=\"accelerometer; autoplay; clipboard-write; encrypted-media; gyroscope; picture-in-picture; web-share\" referrerpolicy=\"strict-origin-when-cross-origin\" allowfullscreen><\/iframe><\/div>\n<div class=\"jetpack-video-wrapper\"><iframe loading=\"lazy\" title=\"sta rse quen z\" width=\"660\" height=\"371\" src=\"https:\/\/www.youtube.com\/embed\/qIYmOGvzRDM?feature=oembed\" frameborder=\"0\" allow=\"accelerometer; autoplay; clipboard-write; encrypted-media; gyroscope; picture-in-picture; web-share\" referrerpolicy=\"strict-origin-when-cross-origin\" allowfullscreen><\/iframe><\/div>\n<p>Weitere <a href=\"http:\/\/www.youtube.com\/user\/urfirstkissfromaboy\">Videos<\/a><\/p>\n","protected":false},"excerpt":{"rendered":"<p>&nbsp; Der Photograph, &#8220;Poet, Phantast und Filmemacher&#8221; Alexander Langberg lebt gegenw\u00e4rtig in Leipzig. Unweit, 1980 in Halle geboren, absolvierte A. Langberg 2003 ein Grafik Studium in Schwerin, bevor er mehrere Jahre in Rostock und Berlin verbrachte. Dann, 2008 siedelte er nach Leipzig, wo er an der HGB. Leipzig Medien Kunst und bildende Kunst studierte.<\/p>\n","protected":false},"author":2,"featured_media":0,"parent":0,"menu_order":0,"comment_status":"closed","ping_status":"closed","template":"","meta":{"_bbp_topic_count":0,"_bbp_reply_count":0,"_bbp_total_topic_count":0,"_bbp_total_reply_count":0,"_bbp_voice_count":0,"_bbp_anonymous_reply_count":0,"_bbp_topic_count_hidden":0,"_bbp_reply_count_hidden":0,"_bbp_forum_subforum_count":0,"_crdt_document":"","footnotes":""},"categories":[3],"tags":[],"class_list":["post-1436","page","type-page","status-publish","hentry","category-kuenstlerinnen-und-herstellerinnen"],"jetpack_sharing_enabled":true,"_links":{"self":[{"href":"https:\/\/westfach.de\/en\/wp-json\/wp\/v2\/pages\/1436","targetHints":{"allow":["GET"]}}],"collection":[{"href":"https:\/\/westfach.de\/en\/wp-json\/wp\/v2\/pages"}],"about":[{"href":"https:\/\/westfach.de\/en\/wp-json\/wp\/v2\/types\/page"}],"author":[{"embeddable":true,"href":"https:\/\/westfach.de\/en\/wp-json\/wp\/v2\/users\/2"}],"replies":[{"embeddable":true,"href":"https:\/\/westfach.de\/en\/wp-json\/wp\/v2\/comments?post=1436"}],"version-history":[{"count":19,"href":"https:\/\/westfach.de\/en\/wp-json\/wp\/v2\/pages\/1436\/revisions"}],"predecessor-version":[{"id":1977,"href":"https:\/\/westfach.de\/en\/wp-json\/wp\/v2\/pages\/1436\/revisions\/1977"}],"wp:attachment":[{"href":"https:\/\/westfach.de\/en\/wp-json\/wp\/v2\/media?parent=1436"}],"wp:term":[{"taxonomy":"category","embeddable":true,"href":"https:\/\/westfach.de\/en\/wp-json\/wp\/v2\/categories?post=1436"},{"taxonomy":"post_tag","embeddable":true,"href":"https:\/\/westfach.de\/en\/wp-json\/wp\/v2\/tags?post=1436"}],"curies":[{"name":"wp","href":"https:\/\/api.w.org\/{rel}","templated":true}]}}

<figure id="attachment_1968" style="width: 302px"  class="wp-caption alignnone"><a href="https://westfach.de/wp-content/uploads/2020/10/PA280095.jpg"><img loading="lazy" decoding="async" class=" wp-image-1968" src="https://westfach.de/wp-content/uploads/2020/10/PA280095-225x300.jpg" alt="" width="302" height="403" srcset="https://westfach.de/wp-content/uploads/2020/10/PA280095-225x300.jpg 225w, https://westfach.de/wp-content/uploads/2020/10/PA280095-768x1024.jpg 768w, https://westfach.de/wp-content/uploads/2020/10/PA280095.jpg 900w" sizes="auto, (max-width: 302px) 100vw, 302px" /></a><figcaption class="wp-caption-text">OLYMPUS DIGITAL CAMERA</figcaption></figure>
<p>&nbsp;</p>
<p>Der Photograph, &#8220;<strong>Poet, Phantast und Filmemacher</strong>&#8221; Alexander Langberg lebt gegenwärtig in Leipzig. Unweit, 1980 in Halle geboren, absolvierte A. Langberg 2003 ein Grafik Studium in Schwerin, bevor er mehrere Jahre in Rostock und Berlin verbrachte. Dann, 2008 siedelte er nach Leipzig, wo er an der HGB. Leipzig Medien Kunst und bildende Kunst studierte.</p>
<p><!--more--></p>
<p>&nbsp;</p>
<p><a href="https://westfach.de/wp-content/uploads/2020/10/IMG_7200.jpg"><img loading="lazy" decoding="async" class="alignnone wp-image-1969" src="https://westfach.de/wp-content/uploads/2020/10/IMG_7200-300x200.jpg" alt="" width="446" height="297" srcset="https://westfach.de/wp-content/uploads/2020/10/IMG_7200-300x200.jpg 300w, https://westfach.de/wp-content/uploads/2020/10/IMG_7200.jpg 320w" sizes="auto, (max-width: 446px) 100vw, 446px" /></a></p>
<p>&nbsp;</p>
<p><em>„Künstler sein bedeutet wahrnehmen. Ich begreife die Welt als Skizzenbuch. Die besten Arbeiten darin sind zu flüchtig sie zu bannen. Stille Bilder, Bilder in Bewegung und deren Vertonung sind für mich die perfekte Verbindung. Das Ergebnis davon sind Werke die vor allem mein gegensätzliches Wesen aufzeigen.“</em></p>
<p>&nbsp;</p>
<p><a href="https://westfach.de/wp-content/uploads/2020/10/IMG_0839.jpg"><img loading="lazy" decoding="async" class="alignnone  wp-image-1974" src="https://westfach.de/wp-content/uploads/2020/10/IMG_0839-200x300.jpg" alt="" width="304" height="456" srcset="https://westfach.de/wp-content/uploads/2020/10/IMG_0839-200x300.jpg 200w, https://westfach.de/wp-content/uploads/2020/10/IMG_0839-684x1024.jpg 684w, https://westfach.de/wp-content/uploads/2020/10/IMG_0839-768x1151.jpg 768w, https://westfach.de/wp-content/uploads/2020/10/IMG_0839.jpg 801w" sizes="auto, (max-width: 304px) 100vw, 304px" /></a></p>
<p>&nbsp;</p>
<p>An Ausstellungen beteiligt sich Alexander Langberg bereits seit 2001. Im Dom Cafe Schwerin und im Dom zu Schwerin mit Collagen, im &#8220;Komplex&#8221; &#8211; &#8220;<em><strong>Zur Ästhetik des Verfalls.</strong></em>&#8221; Später in der Pauls Kirche (Collagen), dem Offspace Projekt &#8220;Konsoom&#8221; in Leipzig &#8211; &#8220;<em><strong>Der Winter meiner Unzufriedenheit.</strong></em>&#8221; Im &#8220;Bodenlos&#8221; und dem nicht mehr existierenden &#8220;Goldenen Bürgersteig&#8221;, sowie bei&#8221;<em><strong>Natur 3D</strong></em>&#8221; des MdbK. Leipzig.</p>
<p>&nbsp;</p>
<p><a href="https://westfach.de/wp-content/uploads/2020/10/blackoak.jpg"><img loading="lazy" decoding="async" class="alignnone  wp-image-1975" src="https://westfach.de/wp-content/uploads/2020/10/blackoak-300x146.jpg" alt="" width="436" height="212" srcset="https://westfach.de/wp-content/uploads/2020/10/blackoak-300x146.jpg 300w, https://westfach.de/wp-content/uploads/2020/10/blackoak-1024x497.jpg 1024w, https://westfach.de/wp-content/uploads/2020/10/blackoak-768x372.jpg 768w, https://westfach.de/wp-content/uploads/2020/10/blackoak-1536x745.jpg 1536w, https://westfach.de/wp-content/uploads/2020/10/blackoak.jpg 1600w" sizes="auto, (max-width: 436px) 100vw, 436px" /></a></p>
<p>&nbsp;</p>
<p>Austellungen:<em> K.u.B. Galerie Leipzig Screening</em>, HGB Galerie Leipzig<em>, Galerie Weekend Berlin, </em>Galerie Wiensowski &#038; Harbord<em>, The Ambient Room&#8221; (Sound Happening), </em>Noch Besser Leben<em>, GAB GAB, </em>Werk 2 (City Crash)<em>, CatchAsCatchcan Store, Westpol Interscreening II, </em>Lindenow und in der<em> Aktive Art Galerie.</em></p>
<p>&nbsp;</p>
<p>Musikalisch:</p>
<p><iframe loading="lazy" title="mela merle" width="660" height="450" scrolling="no" frameborder="no" src="https://w.soundcloud.com/player/?visual=true&#038;url=https%3A%2F%2Fapi.soundcloud.com%2Fusers%2F9529160&#038;show_artwork=true&#038;maxheight=990&#038;maxwidth=660"></iframe></p>
<p>Filme:</p>
<div class="jetpack-video-wrapper"><iframe loading="lazy" title="hood flowers nu zwoo" width="660" height="371" src="https://www.youtube.com/embed/p-kjqZt-Fr4?feature=oembed" frameborder="0" allow="accelerometer; autoplay; clipboard-write; encrypted-media; gyroscope; picture-in-picture; web-share" referrerpolicy="strict-origin-when-cross-origin" allowfullscreen></iframe></div>
<div class="jetpack-video-wrapper"><iframe loading="lazy" title="sta rse quen z" width="660" height="371" src="https://www.youtube.com/embed/qIYmOGvzRDM?feature=oembed" frameborder="0" allow="accelerometer; autoplay; clipboard-write; encrypted-media; gyroscope; picture-in-picture; web-share" referrerpolicy="strict-origin-when-cross-origin" allowfullscreen></iframe></div>
<p>Weitere <a href="http://www.youtube.com/user/urfirstkissfromaboy">Videos</a></p>

<p>&nbsp; Der Photograph, &#8220;Poet, Phantast und Filmemacher&#8221; Alexander Langberg lebt gegenwärtig in Leipzig. Unweit, 1980 in Halle geboren, absolvierte A. Langberg 2003 ein Grafik Studium in Schwerin, bevor er mehrere Jahre in Rostock und Berlin verbrachte. Dann, 2008 siedelte er nach Leipzig, wo er an der HGB. Leipzig Medien Kunst und bildende Kunst studierte.</p>
